000
CXUS54 KMOB 010629
CF6GZH
PRELIMINARY LOCAL CLIMATOLOGICAL DATA (WS FORM: F-6)
STATION: EVERGREEN_(ASOS)
MONTH: MAY
YEAR: 2023
LATITUDE: 31 25 N
LONGITUDE: 87 3 W
TEMPERATURE IN F: :PCPN: SNOW: WIND :SUNSHINE: SKY :PK WND
================================================================================
1 2 3 4 5 6A 6B 7 8 9 10 11 12 13 14 15 16 17 18
12Z AVG MX 2MIN
DY MAX MIN AVG DEP HDD CDD WTR SNW DPTH SPD SPD DIR MIN PSBL S-S WX SPD DR
================================================================================
1 77 49 63 -7 2 0 0.00 0.0 0 3.4 17 250 M M 1 32 270
2 80 44 62 -8 3 0 0.00 0.0 0 3.3 17 260 M M 0 27 260
3 80 44 62 -8 3 0 0.00 0.0 0 2.7 12 330 M M 0 19 350
4 83 45 64 -7 1 0 0.00 0.0 0 1.3 9 20 M M 0 1 13 30
5 76 56 66 -5 0 1 0.02 0.0 0 2.6 16 170 M M 8 12 22 170
6 84 63 74 3 0 9 0.00 0.0 0 2.7 10 250 M M 4 1 14 250
7 87 62 75 3 0 10 0.00 0.0 0 5.9 15 180 M M 3 12 22 200
8 82 67 75 3 0 10 0.14 0.0 0 2.6 14 170 M M 7 123 20 190
9 86 69 78 6 0 13 0.00 0.0 0 3.6 14 230 M M 6 1238 19 230
10 87 67 77 4 0 12 0.31 0.0 0 3.1 24 180 M M 1 13 34 200
11 86 66 76 3 0 11 0.17 0.0 0 5.5 15 160 M M 6 13 31 310
12 88 64 76 3 0 11 2.17 0.0 0 3.8 22 60 M M 5 13 32 330
13 88 65 77 3 0 12 0.02 0.0 0 2.0 13 180 M M 1 1 17 360
14 92 65 79 5 0 14 0.00 0.0 0 2.4 10 350 M M 1 1 15 20
15 94 66 80 6 0 15 T 0.0 0 4.2 14 130 M M 1 1 19 130
16 91 67 79 5 0 14 0.17 0.0 0 2.9 15 330 M M 2 13 26 320
17 87 65 76 1 0 11 0.72 0.0 0 1.3 15 280 M M 5 123 26 250
18 88 65 77 2 0 12 1.26 0.0 0 1.7 14 220 M M 6 123 22 240
19 86 68 77 2 0 12 0.00 0.0 0 4.6 10 180 M M 7 1 15 130
20 87 65 76 0 0 11 0.00 0.0 0 2.5 8 200 M M 3 1 11 170
21 83 69 76 0 0 11 0.00 0.0 0 4.4 10 360 M M 6 18 360
22 88 67 78 2 0 13 0.70 0.0 0 4.3 17 90 M M 5 13 27 80
23 80 65 73 -3 0 8 0.16 0.0 0 6.6 17 50 M M 10 1 23 50
24 79 63 71 -5 0 6 0.00 0.0 0 6.3 15 30 M M 7 1 22 60
25 82 58 70 -7 0 5 0.00 0.0 0 3.9 14 50 M M 0 1 23 20
26 83 55 69 -8 0 4 0.00 0.0 0 5.3 15 60 M M 2 1 23 50
27 82 57 70 -7 0 5 0.00 0.0 0 5.2 14 40 M M 1 1 19 50
28 84 52 68 -10 0 3 0.00 0.0 0 2.5 13 320 M M 1 1 19 330
29 84 61 73 -5 0 8 0.00 0.0 0 3.1 12 340 M M 1 1 17 340
30 84 57 71 -7 0 6 0.00 0.0 0 3.1 13 20 M M 1 1 20 360
31 89 59 74 -4 0 9 T 0.0 0 4.1 14 60 M M 3 13 18 70
================================================================================
SM 2627 1885 9 256 5.84 0.0 110.9 M 104
================================================================================
AV 84.7 60.8 3.6 FASTST M M 3 MAX(MPH)
MISC ----> 24 180 34 200
================================================================================
NOTES:
# LAST OF SEVERAL OCCURRENCES
COLUMN 17 PEAK WIND IN M.P.H.
PRELIMINARY LOCAL CLIMATOLOGICAL DATA (WS FORM: F-6) , PAGE 2
STATION: EVERGREEN_(ASOS)
MONTH: MAY
YEAR: 2023
LATITUDE: 31 25 N
LONGITUDE: 87 3 W
[TEMPERATURE DATA] [PRECIPITATION DATA] SYMBOLS USED IN COLUMN 16
AVERAGE MONTHLY: 72.8 TOTAL FOR MONTH: 5.84 1 = FOG OR MIST
DPTR FM NORMAL: -1.5 DPTR FM NORMAL: 2.09 2 = FOG REDUCING VISIBILITY
HIGHEST: 94 ON 15 GRTST 24HR 2.17 ON 12-12 TO 1/4 MILE OR LESS
LOWEST: 44 ON 3, 2 3 = THUNDER
SNOW, ICE PELLETS, HAIL 4 = ICE PELLETS
TOTAL MONTH: 0.0 INCH 5 = HAIL
GRTST 24HR 0.0 6 = FREEZING RAIN OR DRIZZLE
GRTST DEPTH: 0 7 = DUSTSTORM OR SANDSTORM:
VSBY 1/2 MILE OR LESS
8 = SMOKE OR HAZE
[NO. OF DAYS WITH] [WEATHER - DAYS WITH] 9 = BLOWING SNOW
X = TORNADO
MAX 32 OR BELOW: 0 0.01 INCH OR MORE: 11
MAX 90 OR ABOVE: 3 0.10 INCH OR MORE: 9
MIN 32 OR BELOW: 0 0.50 INCH OR MORE: 4
MIN 0 OR BELOW: 0 1.00 INCH OR MORE: 2
[HDD (BASE 65) ]
TOTAL THIS MO. 9 CLEAR (SCALE 0-3) 18
DPTR FM NORMAL 2 PTCLDY (SCALE 4-7) 12
TOTAL FM JUL 1 1415 CLOUDY (SCALE 8-10) 1
DPTR FM NORMAL -343
[CDD (BASE 65) ]
TOTAL THIS MO. 256
DPTR FM NORMAL -38 [PRESSURE DATA]
TOTAL FM JAN 1 528 HIGHEST SLP M ON M
DPTR FM NORMAL 57 LOWEST SLP 29.77 ON 1
[REMARKS]
#FINAL-05-23#