000
CXUS51 KILN 010850
CF6HAO
PRELIMINARY LOCAL CLIMATOLOGICAL DATA (WS FORM: F-6)
STATION: HAMILTON
MONTH: MARCH
YEAR: 2023
LATITUDE: 39 21 N
LONGITUDE: 84 31 W
TEMPERATURE IN F: :PCPN: SNOW: WIND :SUNSHINE: SKY :PK WND
================================================================================
1 2 3 4 5 6A 6B 7 8 9 10 11 12 13 14 15 16 17 18
12Z AVG MX 2MIN
DY MAX MIN AVG DEP HDD CDD WTR SNW DPTH SPD SPD DIR MIN PSBL S-S WX SPD DR
================================================================================
1 80 34 57 20 8 0 T M M 5.3 15 340 M M 1 3 26 220
2 57 36 47 9 18 0 0.00 M M 6.4 14 340 M M 0 18 340
3 56 38 47 9 18 0 2.96 M M 12.0 24 300 M M 8 13 41 220
4 57 34 46 8 19 0 T M M 6.1 21 300 M M 5 27 290
5 58 30 44 5 21 0 0.00 M M 2.5 8 100 M M 0 11 120
6 76 35 56 17 9 0 0.00 M M 5.0 20 350 M M 2 31 230
7 50 35 43 3 22 0 T M M 10.3 17 60 M M 5 23 10
8 51 28 40 0 25 0 0.00 M M 6.7 16 80 M M 0 25 50
9 54 27 41 1 24 0 0.14 M M 7.9 18 90 M M 3 1 22 90
10 44 37 41 1 24 0 0.02 M M 9.6 21 270 M M 10 1 32 270
11 45 34 40 -1 25 0 0.00 M M 6.9 15 80 M M 6 19 90
12 39 33 36 -5 29 0 0.03 M M 7.8 14 80 M M 10 1 18 50
13 40 30 35 -7 30 0 0.04 M M 9.3 21 300 M M 9 1 27 270
14 37 20 29 -13 36 0 0.01 M M 10.4 20 330 M M 8 26 320
15 51 17 34 -8 31 0 0.00 M M 1.6 9 250 M M 0 13 190
16 64 28 46 3 19 0 0.02 M M 5.1 18 220 M M 4 8 32 230
17 60 31 46 3 19 0 0.26 M M 10.2 23 300 M M 10 1 40 190
18 36 21 29 -15 36 0 T M M 11.1 25 300 M M 6 33 300
19 39 17 28 -16 37 0 T M M 5.5 15 290 M M 2 20 300
20 52 17 35 -9 30 0 0.00 M M 4.0 13 220 M M 0 20 210
21 61 22 42 -3 23 0 T M M 5.0 16 210 M M 3 26 220
22 54 44 49 4 16 0 0.04 M M 4.5 12 190 M M 10 1 20 200
23 73 49 61 15 4 0 0.80 M M 8.7 20 360 M M 9 13 31 210
24 49 42 46 0 19 0 2.06 M M 7.8 16 90 M M 10 13 22 20
25 62 34 48 2 17 0 1.08 M M 10.6 26 250 M M 6 13 51 250
26 66 29 48 1 17 0 0.00 M M 2.3 10 110 M M 0 1 14 120
27 56 39 48 1 17 0 0.17 M M 8.5 18 300 M M 8 1 23 290
28 52 32 42 -5 23 0 0.01 M M 3.0 16 310 M M 5 1 21 310
29 58 28 43 -5 22 0 0.00 M M 5.0 18 300 M M 4 12 25 290
30 62 28 45 -3 20 0 0.00 M M 4.3 9 160 M M 0 17 140
31 65 46 56 8 9 0 1.05 M M 5.4 21 250 M M 9 13 34 230
================================================================================
SM 1704 975 667 0 8.69 M 208.8 M 153
================================================================================
AV 55.0 31.5 6.7 FASTST M M 5 MAX(MPH)
MISC ----> 26 250 51 250
================================================================================
NOTES:
# LAST OF SEVERAL OCCURRENCES
COLUMN 17 PEAK WIND IN M.P.H.
PRELIMINARY LOCAL CLIMATOLOGICAL DATA (WS FORM: F-6) , PAGE 2
STATION: HAMILTON
MONTH: MARCH
YEAR: 2023
LATITUDE: 39 21 N
LONGITUDE: 84 31 W
[TEMPERATURE DATA] [PRECIPITATION DATA] SYMBOLS USED IN COLUMN 16
AVERAGE MONTHLY: 43.2 TOTAL FOR MONTH: 8.69 1 = FOG OR MIST
DPTR FM NORMAL: 0.4 DPTR FM NORMAL: 5.20 2 = FOG REDUCING VISIBILITY
HIGHEST: 80 ON 1 GRTST 24HR 2.96 ON 3- 3 TO 1/4 MILE OR LESS
LOWEST: 17 ON 20,19 3 = THUNDER
SNOW, ICE PELLETS, HAIL 4 = ICE PELLETS
TOTAL MONTH: M 5 = HAIL
GRTST 24HR M ON M 6 = FREEZING RAIN OR DRIZZLE
GRTST DEPTH: M ON M 7 = DUSTSTORM OR SANDSTORM:
VSBY 1/2 MILE OR LESS
8 = SMOKE OR HAZE
[NO. OF DAYS WITH] [WEATHER - DAYS WITH] 9 = BLOWING SNOW
X = TORNADO
MAX 32 OR BELOW: 0 0.01 INCH OR MORE: 15
MAX 90 OR ABOVE: 0 0.10 INCH OR MORE: 8
MIN 32 OR BELOW: 16 0.50 INCH OR MORE: 5
MIN 0 OR BELOW: 0 1.00 INCH OR MORE: 4
[HDD (BASE 65) ]
TOTAL THIS MO. 667 CLEAR (SCALE 0-3) 11
DPTR FM NORMAL -22 PTCLDY (SCALE 4-7) 11
TOTAL FM JUL 1 4147 CLOUDY (SCALE 8-10) 9
DPTR FM NORMAL -484
[CDD (BASE 65) ]
TOTAL THIS MO. 0
DPTR FM NORMAL -3 [PRESSURE DATA]
TOTAL FM JAN 1 0 HIGHEST SLP 30.55 ON 8
DPTR FM NORMAL -3 LOWEST SLP 28.87 ON 3
[REMARKS]
#FINAL-03-23#