000
CXUS54 KOUN 010810
CF6HBR
PRELIMINARY LOCAL CLIMATOLOGICAL DATA (WS FORM: F-6)
STATION: HOBART
MONTH: OCTOBER
YEAR: 2022
LATITUDE: 35 0 N
LONGITUDE: 99 3 W
TEMPERATURE IN F: :PCPN: SNOW: WIND :SUNSHINE: SKY :PK WND
================================================================================
1 2 3 4 5 6A 6B 7 8 9 10 11 12 13 14 15 16 17 18
12Z AVG MX 2MIN
DY MAX MIN AVG DEP HDD CDD WTR SNW DPTH SPD SPD DIR MIN PSBL S-S WX SPD DR
================================================================================
1 88 53 71 2 0 6 0.00 0.0 0 8.7 18 180 M M 0 20 170
2 86 49 68 -1 0 3 0.00 0.0 M 5.8 15 210 M M 0 8 24 210
3 85 49 67 -1 0 2 0.00 0.0 M 7.9 20 210 M M 0 26 210
4 86 53 70 2 0 5 0.00 0.0 M 9.4 23 210 M M 0 29 210
5 88 59 74 6 0 9 0.00 0.0 M 7.4 16 220 M M 0 21 220
6 85 66 76 9 0 11 T M M 6.5 13 40 M M 7 18 50
7 72 53 63 -4 2 0 0.08 M M 12.3 23 50 M M 9 1 27 50
8 55 46 51 -15 14 0 0.50 M M 7.3 21 50 M M 10 1 24 60
9 72 53 63 -3 2 0 0.08 M M 8.1 24 220 M M 6 1 28 210
10 72 57 65 -1 0 0 0.08 M M 8.2 24 220 M M 7 1 28 210
11 81 59 70 5 0 5 0.01 M M 16.4 28 210 M M 3 1 36 230
12 83 54 69 4 0 4 0.00 M M 12.7 28 20 M M 0 36 20
13 76 46 61 -3 4 0 0.00 M M 8.2 16 50 M M 0 20 340
14 86 46 66 2 0 1 0.00 M M 14.7 29 210 M M 0 38 250
15 92 55 74 11 0 9 0.72 M M 11.5 43 350 M M 1 138 52 350
16 66 55 61 -2 4 0 0.78 M M 11.5 33 350 M M 9 13 42 350
17 64 46 55 -7 10 0 0.00 M M 11.4 22 40 M M 3 27 40
18 57 39 48 -14 17 0 0.00 M M 6.6 15 70 M M 1 18 60
19 70 37 54 -8 11 0 0.00 M M 9.8 23 220 M M 0 28 220
20 82 41 62 1 3 0 0.00 M M 8.5 15 190 M M 0 17 350
21 90 51 71 10 0 6 0.00 M M 17.4 33 210 M M 0 44 210
22 93 60 77 17 0 12 0.00 M M 20.9 39 240 M M 0 50 230
23 84 64 74 14 0 9 0.00 M M 22.3 33 190 M M 0 41 180
24 73 47 60 0 5 0 1.73 M M 17.9 33 50 M M 7 13 44 60
25 70 44 57 -2 8 0 0.10 M M 10.0 31 10 M M 2 1 39 350
26 68 43 56 -3 9 0 0.00 M M 11.1 22 160 M M 0 25 160
27 71 50 61 3 4 0 0.33 M M 19.1 28 180 M M 3 13 35 180
28 55 51 53 -5 12 0 0.18 M M 12.2 33 120 M M 9 13 41 120
29 65 51 58 1 7 0 0.02 M M 7.3 17 40 M M 8 18 19 50
30 72 45 59 2 6 0 0.00 M M 5.8 14 210 M M 0 15 340
31 74 43 59 3 6 0 0.00 M M 8.1 20 230 M M 0 8 26 210
================================================================================
SM 2361 1565 124 82 4.61 0.0 345.0 M 85
================================================================================
AV 76.2 50.5 11.1 FASTST M M 3 MAX(MPH)
MISC ----> 43 350 52 350
================================================================================
NOTES:
# LAST OF SEVERAL OCCURRENCES
COLUMN 17 PEAK WIND IN M.P.H.
PRELIMINARY LOCAL CLIMATOLOGICAL DATA (WS FORM: F-6) , PAGE 2
STATION: HOBART
MONTH: OCTOBER
YEAR: 2022
LATITUDE: 35 0 N
LONGITUDE: 99 3 W
[TEMPERATURE DATA] [PRECIPITATION DATA] SYMBOLS USED IN COLUMN 16
AVERAGE MONTHLY: 63.3 TOTAL FOR MONTH: 4.61 1 = FOG OR MIST
DPTR FM NORMAL: 0.4 DPTR FM NORMAL: 1.76 2 = FOG REDUCING VISIBILITY
HIGHEST: 93 ON 22 GRTST 24HR 1.83 ON 24-25 TO 1/4 MILE OR LESS
LOWEST: 37 ON 19 3 = THUNDER
SNOW, ICE PELLETS, HAIL 4 = ICE PELLETS
TOTAL MONTH: 0.0 INCH 5 = HAIL
GRTST 24HR 0.0 6 = FREEZING RAIN OR DRIZZLE
GRTST DEPTH: 0 7 = DUSTSTORM OR SANDSTORM:
VSBY 1/2 MILE OR LESS
8 = SMOKE OR HAZE
[NO. OF DAYS WITH] [WEATHER - DAYS WITH] 9 = BLOWING SNOW
X = TORNADO
MAX 32 OR BELOW: 0 0.01 INCH OR MORE: 12
MAX 90 OR ABOVE: 3 0.10 INCH OR MORE: 7
MIN 32 OR BELOW: 0 0.50 INCH OR MORE: 4
MIN 0 OR BELOW: 0 1.00 INCH OR MORE: 1
[HDD (BASE 65) ]
TOTAL THIS MO. 124 CLEAR (SCALE 0-3) 22
DPTR FM NORMAL -24 PTCLDY (SCALE 4-7) 5
TOTAL FM JUL 1 124 CLOUDY (SCALE 8-10) 4
DPTR FM NORMAL -39
[CDD (BASE 65) ]
TOTAL THIS MO. 82
DPTR FM NORMAL -1 [PRESSURE DATA]
TOTAL FM JAN 1 2777 HIGHEST SLP M ON M
DPTR FM NORMAL 477 LOWEST SLP 29.48 ON 22
[REMARKS]
#FINAL-10-22#