000
CXUS54 KEWX 011010
CF6HDO
PRELIMINARY LOCAL CLIMATOLOGICAL DATA (WS FORM: F-6)
STATION: HONDO
MONTH: SEPTEMBER
YEAR: 2020
LATITUDE: 29 21 N
LONGITUDE: 99 10 W
TEMPERATURE IN F: :PCPN: SNOW: WIND :SUNSHINE: SKY :PK WND
================================================================================
1 2 3 4 5 6A 6B 7 8 9 10 11 12 13 14 15 16 17 18
12Z AVG MX 2MIN
DY MAX MIN AVG DEP HDD CDD WTR SNW DPTH SPD SPD DIR MIN PSBL S-S WX SPD DR
================================================================================
1 97 82 90 8 0 25 0.00 M M 10.4 22 150 M M 6 30 130
2 96 76 86 4 0 21 T M M 10.0 23 200 M M 2 30 220
3 100 72 86 4 0 21 0.09 M M 10.4 32 20 M M 3 3 44 20
4 92 73 83 1 0 18 0.18 M M 8.3 31 80 M M 4 13 39 80
5 94 71 83 2 0 18 0.24 M M 8.4 18 200 M M 5 13 23 190
6 92 71 82 1 0 17 0.00 M M 5.5 22 180 M M 2 29 180
7 91 68 80 -1 0 15 0.00 M M 5.9 14 190 M M 0 24 180
8 94 75 85 4 0 20 0.06 M M 12.6 22 120 M M 5 1 30 120
9 85 58 72 -8 0 7 0.98 M M 14.0 23 260 M M 7 18 30 260
10 69 58 64 -16 1 0 0.01 M M 9.9 17 20 M M 10 23 30
11 88 63 76 -4 0 11 0.00 M M 5.5 12 340 M M 9 14 30
12 94 67 81 1 0 16 0.00 M M 3.1 17 60 M M 3 22 60
13 96 71 84 5 0 19 0.00 M M 7.8 17 70 M M 3 25 40
14 94 72 83 4 0 18 0.00 M M 11.2 21 40 M M 1 29 30
15 93 69 81 2 0 16 0.00 M M 7.9 15 80 M M 3 24 50
16 91 69 80 1 0 15 T M M 5.7 23 360 M M 3 29 10
17 91 68 80 2 0 15 0.00 M M 7.6 21 40 M M 2 27 70
18 92 66 79 1 0 14 0.00 M M 10.0 21 30 M M 1 29 20
19 88 63 76 -2 0 11 0.00 M M 9.6 18 30 M M 1 26 50
20 91 57 74 -4 0 9 0.00 M M 9.7 20 360 M M 1 28 360
21 84 70 77 0 0 12 T M M 14.0 22 40 M M 10 29 50
22 88 69 79 2 0 14 0.00 M M 13.1 21 350 M M 6 27 10
23 90 63 77 0 0 12 0.00 M M 6.4 16 50 M M 3 21 20
24 93 58 76 0 0 11 0.00 M M 4.2 12 110 M M 0 16 340
25 90 59 75 -1 0 10 0.00 M M 5.5 13 150 M M 4 19 150
26 95 72 84 8 0 19 0.00 M M 10.2 20 170 M M 6 29 160
27 98 75 87 11 0 22 0.00 M M 10.6 15 210 M M 4 31 230
28 81 59 70 -6 0 5 0.00 M M 16.3 33 30 M M 9 43 20
29 86 44 65 -10 0 0 0.00 M M 5.5 16 30 M M 0 23 40
30 89 43 66 -9 0 1 0.00 M M 6.0 15 210 M M 0 21 210
================================================================================
SM 2722 1981 1 412 1.56 M 265.3 M 113
================================================================================
AV 90.7 66.0 8.8 FASTST M M 4 MAX(MPH)
MISC ----> # 33 30 # 44 20
================================================================================
NOTES:
# LAST OF SEVERAL OCCURRENCES
COLUMN 17 PEAK WIND IN M.P.H.
PRELIMINARY LOCAL CLIMATOLOGICAL DATA (WS FORM: F-6) , PAGE 2
STATION: HONDO
MONTH: SEPTEMBER
YEAR: 2020
LATITUDE: 29 21 N
LONGITUDE: 99 10 W
[TEMPERATURE DATA] [PRECIPITATION DATA] SYMBOLS USED IN COLUMN 16
AVERAGE MONTHLY: 78.4 TOTAL FOR MONTH: 1.56 1 = FOG OR MIST
DPTR FM NORMAL: -0.3 DPTR FM NORMAL: -1.04 2 = FOG REDUCING VISIBILITY
HIGHEST: 100 ON 3 GRTST 24HR 0.98 ON 9- 9 TO 1/4 MILE OR LESS
LOWEST: 43 ON 30 3 = THUNDER
SNOW, ICE PELLETS, HAIL 4 = ICE PELLETS
TOTAL MONTH: M 5 = HAIL
GRTST 24HR M ON M 6 = FREEZING RAIN OR DRIZZLE
GRTST DEPTH: M ON M 7 = DUSTSTORM OR SANDSTORM:
VSBY 1/2 MILE OR LESS
8 = SMOKE OR HAZE
[NO. OF DAYS WITH] [WEATHER - DAYS WITH] 9 = BLOWING SNOW
X = TORNADO
MAX 32 OR BELOW: 0 0.01 INCH OR MORE: 6
MAX 90 OR ABOVE: 21 0.10 INCH OR MORE: 3
MIN 32 OR BELOW: 0 0.50 INCH OR MORE: 1
MIN 0 OR BELOW: 0 1.00 INCH OR MORE: 0
[HDD (BASE 65) ]
TOTAL THIS MO. 1 CLEAR (SCALE 0-3) 14
DPTR FM NORMAL -1 PTCLDY (SCALE 4-7) 12
TOTAL FM JUL 1 1 CLOUDY (SCALE 8-10) 4
DPTR FM NORMAL -1
[CDD (BASE 65) ]
TOTAL THIS MO. 412
DPTR FM NORMAL -1 [PRESSURE DATA]
TOTAL FM JAN 1 3026 HIGHEST SLP 30.25 ON 29
DPTR FM NORMAL 369 LOWEST SLP 29.63 ON 27
[REMARKS]
#FINAL-09-20#