000
CXUS53 KBIS 010830
CF6HEI
PRELIMINARY LOCAL CLIMATOLOGICAL DATA (WS FORM: F-6)
STATION: HETTINGER ND
MONTH: MAY
YEAR: 2023
LATITUDE: 46 0 N
LONGITUDE: 102 39 W
TEMPERATURE IN F: :PCPN: SNOW: WIND :SUNSHINE: SKY :PK WND
================================================================================
1 2 3 4 5 6A 6B 7 8 9 10 11 12 13 14 15 16 17 18
12Z AVG MX 2MIN
DY MAX MIN AVG DEP HDD CDD WTR SNW DPTH SPD SPD DIR MIN PSBL S-S WX SPD DR
================================================================================
1 64 19 42 -4 23 0 0.00 M M 5.3 15 50 M M 0 21 70
2 69 20 45 -2 20 0 0.00 M M 8.2 15 130 M M 0 23 130
3 82 40 61 14 4 0 0.00 M M 5.7 12 50 M M 0 15 160
4 80 34 57 9 8 0 0.00 M M 9.1 17 70 M M 0 24 50
5 72 33 53 5 12 0 T M M 10.9 20 70 M M 2 25 80
6 58 46 52 4 13 0 0.46 M M 11.4 21 90 M M 8 1 28 100
7 68 46 57 8 8 0 0.11 M M 6.5 18 70 M M 8 1 24 230
8 68 47 58 9 7 0 0.12 M M 5.4 14 330 M M 8 13 20 260
9 77 48 63 13 2 0 0.00 M M 7.0 17 190 M M 2 22 190
10 79 43 61 11 4 0 0.00 M M 6.9 18 50 M M 2 12 27 360
11 66 51 59 9 6 0 3.07 M M 9.2 21 330 M M 7 138 31 330
12 62 55 59 8 6 0 0.36 M M 11.3 23 360 M M 9 1 30 10
13 55 53 54 3 11 0 0.40 M M 16.2 23 30 M M 10 1 31 70
14 71 45 58 7 7 0 0.00 M M 8.5 18 60 M M 4 34 70
15 73 39 56 4 9 0 0.00 M M 5.0 13 170 M M 0 1 18 150
16 77 39 58 6 7 0 0.00 M M 3.9 9 160 M M 0 15 170
17 70 42 56 3 9 0 0.01 M M 12.2 30 290 M M 6 18 40 290
18 59 35 47 -6 18 0 0.00 M M 11.8 25 330 M M 9 18 35 340
19 66 34 50 -3 15 0 0.00 M M 5.7 13 120 M M 0 16 140
20 81 43 62 8 3 0 0.00 M M 7.7 18 210 M M 0 26 210
21 80 47 64 10 1 0 0.00 M M 5.2 12 130 M M 1 18 15 160
22 81 45 63 9 2 0 0.00 M M 7.5 17 140 M M 0 24 140
23 86 53 70 15 0 5 0.02 M M 9.2 24 90 M M 1 138 32 80
24 82 58 70 15 0 5 0.00 M M 14.6 24 150 M M 1 1 35 160
25 83 62 73 17 0 8 0.00 M M 14.9 25 150 M M 1 36 150
26 80 59 70 14 0 5 0.00 M M 13.4 23 140 M M 3 34 160
27 84 51 68 12 0 3 T M M 9.9 32 250 M M 2 43 250
28 67 50 59 3 6 0 0.07 M M 4.3 15 120 M M 7 1 19 120
29 81 47 64 7 1 0 0.02 M M 5.2 21 260 M M 2 123 27 270
30 86 47 67 10 0 2 0.00 M M 5.1 14 230 M M 1 1 19 260
31 82 53 68 10 0 3 0.00 M M 9.4 20 110 M M 1 27 120
================================================================================
SM 2289 1384 202 31 4.64 M 266.6 M 95
================================================================================
AV 73.8 44.6 8.6 FASTST M M 3 MAX(MPH)
MISC ----> 32 250 43 250
================================================================================
NOTES:
# LAST OF SEVERAL OCCURRENCES
COLUMN 17 PEAK WIND IN M.P.H.
PRELIMINARY LOCAL CLIMATOLOGICAL DATA (WS FORM: F-6) , PAGE 2
STATION: HETTINGER ND
MONTH: MAY
YEAR: 2023
LATITUDE: 46 0 N
LONGITUDE: 102 39 W
[TEMPERATURE DATA] [PRECIPITATION DATA] SYMBOLS USED IN COLUMN 16
AVERAGE MONTHLY: 59.2 TOTAL FOR MONTH: 4.64 1 = FOG OR MIST
DPTR FM NORMAL: 7.1 DPTR FM NORMAL: 2.32 2 = FOG REDUCING VISIBILITY
HIGHEST: 86 ON 30,23 GRTST 24HR 3.25 ON 11-12 TO 1/4 MILE OR LESS
LOWEST: 19 ON 1 3 = THUNDER
SNOW, ICE PELLETS, HAIL 4 = ICE PELLETS
TOTAL MONTH: M 5 = HAIL
GRTST 24HR M ON M 6 = FREEZING RAIN OR DRIZZLE
GRTST DEPTH: M ON M 7 = DUSTSTORM OR SANDSTORM:
VSBY 1/2 MILE OR LESS
8 = SMOKE OR HAZE
[NO. OF DAYS WITH] [WEATHER - DAYS WITH] 9 = BLOWING SNOW
X = TORNADO
MAX 32 OR BELOW: 0 0.01 INCH OR MORE: 10
MAX 90 OR ABOVE: 0 0.10 INCH OR MORE: 6
MIN 32 OR BELOW: 2 0.50 INCH OR MORE: 1
MIN 0 OR BELOW: 0 1.00 INCH OR MORE: 1
[HDD (BASE 65) ]
TOTAL THIS MO. 202 CLEAR (SCALE 0-3) 21
DPTR FM NORMAL -204 PTCLDY (SCALE 4-7) 6
TOTAL FM JUL 1 8528 CLOUDY (SCALE 8-10) 4
DPTR FM NORMAL 60
[CDD (BASE 65) ]
TOTAL THIS MO. 31
DPTR FM NORMAL 25 [PRESSURE DATA]
TOTAL FM JAN 1 33 HIGHEST SLP M ON M
DPTR FM NORMAL 27 LOWEST SLP 29.72 ON 29
[REMARKS]
#FINAL-05-23#