000
CXUS54 KJAN 011414
CF6HEZ
PRELIMINARY LOCAL CLIMATOLOGICAL DATA (WS FORM: F-6)
STATION: NATCHEZ
MONTH: JULY
YEAR: 2020
LATITUDE: 31 37 N
LONGITUDE: 91 15 W
TEMPERATURE IN F: :PCPN: SNOW: WIND :SUNSHINE: SKY :PK WND
================================================================================
1 2 3 4 5 6A 6B 7 8 9 10 11 12 13 14 15 16 17 18
12Z AVG MX 2MIN
DY MAX MIN AVG DEP HDD CDD WTR SNW DPTH SPD SPD DIR MIN PSBL S-S WX SPD DR
================================================================================
1 92 77 85 M 0 20 0.00 0.0 0 5.9 12 220 M M 4 16 220
2 92 74 83 M 0 18 0.06 0.0 0 5.8 12 120 M M 6 13 M M
3 81 72 77 M 0 12 0.45 0.0 0 2.8 7 260 M M 5 13 30 350
4 M M M M M M T M 0 3.2 8 270 M M 6 1238 M M
5 M M M M M M 0.00 0.0 0 2.4 7 100 M M 2 M M
6 M M M M M M 0.00 0.0 0 2.6 7 260 M M 5 123 M M
7 M M M M M M T M 0 3.8 9 220 M M 3 M M
8 M M M M M M 0.14 0.0 0 4.4 8 200 M M 4 38 M M
9 92 76 84 M 0 19 0.00 0.0 0 5.6 10 240 M M 4 18 M M
10 93 77 85 M 0 20 0.00 0.0 0 4.7 9 250 M M 2 M M
11 93 77 85 M 0 20 T 0.0 0 3.2 9 280 M M 2 138 M M
12 95 77 86 M 0 21 0.01 0.0 0 5.9 13 240 M M 2 38 16 240
13 94 74 84 M 0 19 0.00 0.0 0 1.4 7 10 M M 1 1 M M
14 94 75 85 M 0 20 0.00 0.0 0 3.8 8 190 M M 1 M M
15 91 78 85 M 0 20 0.00 0.0 M 5.0 9 240 M M 2 8 M M
16 93 73 83 M 0 18 0.31 0.0 0 5.0 18 170 M M 2 138 25 170
17 92 72 82 M 0 17 0.00 0.0 0 4.4 8 160 M M 5 18 M M
18 94 71 83 M 0 18 0.00 0.0 0 2.4 8 100 M M 0 M M
19 94 73 84 M 0 19 T 0.0 0 2.5 8 80 M M 1 3 M M
20 92 74 83 M 0 18 1.09 0.0 0 4.1 10 150 M M 1 13 M M
21 91 73 82 M 0 17 0.00 0.0 0 3.7 8 140 M M 2 3 M M
22 93 75 84 M 0 19 0.00 0.0 0 4.1 8 170 M M 2 38 M M
23 92 73 83 M 0 18 0.01 0.0 0 6.1 13 100 M M 3 16 80
24 88 75 82 M 0 17 0.13 0.0 0 7.4 13 140 M M 4 13 M M
25 89 74 82 M 0 17 0.00 0.0 0 7.8 13 140 M M 6 21 120
26 84 72 78 M 0 13 0.79 0.0 0 4.8 9 140 M M 3 13 M M
27 85 73 79 M 0 14 0.11 0.0 0 4.7 12 150 M M 6 1 M M
28 88 72 80 M 0 15 T 0.0 0 3.8 9 240 M M 6 M M
29 90 74 82 M 0 17 0.00 0.0 0 6.7 12 200 M M 4 M M
30 93 74 84 M 0 19 0.47 0.0 0 6.7 12 190 M M 5 13 17 180
31 91 72 82 M 0 17 0.09 0.0 0 7.6 12 180 M M 5 21 260
================================================================================
SM 2366 1927 0 462 3.66 0.0 142.3 M 104
================================================================================
AV 91.0 74.1 4.6 FASTST M M 3 MAX(MPH)
MISC ----> # 18 170 # 30 350
================================================================================
NOTES:
# LAST OF SEVERAL OCCURRENCES
COLUMN 17 PEAK WIND IN M.P.H.
PRELIMINARY LOCAL CLIMATOLOGICAL DATA (WS FORM: F-6) , PAGE 2
STATION: NATCHEZ
MONTH: JULY
YEAR: 2020
LATITUDE: 31 37 N
LONGITUDE: 91 15 W
[TEMPERATURE DATA] [PRECIPITATION DATA] SYMBOLS USED IN COLUMN 16
AVERAGE MONTHLY: 82.6 TOTAL FOR MONTH: 3.66 1 = FOG OR MIST
DPTR FM NORMAL: M DPTR FM NORMAL: M 2 = FOG REDUCING VISIBILITY
HIGHEST: 95 ON 12 GRTST 24HR 1.09 ON 20-20 TO 1/4 MILE OR LESS
LOWEST: 71 ON 18 3 = THUNDER
SNOW, ICE PELLETS, HAIL 4 = ICE PELLETS
TOTAL MONTH: 0.0 INCH 5 = HAIL
GRTST 24HR 0.0 6 = FREEZING RAIN OR DRIZZLE
GRTST DEPTH: 0 7 = DUSTSTORM OR SANDSTORM:
VSBY 1/2 MILE OR LESS
8 = SMOKE OR HAZE
[NO. OF DAYS WITH] [WEATHER - DAYS WITH] 9 = BLOWING SNOW
X = TORNADO
MAX 32 OR BELOW: 0 0.01 INCH OR MORE: 12
MAX 90 OR ABOVE: 20 0.10 INCH OR MORE: 8
MIN 32 OR BELOW: 0 0.50 INCH OR MORE: 2
MIN 0 OR BELOW: 0 1.00 INCH OR MORE: 1
[HDD (BASE 65) ]
TOTAL THIS MO. 0 CLEAR (SCALE 0-3) 15
DPTR FM NORMAL M PTCLDY (SCALE 4-7) 16
TOTAL FM JUL 1 0 CLOUDY (SCALE 8-10) 0
DPTR FM NORMAL M
[CDD (BASE 65) ]
TOTAL THIS MO. 462
DPTR FM NORMAL M [PRESSURE DATA]
TOTAL FM JAN 1 1260 HIGHEST SLP M ON M
DPTR FM NORMAL M LOWEST SLP M ON M
[REMARKS]
#FINAL-07-20#