000
CXUS51 KLWX 010820
CF6HGR
PRELIMINARY LOCAL CLIMATOLOGICAL DATA (WS FORM: F-6)
STATION: HAGERSTOWN MD
MONTH: JANUARY
YEAR: 2022
LATITUDE: 39 42 N
LONGITUDE: 77 43 W
TEMPERATURE IN F: :PCPN: SNOW: WIND :SUNSHINE: SKY :PK WND
================================================================================
1 2 3 4 5 6A 6B 7 8 9 10 11 12 13 14 15 16 17 18
12Z AVG MX 2MIN
DY MAX MIN AVG DEP HDD CDD WTR SNW DPTH SPD SPD DIR MIN PSBL S-S WX SPD DR
================================================================================
1 56 48 52 18 13 0 0.81 M M 4.8 20 320 M M 10 12 25 320
2 60 38 49 15 16 0 0.06 M M 10.1 25 310 M M 7 12 32 290
3 38 25 32 -2 33 0 0.00 M M 12.7 21 330 M M 4 27 340
4 37 22 30 -3 35 0 0.00 M M 8.6 18 160 M M 0 24 160
5 44 28 36 3 29 0 0.00 M M 8.5 16 160 M M 1 20 180
6 45 29 37 4 28 0 0.23 M M 8.3 23 300 M M 4 1 29 290
7 29 21 25 -8 40 0 0.12 M M 15.0 29 290 M M 6 18 34 290
8 29 13 21 -12 44 0 0.00 M M 7.5 18 160 M M 1 24 150
9 39 29 34 1 31 0 0.12 M M 7.2 25 300 M M 9 16 32 300
10 35 22 29 -4 36 0 0.00 M M 16.3 28 300 M M 3 34 290
11 24 14 19 -14 46 0 0.00 M M 10.0 28 300 M M 2 34 290
12 41 16 29 -4 36 0 0.00 M M 3.9 16 180 M M 0 20 190
13 43 27 35 2 30 0 0.00 M M 3.1 9 340 M M 5 8 12 350
14 43 28 36 3 29 0 0.00 M M 10.3 22 340 M M 8 8 26 340
15 28 14 21 -12 44 0 0.00 M M 8.7 16 340 M M 1 22 340
16 35 9 22 -11 43 0 0.52 M M 8.6 40 60 M M 4 16 49 60
17 38 30 34 1 31 0 0.04 M M 18.5 40 290 M M 10 1268 49 290
18 36 25 31 -2 34 0 0.00 M M 11.5 33 300 M M 6 39 280
19 46 25 36 3 29 0 0.01 M M 7.1 15 190 M M 4 18 190
20 44 20 32 -1 33 0 0.04 M M 11.3 21 320 M M 5 1 27 320
21 23 12 18 -15 47 0 0.00 M M 8.3 16 20 M M 0 21 340
22 26 7 17 -16 48 0 0.00 M M 3.8 9 330 M M 1 11 280
23 35 19 27 -6 38 0 0.00 M M 6.9 15 280 M M 6 19 190
24 37 23 30 -3 35 0 0.00 M M 7.0 16 180 M M 8 21 170
25 40 21 31 -2 34 0 0.00 M M 8.2 20 300 M M 7 24 300
26 29 15 22 -11 43 0 0.00 M M 6.5 17 310 M M 1 22 300
27 33 11 22 -11 43 0 0.00 M M 5.8 15 200 M M 1 20 190
28 34 28 31 -2 34 0 0.04 M M 4.3 15 10 M M 10 18 20 10
29 28 16 22 -11 43 0 0.00 M M 16.3 26 340 M M 4 35 310
30 27 13 20 -13 45 0 0.00 M M 3.7 22 310 M M 6 26 300
31 33 19 26 -7 39 0 0.00 M M 4.7 9 70 M M 7 12 150
================================================================================
SM 1135 667 1109 0 1.99 M 267.5 M 141
================================================================================
AV 36.6 21.5 8.6 FASTST M M 5 MAX(MPH)
MISC ----> # 40 60 # 49 60
================================================================================
NOTES:
# LAST OF SEVERAL OCCURRENCES
COLUMN 17 PEAK WIND IN M.P.H.
PRELIMINARY LOCAL CLIMATOLOGICAL DATA (WS FORM: F-6) , PAGE 2
STATION: HAGERSTOWN MD
MONTH: JANUARY
YEAR: 2022
LATITUDE: 39 42 N
LONGITUDE: 77 43 W
[TEMPERATURE DATA] [PRECIPITATION DATA] SYMBOLS USED IN COLUMN 16
AVERAGE MONTHLY: 29.1 TOTAL FOR MONTH: 1.99 1 = FOG OR MIST
DPTR FM NORMAL: -3.8 DPTR FM NORMAL: -0.47 2 = FOG REDUCING VISIBILITY
HIGHEST: 60 ON 2 GRTST 24HR 0.81 ON 1- 1 TO 1/4 MILE OR LESS
LOWEST: 7 ON 22 3 = THUNDER
SNOW, ICE PELLETS, HAIL 4 = ICE PELLETS
TOTAL MONTH: M 5 = HAIL
GRTST 24HR M ON M 6 = FREEZING RAIN OR DRIZZLE
GRTST DEPTH: M ON M 7 = DUSTSTORM OR SANDSTORM:
VSBY 1/2 MILE OR LESS
8 = SMOKE OR HAZE
[NO. OF DAYS WITH] [WEATHER - DAYS WITH] 9 = BLOWING SNOW
X = TORNADO
MAX 32 OR BELOW: 9 0.01 INCH OR MORE: 10
MAX 90 OR ABOVE: 0 0.10 INCH OR MORE: 5
MIN 32 OR BELOW: 29 0.50 INCH OR MORE: 2
MIN 0 OR BELOW: 0 1.00 INCH OR MORE: 0
[HDD (BASE 65) ]
TOTAL THIS MO. 1109 CLEAR (SCALE 0-3) 10
DPTR FM NORMAL 114 PTCLDY (SCALE 4-7) 17
TOTAL FM JUL 1 2582 CLOUDY (SCALE 8-10) 4
DPTR FM NORMAL -177
[CDD (BASE 65) ]
TOTAL THIS MO. 0
DPTR FM NORMAL 0 [PRESSURE DATA]
TOTAL FM JAN 1 0 HIGHEST SLP 30.71 ON 8
DPTR FM NORMAL 0 LOWEST SLP 29.05 ON 17
[REMARKS]
#FINAL-01-22#