000
CXUS54 KHGX 251619
CF6HGX
PRELIMINARY LOCAL CLIMATOLOGICAL DATA (WS FORM: F-6)
STATION: DICKINSON WFO
MONTH: JUNE
YEAR: 2020
LATITUDE: 29 28 N
LONGITUDE: 95 5 W
TEMPERATURE IN F: :PCPN: SNOW: WIND :SUNSHINE: SKY :PK WND
================================================================================
1 2 3 4 5 6A 6B 7 8 9 10 11 12 13 14 15 16 17 18
12Z AVG MX 2MIN
DY MAX MIN AVG DEP HDD CDD WTR SNW DPTH SPD SPD DIR MIN PSBL S-S WX SPD DR
================================================================================
1 87 74 81 0 0 16 0.01 0.0 0 M M M M M M M M
2 89 74 82 1 0 17 0.00 0.0 0 M M M M M M M M
3 86 75 81 0 0 16 1.12 0.0 0 M M M M M M M M
4 86 75 81 0 0 16 0.00 0.0 0 M M M M M M M M
5 91 74 83 2 0 18 0.00 0.0 0 M M M M M M M M
6 94 75 85 3 0 20 0.00 0.0 0 M M M M M M M M
7 94 77 86 4 0 21 0.00 0.0 0 M M M M M M M M
8 92 78 85 3 0 20 T 0.0 0 M M M M M M M M
9 92 81 87 5 0 22 0.00 0.0 0 M M M M M M M M
10 93 71 82 0 0 17 T 0.0 0 M M M M M M M M
11 90 67 79 -3 0 14 0.00 0.0 0 M M M M M M M M
12 89 71 80 -2 0 15 0.00 M M M M M M M M M M
13 90 70 80 -2 0 15 0.00 0.0 0 M M M M M M M M
14 90 70 80 -2 0 15 0.00 0.0 0 M M M M M M M M
15 90 75 83 1 0 18 0.00 0.0 M M M M M M M M M
16 91 73 82 -1 0 17 0.00 0.0 M M M M M M M M M
17 90 71 81 -2 0 16 0.00 0.0 M M M M M M M M M
18 90 73 82 -1 0 17 0.00 M M M M M M M M M M
19 90 73 82 -1 0 17 0.00 M M M M M M M M M M
20 90 73 82 -1 0 17 1.07 M M M M M M M M M M
21 89 76 83 0 0 18 T M M M M M M M M M M
22 87 70 79 -4 0 14 1.84 0.0 0 M M M M M M 13 M M
23 88 73 81 -2 0 16 0.13 0.0 0 M M M M M M M M
24 86 71 79 -4 0 14 1.71 0.0 0 M M M M M M M M
25 86 75 81 -2 0 16 1.91 0.0 0 M M M M M M M M
26 86 79 83 0 0 18 0.00 0.0 0 M M M M M M M M
27 89 79 84 1 0 19 0.00 M 0 M M M M M M M M
28 90 81 86 3 0 21 0.03 0.0 0 M M M M M M M M
29 89 82 86 3 0 21 0.02 0.0 0 M M M M M M M M
30 91 82 87 4 0 22 0.00 0.0 0 M M M M M M M M
================================================================================
SM 2685 2238 0 523 7.84 0.0 M M M
================================================================================
AV 89.5 74.6 M FASTST M M M MAX(MPH)
MISC ----> M M M M
================================================================================
NOTES:
# LAST OF SEVERAL OCCURRENCES
COLUMN 17 PEAK WIND IN M.P.H.
PRELIMINARY LOCAL CLIMATOLOGICAL DATA (WS FORM: F-6) , PAGE 2
STATION: DICKINSON WFO
MONTH: JUNE
YEAR: 2020
LATITUDE: 29 28 N
LONGITUDE: 95 5 W
[TEMPERATURE DATA] [PRECIPITATION DATA] SYMBOLS USED IN COLUMN 16
AVERAGE MONTHLY: 82.1 TOTAL FOR MONTH: 7.84 1 = FOG OR MIST
DPTR FM NORMAL: -0.3 DPTR FM NORMAL: 1.30 2 = FOG REDUCING VISIBILITY
HIGHEST: 94 ON 6, 7 GRTST 24HR 1.91 ON 25-25 TO 1/4 MILE OR LESS
LOWEST: 67 ON 11 3 = THUNDER
SNOW, ICE PELLETS, HAIL 4 = ICE PELLETS
TOTAL MONTH: 0.0 INCH 5 = HAIL
GRTST 24HR 0.0 6 = FREEZING RAIN OR DRIZZLE
GRTST DEPTH: 0 7 = DUSTSTORM OR SANDSTORM:
VSBY 1/2 MILE OR LESS
8 = SMOKE OR HAZE
[NO. OF DAYS WITH] [WEATHER - DAYS WITH] 9 = BLOWING SNOW
X = TORNADO
MAX 32 OR BELOW: 0 0.01 INCH OR MORE: 9
MAX 90 OR ABOVE: 17 0.10 INCH OR MORE: 6
MIN 32 OR BELOW: 0 0.50 INCH OR MORE: 5
MIN 0 OR BELOW: 0 1.00 INCH OR MORE: 5
[HDD (BASE 65) ]
TOTAL THIS MO. 0 CLEAR (SCALE 0-3) 0
DPTR FM NORMAL 0 PTCLDY (SCALE 4-7) 0
TOTAL FM JUL 1 972 CLOUDY (SCALE 8-10) 30
DPTR FM NORMAL -174
[CDD (BASE 65) ]
TOTAL THIS MO. 523
DPTR FM NORMAL 3 [PRESSURE DATA]
TOTAL FM JAN 1 1405 HIGHEST SLP M ON M
DPTR FM NORMAL 195 LOWEST SLP M ON M
[REMARKS]
#FINAL-06-20#