000
CXUS56 KLOX 011155
CF6HHR
PRELIMINARY LOCAL CLIMATOLOGICAL DATA (WS FORM: F-6)
STATION: HAWTHORNE AIRPORT CA
MONTH: APRIL
YEAR: 2021
LATITUDE: 33 55 N
LONGITUDE: 118 20 W
TEMPERATURE IN F: :PCPN: SNOW: WIND :SUNSHINE: SKY :PK WND
================================================================================
1 2 3 4 5 6A 6B 7 8 9 10 11 12 13 14 15 16 17 18
12Z AVG MX 2MIN
DY MAX MIN AVG DEP HDD CDD WTR SNW DPTH SPD SPD DIR MIN PSBL S-S WX SPD DR
================================================================================
1 84 58 71 10 0 6 0.00 M M 3.5 15 260 M M 0 8 19 280
2 71 55 63 2 2 0 0.00 M M 6.4 13 260 M M 2 8 17 270
3 64 54 59 -2 6 0 0.00 M M 5.0 13 260 M M 3 20 280
4 70 50 60 -1 5 0 0.00 M M 4.1 15 270 M M 0 19 260
5 65 54 60 -1 5 0 T M M 4.8 13 240 M M 2 20 260
6 66 54 60 -1 5 0 0.00 M M 5.0 14 260 M M 3 18 260
7 72 54 63 2 2 0 0.00 M M 4.0 14 250 M M 0 M M
8 69 56 63 2 2 0 0.00 M M 5.1 18 260 M M 0 23 260
9 70 56 63 2 2 0 T M M 5.3 14 260 M M 1 M M
10 69 54 62 1 3 0 0.00 M M 4.1 14 250 M M 1 M M
11 71 56 64 3 1 0 0.00 M M 5.6 12 250 M M 7 M M
12 65 57 61 -1 4 0 0.00 M M 6.5 16 260 M M 10 19 260
13 62 56 59 -3 6 0 0.00 M M 6.5 14 250 M M 10 19 260
14 62 53 58 -4 7 0 0.00 M M 6.0 14 240 M M 6 17 240
15 63 50 57 -5 8 0 0.00 M M 5.8 17 250 M M 4 8 24 250
16 66 55 61 -1 4 0 0.00 M M 4.7 15 250 M M 4 8 19 250
17 67 54 61 -1 4 0 0.00 M M 4.2 16 260 M M 3 22 260
18 86 52 69 7 0 4 0.00 M M 6.4 23 270 M M 0 30 270
19 80 56 68 6 0 3 0.00 M M 6.0 15 250 M M 0 18 260
20 69 56 63 1 2 0 0.00 M M 5.7 13 140 M M 5 17 130
21 64 58 61 -1 4 0 0.00 M M 7.9 15 260 M M 9 19 270
22 63 57 60 -2 5 0 T M M 7.5 14 250 M M 10 M M
23 63 56 60 -2 5 0 0.00 M M 5.6 14 260 M M 8 17 250
24 63 55 59 -4 6 0 0.00 M M 6.5 15 270 M M 8 19 260
25 65 55 60 -3 5 0 0.00 M M 7.3 17 270 M M 5 22 270
26 63 54 59 -4 6 0 0.00 M M 9.9 18 250 M M 6 26 250
27 64 55 60 -3 5 0 0.00 M M 5.9 20 250 M M 2 8 24 260
28 77 53 65 2 0 0 0.00 M M 5.8 20 270 M M 0 26 260
29 84 57 71 8 0 6 0.00 M M 4.7 17 270 M M 0 8 21 260
30 81 59 70 7 0 5 0.00 M M 5.7 16 260 M M 0 20 260
================================================================================
SM 2078 1649 104 24 T M 171.5 M 109
================================================================================
AV 69.3 55.0 5.7 FASTST M M 4 MAX(MPH)
MISC ----> 23 270 30 270
================================================================================
NOTES:
# LAST OF SEVERAL OCCURRENCES
COLUMN 17 PEAK WIND IN M.P.H.
PRELIMINARY LOCAL CLIMATOLOGICAL DATA (WS FORM: F-6) , PAGE 2
STATION: HAWTHORNE AIRPORT CA
MONTH: APRIL
YEAR: 2021
LATITUDE: 33 55 N
LONGITUDE: 118 20 W
[TEMPERATURE DATA] [PRECIPITATION DATA] SYMBOLS USED IN COLUMN 16
AVERAGE MONTHLY: 62.1 TOTAL FOR MONTH: T 1 = FOG OR MIST
DPTR FM NORMAL: 0.2 DPTR FM NORMAL: -0.77 2 = FOG REDUCING VISIBILITY
HIGHEST: 86 ON 18 GRTST 24HR T ON 1- 1 TO 1/4 MILE OR LESS
LOWEST: 50 ON 15, 4 3 = THUNDER
SNOW, ICE PELLETS, HAIL 4 = ICE PELLETS
TOTAL MONTH: M 5 = HAIL
GRTST 24HR M ON M 6 = FREEZING RAIN OR DRIZZLE
GRTST DEPTH: M ON M 7 = DUSTSTORM OR SANDSTORM:
VSBY 1/2 MILE OR LESS
8 = SMOKE OR HAZE
[NO. OF DAYS WITH] [WEATHER - DAYS WITH] 9 = BLOWING SNOW
X = TORNADO
MAX 32 OR BELOW: 0 0.01 INCH OR MORE: 0
MAX 90 OR ABOVE: 0 0.10 INCH OR MORE: 0
MIN 32 OR BELOW: 0 0.50 INCH OR MORE: 0
MIN 0 OR BELOW: 0 1.00 INCH OR MORE: 0
[HDD (BASE 65) ]
TOTAL THIS MO. 104 CLEAR (SCALE 0-3) 17
DPTR FM NORMAL -10 PTCLDY (SCALE 4-7) 8
TOTAL FM JUL 1 1050 CLOUDY (SCALE 8-10) 5
DPTR FM NORMAL -24
[CDD (BASE 65) ]
TOTAL THIS MO. 24
DPTR FM NORMAL 3 [PRESSURE DATA]
TOTAL FM JAN 1 41 HIGHEST SLP 30.14 ON 3
DPTR FM NORMAL -8 LOWEST SLP 29.73 ON 11
[REMARKS]
#FINAL-04-21#