000
CXUS53 KDLH 010820
CF6HIB
PRELIMINARY LOCAL CLIMATOLOGICAL DATA (WS FORM: F-6)
STATION: HIBBING
MONTH: JUNE
YEAR: 2022
LATITUDE: 47 22 N
LONGITUDE: 92 50 W
TEMPERATURE IN F: :PCPN: SNOW: WIND :SUNSHINE: SKY :PK WND
================================================================================
1 2 3 4 5 6A 6B 7 8 9 10 11 12 13 14 15 16 17 18
12Z AVG MX 2MIN
DY MAX MIN AVG DEP HDD CDD WTR SNW DPTH SPD SPD DIR MIN PSBL S-S WX SPD DR
================================================================================
1 66 39 53 -2 12 0 T M M 6.9 18 310 M M 1 1 28 310
2 65 34 50 -5 15 0 T M M 7.8 21 330 M M 5 36 230
3 61 36 49 -7 16 0 T M M 10.1 23 330 M M 3 32 290
4 72 33 53 -3 12 0 0.00 M M 5.8 20 310 M M 1 27 310
5 72 32 52 -4 13 0 0.00 M M 3.8 15 30 M M 2 20 40
6 68 40 54 -3 11 0 0.04 M M 6.3 14 360 M M 5 22 100
7 73 35 54 -3 11 0 0.00 M M 2.0 12 310 M M 3 1 16 270
8 72 40 56 -1 9 0 0.00 M M 7.3 18 320 M M 3 27 280
9 73 36 55 -2 10 0 0.00 M M 6.0 17 310 M M 1 24 330
10 74 38 56 -2 9 0 0.00 M M 2.6 13 280 M M 4 19 240
11 72 47 60 2 5 0 0.06 M M 3.8 14 310 M M 6 1 18 310
12 72 40 56 -2 9 0 0.00 M M 9.0 20 140 M M 3 28 130
13 70 51 61 3 4 0 1.36 M M 9.0 17 130 M M 8 12 24 150
14 81 56 69 10 0 4 0.00 M M 9.4 18 140 M M 8 128 26 140
15 78 56 67 8 0 2 0.04 M M 4.8 14 260 M M 4 12 25 240
16 71 57 64 5 1 0 0.02 M M 11.3 25 300 M M 6 1 43 270
17 75 45 60 0 5 0 0.00 M M 7.1 17 330 M M 1 24 300
18 65 40 53 -7 12 0 T M M 7.7 20 130 M M 1 28 130
19 90 47 69 9 0 4 0.00 M M 7.8 17 210 M M 0 31 200
20 93 67 80 20 0 15 0.38 M M 7.8 23 240 M M 1 1 41 240
21 79 59 69 9 0 4 0.51 M M 11.2 24 320 M M 4 1 37 310
22 75 52 64 3 1 0 0.00 M M 7.3 18 300 M M 1 27 300
23 86 47 67 6 0 2 T M M 4.8 17 250 M M 1 1 33 210
24 83 52 68 7 0 3 0.53 M M 4.6 20 250 M M 1 12 33 250
25 74 59 67 6 0 2 0.76 M M 7.9 18 280 M M 8 1 30 280
26 64 41 53 -8 12 0 0.04 M M 12.9 31 320 M M 6 18 47 330
27 77 36 57 -5 8 0 T M M 3.7 14 250 M M 1 23 250
28 69 43 56 -6 9 0 T M M 6.0 17 330 M M 5 1 24 320
29 68 37 53 -9 12 0 0.30 M M 6.7 20 140 M M 2 1 29 140
30 80 55 68 6 0 3 T M M 9.6 23 290 M M 1 1 43 290
================================================================================
SM 2218 1350 196 39 4.04 M 211.0 M 96
================================================================================
AV 73.9 45.0 7.0 FASTST M M 3 MAX(MPH)
MISC ----> 31 320 47 330
================================================================================
NOTES:
# LAST OF SEVERAL OCCURRENCES
COLUMN 17 PEAK WIND IN M.P.H.
PRELIMINARY LOCAL CLIMATOLOGICAL DATA (WS FORM: F-6) , PAGE 2
STATION: HIBBING
MONTH: JUNE
YEAR: 2022
LATITUDE: 47 22 N
LONGITUDE: 92 50 W
[TEMPERATURE DATA] [PRECIPITATION DATA] SYMBOLS USED IN COLUMN 16
AVERAGE MONTHLY: 59.5 TOTAL FOR MONTH: 4.04 1 = FOG OR MIST
DPTR FM NORMAL: 0.6 DPTR FM NORMAL: -0.32 2 = FOG REDUCING VISIBILITY
HIGHEST: 93 ON 20 GRTST 24HR 1.36 ON 13-13 TO 1/4 MILE OR LESS
LOWEST: 32 ON 5 3 = THUNDER
SNOW, ICE PELLETS, HAIL 4 = ICE PELLETS
TOTAL MONTH: M 5 = HAIL
GRTST 24HR M ON M 6 = FREEZING RAIN OR DRIZZLE
GRTST DEPTH: M ON M 7 = DUSTSTORM OR SANDSTORM:
VSBY 1/2 MILE OR LESS
8 = SMOKE OR HAZE
[NO. OF DAYS WITH] [WEATHER - DAYS WITH] 9 = BLOWING SNOW
X = TORNADO
MAX 32 OR BELOW: 0 0.01 INCH OR MORE: 11
MAX 90 OR ABOVE: 2 0.10 INCH OR MORE: 6
MIN 32 OR BELOW: 1 0.50 INCH OR MORE: 4
MIN 0 OR BELOW: 0 1.00 INCH OR MORE: 1
[HDD (BASE 65) ]
TOTAL THIS MO. 196 CLEAR (SCALE 0-3) 17
DPTR FM NORMAL -6 PTCLDY (SCALE 4-7) 13
TOTAL FM JUL 1 10444 CLOUDY (SCALE 8-10) 0
DPTR FM NORMAL 108
[CDD (BASE 65) ]
TOTAL THIS MO. 39
DPTR FM NORMAL 19 [PRESSURE DATA]
TOTAL FM JAN 1 40 HIGHEST SLP 30.31 ON 18
DPTR FM NORMAL 16 LOWEST SLP 29.48 ON 14
[REMARKS]
#FINAL-06-22#