000
CXUS53 KDLH 010820
CF6HIB
PRELIMINARY LOCAL CLIMATOLOGICAL DATA (WS FORM: F-6)
STATION: HIBBING
MONTH: MARCH
YEAR: 2022
LATITUDE: 47 22 N
LONGITUDE: 92 50 W
TEMPERATURE IN F: :PCPN: SNOW: WIND :SUNSHINE: SKY :PK WND
================================================================================
1 2 3 4 5 6A 6B 7 8 9 10 11 12 13 14 15 16 17 18
12Z AVG MX 2MIN
DY MAX MIN AVG DEP HDD CDD WTR SNW DPTH SPD SPD DIR MIN PSBL S-S WX SPD DR
================================================================================
1 29 2 16 -1 49 0 0.00 M M 5.3 14 330 M M 5 18 330
2 22 -3 10 -7 55 0 0.01 M M 10.7 21 330 M M 4 1 26 330
3 20 -13 4 -14 61 0 T M M 4.4 13 300 M M 0 16 300
4 28 -7 11 -7 54 0 T M M 5.0 14 90 M M 7 19 90
5 27 24 26 7 39 0 0.00 M M 7.6 14 360 M M 10 18 21 120
6 28 18 23 4 42 0 T M M 12.8 20 330 M M 10 18 25 330
7 30 2 16 -4 49 0 0.00 M M 7.4 16 320 M M 2 23 240
8 34 7 21 1 44 0 T M M 9.3 20 260 M M 7 32 230
9 14 -13 1 -19 64 0 T M M 11.5 24 310 M M 6 89 30 310
10 16 -23 -3 -24 68 0 0.00 M M 5.3 16 230 M M 2 30 280
11 15 -9 3 -19 62 0 T M M 14.0 30 310 M M 7 89 39 310
12 14 -25 -5 -27 70 0 0.04 M M 6.5 16 310 M M 5 18 25 210
13 30 9 20 -2 45 0 0.00 M M 8.9 22 310 M M 4 30 320
14 35 7 21 -2 44 0 0.00 M M 2.2 8 340 M M 2 9 290
15 48 8 28 4 37 0 T M M 6.0 15 210 M M 4 30 220
16 55 34 45 21 20 0 0.01 M M 6.5 13 290 M M 6 1 20 290
17 41 32 37 13 28 0 0.00 M M 9.4 18 320 M M 10 25 290
18 42 22 32 7 33 0 0.00 M M 2.3 9 110 M M 5 12 100
19 49 18 34 9 31 0 0.00 M M 3.1 12 300 M M 3 12 19 290
20 53 17 35 9 30 0 0.00 M M 1.3 9 130 M M 0 12 130
21 44 32 38 12 27 0 T M M 14.5 24 100 M M 6 37 90
22 33 30 32 5 33 0 0.58 M M 6.9 20 130 M M 10 16 24 130
23 33 28 31 4 34 0 0.01 M M 10.4 17 20 M M 10 18 25 350
24 45 25 35 7 30 0 0.00 M M 5.3 12 330 M M 4 17 350
25 36 13 25 -3 40 0 0.01 M M 19.1 35 310 M M 10 19 49 320
26 21 7 14 -14 51 0 T M M 19.4 29 320 M M 4 39 340
27 20 0 10 -19 55 0 0.00 M M 9.9 18 310 M M 0 27 330
28 32 -4 14 -15 51 0 0.00 M M 4.9 13 140 M M 2 20 150
29 37 25 31 1 34 0 0.05 M M 12.2 22 130 M M 10 6 28 130
30 33 28 31 1 34 0 0.13 M M 11.2 23 350 M M 10 126 33 340
31 34 20 27 -4 38 0 T M M 12.4 25 340 M M 6 36 360
================================================================================
SM 998 311 1352 0 0.84 M 265.7 M 171
================================================================================
AV 32.2 10.0 8.6 FASTST M M 6 MAX(MPH)
MISC ----> 35 310 49 320
================================================================================
NOTES:
# LAST OF SEVERAL OCCURRENCES
COLUMN 17 PEAK WIND IN M.P.H.
PRELIMINARY LOCAL CLIMATOLOGICAL DATA (WS FORM: F-6) , PAGE 2
STATION: HIBBING
MONTH: MARCH
YEAR: 2022
LATITUDE: 47 22 N
LONGITUDE: 92 50 W
[TEMPERATURE DATA] [PRECIPITATION DATA] SYMBOLS USED IN COLUMN 16
AVERAGE MONTHLY: 21.1 TOTAL FOR MONTH: 0.84 1 = FOG OR MIST
DPTR FM NORMAL: -2.7 DPTR FM NORMAL: -0.07 2 = FOG REDUCING VISIBILITY
HIGHEST: 55 ON 16 GRTST 24HR 0.58 ON 22-22 TO 1/4 MILE OR LESS
LOWEST: -25 ON 12 3 = THUNDER
SNOW, ICE PELLETS, HAIL 4 = ICE PELLETS
TOTAL MONTH: M 5 = HAIL
GRTST 24HR M ON M 6 = FREEZING RAIN OR DRIZZLE
GRTST DEPTH: M ON M 7 = DUSTSTORM OR SANDSTORM:
VSBY 1/2 MILE OR LESS
8 = SMOKE OR HAZE
[NO. OF DAYS WITH] [WEATHER - DAYS WITH] 9 = BLOWING SNOW
X = TORNADO
MAX 32 OR BELOW: 15 0.01 INCH OR MORE: 8
MAX 90 OR ABOVE: 0 0.10 INCH OR MORE: 2
MIN 32 OR BELOW: 30 0.50 INCH OR MORE: 1
MIN 0 OR BELOW: 9 1.00 INCH OR MORE: 0
[HDD (BASE 65) ]
TOTAL THIS MO. 1352 CLEAR (SCALE 0-3) 7
DPTR FM NORMAL 75 PTCLDY (SCALE 4-7) 16
TOTAL FM JUL 1 8811 CLOUDY (SCALE 8-10) 8
DPTR FM NORMAL -3
[CDD (BASE 65) ]
TOTAL THIS MO. 0
DPTR FM NORMAL 0 [PRESSURE DATA]
TOTAL FM JAN 1 0 HIGHEST SLP 30.57 ON 3
DPTR FM NORMAL 0 LOWEST SLP 29.55 ON 30
[REMARKS]
#FINAL-03-22#