000
CXUS53 KDLH 010920
CF6HIB
PRELIMINARY LOCAL CLIMATOLOGICAL DATA (WS FORM: F-6)
STATION: HIBBING
MONTH: DECEMBER
YEAR: 2021
LATITUDE: 47 22 N
LONGITUDE: 92 50 W
TEMPERATURE IN F: :PCPN: SNOW: WIND :SUNSHINE: SKY :PK WND
================================================================================
1 2 3 4 5 6A 6B 7 8 9 10 11 12 13 14 15 16 17 18
12Z AVG MX 2MIN
DY MAX MIN AVG DEP HDD CDD WTR SNW DPTH SPD SPD DIR MIN PSBL S-S WX SPD DR
================================================================================
1 41 25 33 15 32 0 0.03 M M 7.4 24 300 M M 7 16 41 300
2 39 25 32 15 33 0 0.00 M M 9.5 23 330 M M 9 33 320
3 35 25 30 13 35 0 T M M 7.1 23 300 M M 6 1 34 300
4 25 15 20 4 45 0 0.00 M M 9.0 24 300 M M 1 36 270
5 25 15 20 4 45 0 0.37 M M 10.8 25 320 M M 10 12 36 320
6 22 -21 1 -15 64 0 T M M 14.9 36 310 M M 5 189 48 310
7 11 -19 -4 -19 69 0 T M M 1.2 8 220 M M 2 18 13 240
8 17 -6 6 -9 59 0 T M M 3.3 13 140 M M 8 18 20 140
9 30 17 24 10 41 0 T M M 9.5 21 290 M M 9 8 31 310
10 27 4 16 2 49 0 0.00 M M 1.6 9 310 M M 5 1 12 270
11 29 0 15 1 50 0 T M M 3.7 15 320 M M 1 21 240
12 41 17 29 16 36 0 0.00 M M 5.4 12 210 M M 2 18 230
13 35 12 24 11 41 0 0.00 M M 4.3 13 310 M M 1 17 320
14 38 24 31 18 34 0 0.00 M M 11.5 25 130 M M 2 35 140
15 41 36 39 27 26 0 1.44 M M 7.5 14 360 M M 10 1238 21 10
16 41 5 23 11 42 0 0.61 M M 15.1 29 320 M M 10 128 41 320
17 13 4 9 -3 56 0 T M M 5.5 15 310 M M 9 18 20 310
18 11 3 7 -4 58 0 T M M 6.0 14 320 M M 10 18 17 340
19 23 6 15 4 50 0 T M M 7.8 17 170 M M 10 1 30 190
20 24 -5 10 -1 55 0 T M M 7.8 21 310 M M 5 89 27 310
21 10 -4 3 -7 62 0 0.07 M M 8.8 22 320 M M 9 1289 32 310
22 15 -14 1 -9 64 0 T M M 1.5 9 190 M M 4 1 14 210
23 27 10 19 9 46 0 T M M 6.2 14 130 M M 5 1 18 130
24 42 11 27 17 38 0 0.00 M M 11.4 22 320 M M 2 29 150
25 11 0 6 -3 59 0 T M M 8.3 20 320 M M 5 1 25 320
26 24 -10 7 -2 58 0 0.02 M M 7.6 20 110 M M 8 18 33 100
27 26 4 15 6 50 0 0.23 M M 12.2 22 100 M M 10 1289 35 100
28 20 -3 9 0 56 0 0.24 M M 4.7 15 310 M M 9 128 20 320
29 7 -18 -5 -13 70 0 T M M 4.9 15 290 M M 2 18 23 290
30 10 -12 -1 -9 66 0 T M M 2.3 9 290 M M 9 18 14 300
31 8 -21 -6 -14 71 0 T M M 8.1 17 320 M M 6 189 20 320
================================================================================
SM 768 125 1560 0 3.01 M 224.9 M 191
================================================================================
AV 24.8 4.0 7.3 FASTST M M 6 MAX(MPH)
MISC ----> 36 310 48 310
================================================================================
NOTES:
# LAST OF SEVERAL OCCURRENCES
COLUMN 17 PEAK WIND IN M.P.H.
PRELIMINARY LOCAL CLIMATOLOGICAL DATA (WS FORM: F-6) , PAGE 2
STATION: HIBBING
MONTH: DECEMBER
YEAR: 2021
LATITUDE: 47 22 N
LONGITUDE: 92 50 W
[TEMPERATURE DATA] [PRECIPITATION DATA] SYMBOLS USED IN COLUMN 16
AVERAGE MONTHLY: 14.4 TOTAL FOR MONTH: 3.01 1 = FOG OR MIST
DPTR FM NORMAL: 2.1 DPTR FM NORMAL: 2.37 2 = FOG REDUCING VISIBILITY
HIGHEST: 42 ON 24 GRTST 24HR 2.05 ON 15-16 TO 1/4 MILE OR LESS
LOWEST: -21 ON 31, 6 3 = THUNDER
SNOW, ICE PELLETS, HAIL 4 = ICE PELLETS
TOTAL MONTH: M 5 = HAIL
GRTST 24HR M ON M 6 = FREEZING RAIN OR DRIZZLE
GRTST DEPTH: M ON M 7 = DUSTSTORM OR SANDSTORM:
VSBY 1/2 MILE OR LESS
8 = SMOKE OR HAZE
[NO. OF DAYS WITH] [WEATHER - DAYS WITH] 9 = BLOWING SNOW
X = TORNADO
MAX 32 OR BELOW: 22 0.01 INCH OR MORE: 8
MAX 90 OR ABOVE: 0 0.10 INCH OR MORE: 5
MIN 32 OR BELOW: 30 0.50 INCH OR MORE: 2
MIN 0 OR BELOW: 13 1.00 INCH OR MORE: 1
[HDD (BASE 65) ]
TOTAL THIS MO. 1560 CLEAR (SCALE 0-3) 8
DPTR FM NORMAL -75 PTCLDY (SCALE 4-7) 10
TOTAL FM JUL 1 3612 CLOUDY (SCALE 8-10) 13
DPTR FM NORMAL -579
[CDD (BASE 65) ]
TOTAL THIS MO. 0
DPTR FM NORMAL 0 [PRESSURE DATA]
TOTAL FM JAN 1 228 HIGHEST SLP 30.40 ON 17
DPTR FM NORMAL 108 LOWEST SLP 28.92 ON 16
[REMARKS]
#FINAL-12-21#