000
CXUS53 KDLH 031616
CF6HIB
PRELIMINARY LOCAL CLIMATOLOGICAL DATA (WS FORM: F-6)
STATION: HIBBING
MONTH: DECEMBER
YEAR: 2023
LATITUDE: 47 22 N
LONGITUDE: 92 50 W
TEMPERATURE IN F: :PCPN: SNOW: WIND :SUNSHINE: SKY :PK WND
================================================================================
1 2 3 4 5 6A 6B 7 8 9 10 11 12 13 14 15 16 17 18
12Z AVG MX 2MIN
DY MAX MIN AVG DEP HDD CDD WTR SNW DPTH SPD SPD DIR MIN PSBL S-S WX SPD DR
================================================================================
1 35 4 20 2 45 0 0.00 M M 1.8 9 280 M M 3 15 280
2 32 4 18 1 47 0 0.00 M M 3.8 13 130 M M 4 17 140
3 34 26 30 13 35 0 0.00 M M 5.0 13 130 M M 10 15 120
4 33 29 31 15 34 0 0.02 M M 2.7 10 210 M M 10 1 17 180
5 29 14 22 6 43 0 0.00 M M 6.5 15 330 M M 7 1 19 320
6 35 17 26 10 39 0 0.00 M M 3.4 13 210 M M 2 22 180
7 46 16 31 16 34 0 0.00 M M 6.1 17 120 M M 0 23 120
8 39 32 36 21 29 0 0.00 M M 6.4 12 210 M M 8 1 20 230
9 37 18 28 14 37 0 0.01 M M 12.3 31 330 M M 10 19 39 330
10 20 18 19 5 46 0 T M M 6.9 22 330 M M 10 18 28 340
11 25 15 20 6 45 0 T M M 8.0 20 300 M M 10 1 33 300
12 22 9 16 3 49 0 T M M 8.5 29 320 M M 7 45 320
13 33 2 18 5 47 0 0.00 M M 2.0 8 220 M M 1 13 190
14 48 10 29 16 36 0 0.00 M M 4.3 12 220 M M 0 23 220
15 42 34 38 26 27 0 0.62 M M 2.5 9 80 M M 10 1 16 210
16 35 31 33 21 32 0 0.14 M M 3.6 12 100 M M 10 1 16 100
17 32 19 26 14 39 0 0.02 M M 11.6 32 310 M M 10 1 44 310
18 19 2 11 0 54 0 T M M 11.0 32 320 M M 2 44 320
19 31 3 17 6 48 0 0.00 M M 3.2 10 220 M M 1 16 230
20 29 16 23 12 42 0 T M M 8.5 18 130 M M 9 1 29 130
21 34 23 29 19 36 0 0.00 M M 7.6 15 120 M M 5 22 120
22 34 32 33 23 32 0 0.00 M M 3.5 8 120 M M 10 12 10 140
23 40 33 37 27 28 0 T M M 5.8 12 170 M M 10 12 19 170
24 47 38 43 33 22 0 1.31 M M 7.9 18 120 M M 10 1 26 120
25 38 34 36 27 29 0 0.10 M M 10.8 16 30 M M 10 1 27 10
26 38 34 36 27 29 0 0.29 M M 5.7 14 50 M M 10 1 23 50
27 38 30 34 25 31 0 0.07 M M 3.2 9 30 M M 10 1 13 30
28 35 25 30 21 35 0 0.00 M M 7.8 17 340 M M 8 1 24 350
29 35 19 27 19 38 0 0.00 M M 1.9 13 320 M M 6 12 14 330
30 28 21 25 17 40 0 0.01 M M 9.8 16 360 M M 10 16 23 10
31 21 15 18 10 47 0 T M M 7.5 15 350 M M 10 1 22 20
================================================================================
SM 1044 623 1175 0 2.59 M 189.6 M 223
================================================================================
AV 33.7 20.1 6.1 FASTST M M 7 MAX(MPH)
MISC ----> # 32 310 45 320
================================================================================
NOTES:
# LAST OF SEVERAL OCCURRENCES
COLUMN 17 PEAK WIND IN M.P.H.
PRELIMINARY LOCAL CLIMATOLOGICAL DATA (WS FORM: F-6) , PAGE 2
STATION: HIBBING
MONTH: DECEMBER
YEAR: 2023
LATITUDE: 47 22 N
LONGITUDE: 92 50 W
[TEMPERATURE DATA] [PRECIPITATION DATA] SYMBOLS USED IN COLUMN 16
AVERAGE MONTHLY: 26.9 TOTAL FOR MONTH: 2.59 1 = FOG OR MIST
DPTR FM NORMAL: 14.6 DPTR FM NORMAL: 1.95 2 = FOG REDUCING VISIBILITY
HIGHEST: 48 ON 14 GRTST 24HR 1.34 ON 24-25 TO 1/4 MILE OR LESS
LOWEST: 2 ON 18,13 3 = THUNDER
SNOW, ICE PELLETS, HAIL 4 = ICE PELLETS
TOTAL MONTH: M 5 = HAIL
GRTST 24HR M ON M 6 = FREEZING RAIN OR DRIZZLE
GRTST DEPTH: M ON M 7 = DUSTSTORM OR SANDSTORM:
VSBY 1/2 MILE OR LESS
8 = SMOKE OR HAZE
[NO. OF DAYS WITH] [WEATHER - DAYS WITH] 9 = BLOWING SNOW
X = TORNADO
MAX 32 OR BELOW: 11 0.01 INCH OR MORE: 10
MAX 90 OR ABOVE: 0 0.10 INCH OR MORE: 5
MIN 32 OR BELOW: 26 0.50 INCH OR MORE: 2
MIN 0 OR BELOW: 0 1.00 INCH OR MORE: 1
[HDD (BASE 65) ]
TOTAL THIS MO. 1175 CLEAR (SCALE 0-3) 6
DPTR FM NORMAL -460 PTCLDY (SCALE 4-7) 7
TOTAL FM JUL 1 3419 CLOUDY (SCALE 8-10) 18
DPTR FM NORMAL -772
[CDD (BASE 65) ]
TOTAL THIS MO. 0
DPTR FM NORMAL 0 [PRESSURE DATA]
TOTAL FM JAN 1 166 HIGHEST SLP 30.54 ON 13
DPTR FM NORMAL 46 LOWEST SLP 29.33 ON 8
[REMARKS]
#FINAL-12-23#
NOTE: PRECIPITATION DATA MAY BE ERRONEOUS AT THIS SITE WHEN TEMPERATURES ARE BELOW FREEZING. PLEASE THIS DATA WITH CAUTION.