000
CXUS56 KPQR 011730
CLMHIO
CLIMATE REPORT
NATIONAL WEATHER SERVICE PORTLAND OREGON
930 AM PST THU FEB 01 2024
...................................
...THE HILLSBORO OR CLIMATE SUMMARY FOR THE MONTH OF JANUARY 2024...
CLIMATE NORMAL PERIOD 1991 TO 2020
CLIMATE RECORD PERIOD 1929 TO 2024
WEATHER OBSERVED NORMAL DEPART LAST YEAR`S
VALUE DATE(S) VALUE FROM VALUE DATE(S)
NORMAL
................................................................
TEMPERATURE (F)
HIGHEST 64 59 01/05
LOWEST 13 18 01/30
AVG. MAXIMUM 45.9 47.3 -1.4 47.6
AVG. MINIMUM 34.4 33.6 0.8 35.4
MEAN 40.2 40.4 -0.2 41.5
DAYS MAX >= 90 0 0.0 0.0 0
DAYS MAX <= 32 4 0.6 3.4 0
DAYS MIN <= 32 9 13.4 -4.4 9
DAYS MIN <= 0 0 0.0 0.0 0
PRECIPITATION (INCHES)
RECORD
MAXIMUM 11.89 2006
MINIMUM 0.32 1985
TOTALS MM 5.27 MM 3.48
DAYS >= .01 MM 19.3 MM 20
DAYS >= .10 MM 12.0 MM 12
DAYS >= .50 MM 3.2 MM 1
DAYS >= 1.00 MM 0.7 MM 0
GREATEST
24 HR. TOTAL MM
DEGREE DAYS
HEATING TOTAL 761 761 0 721
SINCE 7/1 2466 2747 -281 MM
COOLING TOTAL 0 0 0 0
SINCE 1/1 0 0 0 MM
................................................................
WIND (MPH)
AVERAGE WIND SPEED 4.9
RESULTANT WIND SPEED/DIRECTION 2/160
HIGHEST WIND SPEED/DIRECTION 26/240 DATE 01/09
HIGHEST GUST SPEED/DIRECTION 35/230 DATE 01/09
SKY COVER
POSSIBLE SUNSHINE (PERCENT) MM
AVERAGE SKY COVER 0.80
AVERAGE RH (PERCENT) 86
WEATHER CONDITIONS. NUMBER OF DAYS WITH
THUNDERSTORM 0 MIXED PRECIP 0
HEAVY RAIN 2 RAIN 8
LIGHT RAIN 25 FREEZING RAIN 1
LT FREEZING RAIN 2 HAIL 0
HEAVY SNOW 0 SNOW 1
LIGHT SNOW 5 SLEET 0
FOG 27 FOG W/VIS <= 1/4 MILE 7
HAZE 4
- INDICATES NEGATIVE NUMBERS.
R INDICATES RECORD WAS SET OR TIED.
MM INDICATES DATA IS MISSING.
T INDICATES TRACE AMOUNT.
$$