000
CXUS56 KHNX 021441
CLMHJO
CLIMATE REPORT
NATIONAL WEATHER SERVICE
741 AM PDT SAT SEP 02 2023
...................................
...THE HANFORD CA AIRPORT CLIMATE SUMMARY FOR THE MONTH OF AUGUST 2023...
CLIMATE NORMAL PERIOD 1991 TO 2020
CLIMATE RECORD PERIOD 1898 TO 2023
WEATHER OBSERVED NORMAL DEPART LAST YEAR`S
VALUE DATE(S) VALUE FROM VALUE DATE(S)
NORMAL
................................................................
TEMPERATURE (F)
RECORD
HIGH 115 08/14/1933
08/13/1933
LOW 40 08/31/1907
08/27/1907
HIGHEST 108 08/17 MM 108 08/17
08/20
LOWEST 57 08/03 MM 60 08/13
08/14
MEAN 82.0 79.9 2.1
DAYS MAX >= 90 29 28.5 0.5 31
DAYS MIN <= 32 0 0.0 0.0 0
PRECIPITATION (INCHES)
RECORD
MAXIMUM 0.48 2023
MINIMUM 0.00 2021
TOTALS 0.48R 0.00 0.48
DAYS >= .01 3 0.1 2.9 1
DAYS >= .10 2 0.0 2.0 0
DAYS >= .50 0 0.0 0.0 0
DAYS >= 1.00 0 0.0 0.0 0
SNOWFALL (INCHES)
RECORDS
TOTAL MM MM
TOTALS 0.0 MM
DEGREE DAYS
HEATING TOTAL 0 0 0 0
SINCE 7/1 0 0 0 MM
COOLING TOTAL 536 462 74 611
SINCE 1/1 1694 1501 193 MM
................................................................
WIND (MPH)
AVERAGE WIND SPEED 5.6
HIGHEST WIND SPEED/DIRECTION 36/160 DATE 08/19
HIGHEST GUST SPEED/DIRECTION 45/150 DATE 08/19
AVERAGE RH (PERCENT) 51
WEATHER CONDITIONS. NUMBER OF DAYS WITH
THUNDERSTORM 2 RAIN 1
HAIL 0 FOG 5
FOG W/VIS <= 1/4 MILE 0 HAZE 14
- INDICATES NEGATIVE NUMBERS.
R INDICATES RECORD WAS SET OR TIED.
MM INDICATES DATA IS MISSING.
T INDICATES TRACE AMOUNT.
$$