000
CXUS54 KMAF 011210
CF6HOB
PRELIMINARY LOCAL CLIMATOLOGICAL DATA (WS FORM: F-6)
STATION: LEA AIRPORT, HOBBS
MONTH: FEBRUARY
YEAR: 2022
LATITUDE: 32 40 N
LONGITUDE: 103-12 E
TEMPERATURE IN F: :PCPN: SNOW: WIND :SUNSHINE: SKY :PK WND
================================================================================
1 2 3 4 5 6A 6B 7 8 9 10 11 12 13 14 15 16 17 18
12Z AVG MX 2MIN
DY MAX MIN AVG DEP HDD CDD WTR SNW DPTH SPD SPD DIR MIN PSBL S-S WX SPD DR
================================================================================
1 61 36 49 M 16 0 0.00 M M 10.9 20 320 M M 1 22 290
2 39 16 28 M 37 0 0.00 M M 15.3 20 10 M M 8 26 20
3 23 9 16 M 49 0 0.00 M M 15.3 21 330 M M 8 26 360
4 39 5 22 M 43 0 0.00 M M 6.7 9 290 M M 0 16 290
5 48 12 30 M 35 0 0.00 M M 11.3 18 180 M M 0 26 180
6 55 21 38 M 27 0 0.00 M M 15.2 23 20 M M 1 32 20
7 52 21 37 M 28 0 0.00 M M 8.1 13 360 M M 0 13 250
8 70 25 48 M 17 0 0.00 M M 10.5 17 250 M M 1 22 250
9 64 27 46 M 19 0 0.00 M M 8.1 15 180 M M 0 21 190
10 63 27 45 M 20 0 0.00 M M 8.0 16 10 M M 0 23 10
11 68 37 53 M 12 0 0.00 M M 14.9 23 360 M M 0 33 20
12 46 27 37 M 28 0 0.00 M M 10.5 20 20 M M 4 28 20
13 61 23 42 M 23 0 0.00 M M 8.0 14 170 M M 0 18 200
14 70 27 49 M 16 0 0.00 M M 8.0 12 180 M M 0 20 190
15 77 30 54 M 11 0 0.00 M M 14.4 23 230 M M 0 32 210
16 75 37 56 M 9 0 0.00 M M 18.2 32 280 M M 2 47 210
17 48 23 36 M 29 0 0.00 M M 15.1 28 360 M M 1 37 250
18 57 18 38 M 27 0 0.00 M M 7.6 14 190 M M 0 18 210
19 63 25 44 M 21 0 0.00 M M 8.8 18 150 M M 0 25 150
20 73 34 54 M 11 0 0.00 M M 10.2 18 230 M M 0 25 230
21 72 34 53 M 12 0 0.00 M M 13.0 29 200 M M 3 8 40 190
22 70 27 49 M 16 0 0.00 M M 12.6 23 60 M M 0 35 60
23 30 16 23 M 42 0 0.00 M M 11.8 25 40 M M 4 32 40
24 64 16 40 M 25 0 0.00 M M 7.3 15 300 M M 4 22 310
25 39 19 29 M 36 0 0.00 M M 10.6 18 110 M M 3 1 24 110
26 50 19 35 M 30 0 0.00 M M 6.3 10 30 M M 0 M M
27 57 18 38 M 27 0 0.00 M M 5.9 9 190 M M 2 M M
28 63 27 45 M 20 0 0.00 M M 6.2 15 170 M M 0 13 160
================================================================================
SM 1597 656 686 0 0.00 M 298.4 M 42
================================================================================
AV 57.0 23.4 10.7 FASTST M M 2 MAX(MPH)
MISC ----> 32 280 47 210
================================================================================
NOTES:
# LAST OF SEVERAL OCCURRENCES
COLUMN 17 PEAK WIND IN M.P.H.
PRELIMINARY LOCAL CLIMATOLOGICAL DATA (WS FORM: F-6) , PAGE 2
STATION: LEA AIRPORT, HOBBS
MONTH: FEBRUARY
YEAR: 2022
LATITUDE: 32 40 N
LONGITUDE: 103-12 E
[TEMPERATURE DATA] [PRECIPITATION DATA] SYMBOLS USED IN COLUMN 16
AVERAGE MONTHLY: 40.2 TOTAL FOR MONTH: 0.00 1 = FOG OR MIST
DPTR FM NORMAL: 0.0 DPTR FM NORMAL: 0.00 2 = FOG REDUCING VISIBILITY
HIGHEST: 77 ON 15 GRTST 24HR 0.00 ON 1- 1 TO 1/4 MILE OR LESS
LOWEST: 5 ON 4 3 = THUNDER
SNOW, ICE PELLETS, HAIL 4 = ICE PELLETS
TOTAL MONTH: M 5 = HAIL
GRTST 24HR M ON M 6 = FREEZING RAIN OR DRIZZLE
GRTST DEPTH: M ON M 7 = DUSTSTORM OR SANDSTORM:
VSBY 1/2 MILE OR LESS
8 = SMOKE OR HAZE
[NO. OF DAYS WITH] [WEATHER - DAYS WITH] 9 = BLOWING SNOW
X = TORNADO
MAX 32 OR BELOW: 2 0.01 INCH OR MORE: 0
MAX 90 OR ABOVE: 0 0.10 INCH OR MORE: 0
MIN 32 OR BELOW: 23 0.50 INCH OR MORE: 0
MIN 0 OR BELOW: 0 1.00 INCH OR MORE: 0
[HDD (BASE 65) ]
TOTAL THIS MO. 686 CLEAR (SCALE 0-3) 23
DPTR FM NORMAL M PTCLDY (SCALE 4-7) 4
TOTAL FM JUL 1 2275 CLOUDY (SCALE 8-10) 1
DPTR FM NORMAL M
[CDD (BASE 65) ]
TOTAL THIS MO. 0
DPTR FM NORMAL M [PRESSURE DATA]
TOTAL FM JAN 1 0 HIGHEST SLP M ON M
DPTR FM NORMAL M LOWEST SLP M ON M
[REMARKS]
#FINAL-02-22#