000
CXUS54 KMAF 011110
CF6HOB
PRELIMINARY LOCAL CLIMATOLOGICAL DATA (WS FORM: F-6)
STATION: LEA AIRPORT, HOBBS
MONTH: OCTOBER
YEAR: 2021
LATITUDE: 32 40 N
LONGITUDE: 103-12 E
TEMPERATURE IN F: :PCPN: SNOW: WIND :SUNSHINE: SKY :PK WND
================================================================================
1 2 3 4 5 6A 6B 7 8 9 10 11 12 13 14 15 16 17 18
12Z AVG MX 2MIN
DY MAX MIN AVG DEP HDD CDD WTR SNW DPTH SPD SPD DIR MIN PSBL S-S WX SPD DR
================================================================================
1 72 57 65 M 0 0 0.18 M M 5.8 16 50 M M 7 3 24 120
2 79 54 67 M 0 2 0.00 M M 6.5 12 20 M M 3 15 250
3 79 52 66 M 0 1 0.00 M M 5.8 9 360 M M 0 M M
4 82 52 67 M 0 2 0.00 M M 4.1 9 220 M M 0 12 190
5 86 52 69 M 0 4 0.00 M M 5.0 9 70 M M 1 M M
6 82 54 68 M 0 3 0.00 M M 6.8 12 80 M M 1 M M
7 90 54 72 M 0 7 0.00 M M 7.0 14 220 M M 0 17 230
8 90 59 75 M 0 10 0.00 M M 8.8 16 190 M M 0 17 190
9 93 57 75 M 0 10 0.00 M M 10.9 18 200 M M 0 25 210
10 82 45 64 M 1 0 0.00 M M 15.7 37 240 M M 0 47 290
11 79 39 59 M 6 0 0.00 M M 9.1 15 140 M M 1 25 140
12 88 57 73 M 0 8 0.00 M M 13.2 24 190 M M 1 37 190
13 77 48 63 M 2 0 0.00 M M 11.2 22 230 M M 1 28 220
14 81 46 64 M 1 0 0.00 M M 12.8 29 240 M M 0 39 240
15 66 46 56 M 9 0 0.00 M M 10.9 18 360 M M 1 25 360
16 68 37 53 M 12 0 0.00 M M 6.8 13 150 M M 0 21 160
17 73 37 55 M 10 0 0.00 M M 7.0 15 140 M M 0 18 150
18 79 46 63 M 2 0 0.00 M M 7.8 13 160 M M 0 21 170
19 82 52 67 M 0 2 0.00 M M 12.1 21 220 M M 0 26 230
20 81 50 66 M 0 1 0.00 M M 6.3 10 30 M M 0 M M
21 81 50 66 M 0 1 0.00 M M 6.0 12 180 M M 3 17 170
22 82 54 68 M 0 3 0.00 M M 6.1 17 170 M M 5 12 24 170
23 86 59 73 M 0 8 0.00 M M 12.0 17 230 M M 2 23 210
24 84 52 68 M 0 3 0.00 M M 6.4 9 270 M M 0 16 280
25 88 48 68 M 0 3 0.00 M M 7.8 15 150 M M 0 17 170
26 88 57 73 M 0 8 0.00 M M 20.1 31 260 M M 0 39 230
27 70 46 58 M 7 0 0.00 M M 18.3 28 290 M M 0 35 290
28 72 37 55 M 10 0 0.00 M M 8.5 14 270 M M 0 18 280
29 72 37 55 M 10 0 0.00 M M 7.6 13 230 M M 0 16 260
30 84 41 63 M 2 0 0.00 M M 9.5 16 250 M M 0 21 260
31 68 46 57 M 8 0 0.00 M M 11.3 20 20 M M 0 25 350
================================================================================
SM 2484 1521 80 76 0.18 M 287.0 M 26
================================================================================
AV 80.1 49.1 9.3 FASTST M M 1 MAX(MPH)
MISC ----> 37 240 47 290
================================================================================
NOTES:
# LAST OF SEVERAL OCCURRENCES
COLUMN 17 PEAK WIND IN M.P.H.
PRELIMINARY LOCAL CLIMATOLOGICAL DATA (WS FORM: F-6) , PAGE 2
STATION: LEA AIRPORT, HOBBS
MONTH: OCTOBER
YEAR: 2021
LATITUDE: 32 40 N
LONGITUDE: 103-12 E
[TEMPERATURE DATA] [PRECIPITATION DATA] SYMBOLS USED IN COLUMN 16
AVERAGE MONTHLY: 64.6 TOTAL FOR MONTH: 0.18 1 = FOG OR MIST
DPTR FM NORMAL: 0.0 DPTR FM NORMAL: M 2 = FOG REDUCING VISIBILITY
HIGHEST: 93 ON 9 GRTST 24HR 0.18 ON 1- 1 TO 1/4 MILE OR LESS
LOWEST: 37 ON 29,28 3 = THUNDER
SNOW, ICE PELLETS, HAIL 4 = ICE PELLETS
TOTAL MONTH: M 5 = HAIL
GRTST 24HR M ON M 6 = FREEZING RAIN OR DRIZZLE
GRTST DEPTH: M ON M 7 = DUSTSTORM OR SANDSTORM:
VSBY 1/2 MILE OR LESS
8 = SMOKE OR HAZE
[NO. OF DAYS WITH] [WEATHER - DAYS WITH] 9 = BLOWING SNOW
X = TORNADO
MAX 32 OR BELOW: 0 0.01 INCH OR MORE: 1
MAX 90 OR ABOVE: 3 0.10 INCH OR MORE: 1
MIN 32 OR BELOW: 0 0.50 INCH OR MORE: 0
MIN 0 OR BELOW: 0 1.00 INCH OR MORE: 0
[HDD (BASE 65) ]
TOTAL THIS MO. 80 CLEAR (SCALE 0-3) 29
DPTR FM NORMAL M PTCLDY (SCALE 4-7) 2
TOTAL FM JUL 1 81 CLOUDY (SCALE 8-10) 0
DPTR FM NORMAL M
[CDD (BASE 65) ]
TOTAL THIS MO. 76
DPTR FM NORMAL M [PRESSURE DATA]
TOTAL FM JAN 1 1801 HIGHEST SLP M ON M
DPTR FM NORMAL M LOWEST SLP M ON M
[REMARKS]
#FINAL-10-21#