000
CXUS54 KMAF 011110
CF6HOB
PRELIMINARY LOCAL CLIMATOLOGICAL DATA (WS FORM: F-6)
STATION: LEA AIRPORT, HOBBS
MONTH: SEPTEMBER
YEAR: 2021
LATITUDE: 32 40 N
LONGITUDE: 103-12 E
TEMPERATURE IN F: :PCPN: SNOW: WIND :SUNSHINE: SKY :PK WND
================================================================================
1 2 3 4 5 6A 6B 7 8 9 10 11 12 13 14 15 16 17 18
12Z AVG MX 2MIN
DY MAX MIN AVG DEP HDD CDD WTR SNW DPTH SPD SPD DIR MIN PSBL S-S WX SPD DR
================================================================================
1 91 68 80 M 0 15 0.00 M M 8.7 20 150 M M 4 31 150
2 88 68 78 M 0 13 0.08 M M 6.9 12 170 M M 3 18 250
3 90 70 80 M 0 15 0.00 M M 8.5 17 160 M M 3 3 26 130
4 90 66 78 M 0 13 0.24 M M 8.1 22 70 M M 2 3 31 70
5 77 68 73 M 0 8 0.00 M M 6.1 12 310 M M 5 M M
6 88 64 76 M 0 11 0.00 M M 4.5 9 210 M M 1 1 15 210
7 93 64 79 M 0 14 0.00 M M 6.2 10 180 M M 0 M M
8 90 64 77 M 0 12 0.00 M M 6.4 13 350 M M 1 17 340
9 91 64 78 M 0 13 0.00 M M 5.9 9 190 M M 0 M M
10 93 59 76 M 0 11 0.00 M M 7.2 14 200 M M 1 16 180
11 91 61 76 M 0 11 0.00 M M 5.3 9 160 M M 4 M M
12 88 59 74 M 0 9 0.00 M M 7.3 18 170 M M 1 20 140
13 86 57 72 M 0 7 0.00 M M 7.3 16 130 M M 2 22 150
14 90 59 75 M 0 10 0.00 M M 8.0 16 150 M M 0 20 150
15 86 63 75 M 0 10 0.00 M M 9.1 16 M M M 1 22 110
16 90 61 76 M 0 11 0.00 M M 9.7 17 160 M M 1 25 150
17 97 57 77 M 0 12 0.00 M M 6.3 13 360 M M 0 17 50
18 90 61 76 M 0 11 0.00 M M 8.3 13 90 M M 0 20 90
19 88 61 75 M 0 10 0.00 M M 6.9 12 190 M M 0 M M
20 95 66 81 M 0 16 0.00 M M 9.4 16 260 M M 0 20 180
21 77 52 65 M 0 0 0.00 M M 14.8 22 40 M M 1 32 30
22 79 48 64 M 1 0 0.00 M M 7.9 15 170 M M 1 17 140
23 86 52 69 M 0 4 0.00 M M 10.1 17 150 M M 0 24 160
24 88 57 73 M 0 8 0.00 M M 7.1 13 170 M M 1 17 110
25 84 52 68 M 0 3 0.00 M M 6.4 14 120 M M 0 22 120
26 84 55 70 M 0 5 0.00 M M 7.1 13 150 M M 0 17 150
27 88 61 75 M 0 10 0.00 M M 11.4 22 240 M M 3 32 210
28 86 57 72 M 0 7 0.00 M M 11.5 25 220 M M 1 36 220
29 86 55 71 M 0 6 0.00 M M 8.9 16 240 M M 0 24 240
30 77 57 67 M 0 2 0.01 M M 12.4 22 320 M M 5 3 32 340
================================================================================
SM 2627 1806 1 277 0.33 M 243.3 M 41
================================================================================
AV 87.6 60.2 8.1 FASTST M M 1 MAX(MPH)
MISC ----> 25 220 36 220
================================================================================
NOTES:
# LAST OF SEVERAL OCCURRENCES
COLUMN 17 PEAK WIND IN M.P.H.
PRELIMINARY LOCAL CLIMATOLOGICAL DATA (WS FORM: F-6) , PAGE 2
STATION: LEA AIRPORT, HOBBS
MONTH: SEPTEMBER
YEAR: 2021
LATITUDE: 32 40 N
LONGITUDE: 103-12 E
[TEMPERATURE DATA] [PRECIPITATION DATA] SYMBOLS USED IN COLUMN 16
AVERAGE MONTHLY: 73.9 TOTAL FOR MONTH: 0.33 1 = FOG OR MIST
DPTR FM NORMAL: 0.0 DPTR FM NORMAL: M 2 = FOG REDUCING VISIBILITY
HIGHEST: 97 ON 17 GRTST 24HR 0.24 ON 4- 4 TO 1/4 MILE OR LESS
LOWEST: 48 ON 22 3 = THUNDER
SNOW, ICE PELLETS, HAIL 4 = ICE PELLETS
TOTAL MONTH: M 5 = HAIL
GRTST 24HR M ON M 6 = FREEZING RAIN OR DRIZZLE
GRTST DEPTH: M ON M 7 = DUSTSTORM OR SANDSTORM:
VSBY 1/2 MILE OR LESS
8 = SMOKE OR HAZE
[NO. OF DAYS WITH] [WEATHER - DAYS WITH] 9 = BLOWING SNOW
X = TORNADO
MAX 32 OR BELOW: 0 0.01 INCH OR MORE: 3
MAX 90 OR ABOVE: 13 0.10 INCH OR MORE: 1
MIN 32 OR BELOW: 0 0.50 INCH OR MORE: 0
MIN 0 OR BELOW: 0 1.00 INCH OR MORE: 0
[HDD (BASE 65) ]
TOTAL THIS MO. 1 CLEAR (SCALE 0-3) 25
DPTR FM NORMAL M PTCLDY (SCALE 4-7) 5
TOTAL FM JUL 1 1 CLOUDY (SCALE 8-10) 0
DPTR FM NORMAL M
[CDD (BASE 65) ]
TOTAL THIS MO. 277
DPTR FM NORMAL M [PRESSURE DATA]
TOTAL FM JAN 1 1725 HIGHEST SLP M ON M
DPTR FM NORMAL M LOWEST SLP M ON M
[REMARKS]
#FINAL-09-21#