000
CXUS54 KMAF 011210
CF6HOB
PRELIMINARY LOCAL CLIMATOLOGICAL DATA (WS FORM: F-6)
STATION: LEA AIRPORT, HOBBS
MONTH: FEBRUARY
YEAR: 2021
LATITUDE: 32 40 N
LONGITUDE: 103-12 E
TEMPERATURE IN F: :PCPN: SNOW: WIND :SUNSHINE: SKY :PK WND
================================================================================
1 2 3 4 5 6A 6B 7 8 9 10 11 12 13 14 15 16 17 18
12Z AVG MX 2MIN
DY MAX MIN AVG DEP HDD CDD WTR SNW DPTH SPD SPD DIR MIN PSBL S-S WX SPD DR
================================================================================
1 59 27 43 M 22 0 0.00 M M 8.3 16 180 M M 0 23 160
2 75 39 57 M 8 0 0.00 M M 10.4 21 270 M M 0 23 300
3 79 41 60 M 5 0 0.00 M M 12.5 24 250 M M 0 33 250
4 61 37 49 M 16 0 0.00 M M 12.7 22 20 M M 2 7 26 360
5 63 28 46 M 19 0 0.00 M M 7.2 16 240 M M 1 17 240
6 61 36 49 M 16 0 0.00 M M 14.7 26 300 M M 0 35 360
7 73 30 52 M 13 0 0.00 M M 10.6 15 240 M M 0 15 210
8 75 37 56 M 9 0 0.00 M M 10.7 18 250 M M 0 22 250
9 73 27 50 M 15 0 0.00 M M 10.9 23 180 M M 0 29 180
10 39 27 33 M 32 0 0.00 M M 10.6 20 80 M M 9 12 37 80
11 37 25 31 M 34 0 0.00 M M 9.3 17 170 M M 9 16 21 170
12 30 18 24 M 41 0 0.00 M M 10.6 18 80 M M 10 1 28 80
13 21 16 19 M 46 0 0.00 M M 11.6 21 80 M M 10 1 28 120
14 14 1 8 M 57 0 0.00 M M 15.7 23 70 M M 10 18 29 70
15 18 1 10 M 55 0 0.00 M M 6.8 12 360 M M 8 12 200
16 36 9 23 M 42 0 0.00 M M 10.3 16 180 M M 5 18 180
17 32 18 25 M 40 0 0.00 M M 8.2 13 80 M M 7 12 20 70
18 30 16 23 M 42 0 0.00 M M 9.9 21 30 M M 6 18 23 30
19 54 12 33 M 32 0 0.00 M M 9.4 18 200 M M 0 18 28 220
20 66 27 47 M 18 0 0.00 M M 12.7 23 190 M M 1 32 190
21 61 30 46 M 19 0 0.00 M M 15.0 32 300 M M 0 40 300
22 70 27 49 M 16 0 0.00 M M 12.0 20 230 M M 0 29 230
23 77 36 57 M 8 0 0.00 M M 14.3 24 230 M M 0 38 230
24 63 37 50 M 15 0 0.00 M M 11.2 17 30 M M 1 22 10
25 48 27 38 M 27 0 0.00 M M 10.7 18 50 M M 6 23 50
26 63 23 43 M 22 0 0.00 M M 9.6 22 260 M M 0 25 250
27 72 30 51 M 14 0 0.00 M M 9.9 20 210 M M 0 30 210
28 61 39 50 M 15 0 0.00 M M 13.4 23 60 M M 2 30 70
================================================================================
SM 1511 721 698 0 0.00 M 309.4 M 87
================================================================================
AV 54.0 25.8 11.1 FASTST M M 3 MAX(MPH)
MISC ----> 32 300 40 300
================================================================================
NOTES:
# LAST OF SEVERAL OCCURRENCES
COLUMN 17 PEAK WIND IN M.P.H.
PRELIMINARY LOCAL CLIMATOLOGICAL DATA (WS FORM: F-6) , PAGE 2
STATION: LEA AIRPORT, HOBBS
MONTH: FEBRUARY
YEAR: 2021
LATITUDE: 32 40 N
LONGITUDE: 103-12 E
[TEMPERATURE DATA] [PRECIPITATION DATA] SYMBOLS USED IN COLUMN 16
AVERAGE MONTHLY: 39.9 TOTAL FOR MONTH: 0.00 1 = FOG OR MIST
DPTR FM NORMAL: 0.0 DPTR FM NORMAL: 0.00 2 = FOG REDUCING VISIBILITY
HIGHEST: 79 ON 3 GRTST 24HR 0.00 ON 1- 1 TO 1/4 MILE OR LESS
LOWEST: 1 ON 15,14 3 = THUNDER
SNOW, ICE PELLETS, HAIL 4 = ICE PELLETS
TOTAL MONTH: M 5 = HAIL
GRTST 24HR M ON M 6 = FREEZING RAIN OR DRIZZLE
GRTST DEPTH: M ON M 7 = DUSTSTORM OR SANDSTORM:
VSBY 1/2 MILE OR LESS
8 = SMOKE OR HAZE
[NO. OF DAYS WITH] [WEATHER - DAYS WITH] 9 = BLOWING SNOW
X = TORNADO
MAX 32 OR BELOW: 6 0.01 INCH OR MORE: 0
MAX 90 OR ABOVE: 0 0.10 INCH OR MORE: 0
MIN 32 OR BELOW: 20 0.50 INCH OR MORE: 0
MIN 0 OR BELOW: 0 1.00 INCH OR MORE: 0
[HDD (BASE 65) ]
TOTAL THIS MO. 698 CLEAR (SCALE 0-3) 18
DPTR FM NORMAL M PTCLDY (SCALE 4-7) 4
TOTAL FM JUL 1 2648 CLOUDY (SCALE 8-10) 6
DPTR FM NORMAL M
[CDD (BASE 65) ]
TOTAL THIS MO. 0
DPTR FM NORMAL M [PRESSURE DATA]
TOTAL FM JAN 1 0 HIGHEST SLP M ON M
DPTR FM NORMAL M LOWEST SLP M ON M
[REMARKS]
#FINAL-02-21#