000
CXUS54 KMAF 011110
CF6HOB
PRELIMINARY LOCAL CLIMATOLOGICAL DATA (WS FORM: F-6)
STATION: LEA AIRPORT, HOBBS
MONTH: AUGUST
YEAR: 2020
LATITUDE: 32 40 N
LONGITUDE: 103-12 E
TEMPERATURE IN F: :PCPN: SNOW: WIND :SUNSHINE: SKY :PK WND
================================================================================
1 2 3 4 5 6A 6B 7 8 9 10 11 12 13 14 15 16 17 18
12Z AVG MX 2MIN
DY MAX MIN AVG DEP HDD CDD WTR SNW DPTH SPD SPD DIR MIN PSBL S-S WX SPD DR
================================================================================
1 95 68 82 M 0 17 0.00 M M 6.0 17 360 M M 1 18 30
2 97 66 82 M 0 17 0.15 M M 7.8 26 350 M M 2 3 33 350
3 90 64 77 M 0 12 0.04 M M 6.2 15 70 M M 1 22 70
4 97 68 83 M 0 18 0.01 M M 9.0 14 170 M M 1 3 29 120
5 100 73 87 M 0 22 0.33 M M 11.2 16 160 M M 1 3 44 160
6 99 68 84 M 0 19 0.00 M M 9.4 17 200 M M 1 25 200
7 97 73 85 M 0 20 0.08 M M 11.6 24 130 M M 2 3 33 130
8 95 70 83 M 0 18 0.00 M M 10.3 16 160 M M 0 23 160
9 97 72 85 M 0 20 0.00 M M 10.4 15 160 M M 0 23 160
10 100 72 86 M 0 21 0.00 M M 10.8 18 160 M M 0 3 28 170
11 100 70 85 M 0 20 0.00 M M 12.4 21 140 M M 0 3 31 140
12 102 70 86 M 0 21 0.00 M M 10.5 20 170 M M 0 25 170
13 104 72 88 M 0 23 0.00 M M 9.2 15 10 M M 0 21 190
14 100 77 89 M 0 24 0.00 M M 9.2 30 10 M M 4 8 37 10
15 100 72 86 M 0 21 0.00 M M 12.1 29 340 M M 4 36 340
16 86 70 78 M 0 13 0.00 M M 8.8 16 290 M M 5 23 290
17 90 64 77 M 0 12 0.00 M M 6.3 15 70 M M 2 16 100
18 93 63 78 M 0 13 0.00 M M 5.5 9 90 M M 1 16 20
19 95 64 80 M 0 15 0.00 M M 5.9 12 150 M M 0 16 150
20 99 68 84 M 0 19 0.00 M M 9.8 21 130 M M 0 25 130
21 97 70 84 M 0 19 0.00 M M 9.8 14 120 M M 0 21 120
22 99 70 85 M 0 20 0.00 M M 5.1 10 120 M M 0 17 120
23 95 68 82 M 0 17 0.00 M M 9.7 16 110 M M 0 20 80
24 93 64 79 M 0 14 0.00 M M 9.1 18 120 M M 0 22 120
25 91 64 78 M 0 13 0.00 M M 6.9 13 120 M M 1 17 150
26 93 64 79 M 0 14 0.00 M M 5.8 12 130 M M 0 18 130
27 95 66 81 M 0 16 0.00 M M 8.2 15 160 M M 0 21 180
28 100 68 84 M 0 19 0.00 M M 8.8 15 160 M M 0 24 160
29 100 77 89 M 0 24 0.00 M M 10.6 18 170 M M 0 30 170
30 97 70 84 M 0 19 0.00 M M 8.0 13 150 M M 2 20 110
31 90 73 82 M 0 17 0.00 M M 9.1 20 10 M M 3 36 10
================================================================================
SM 2986 2138 0 557 0.61 M 273.4 M 31
================================================================================
AV 96.3 69.0 8.8 FASTST M M 1 MAX(MPH)
MISC ----> 30 10 44 160
================================================================================
NOTES:
# LAST OF SEVERAL OCCURRENCES
COLUMN 17 PEAK WIND IN M.P.H.
PRELIMINARY LOCAL CLIMATOLOGICAL DATA (WS FORM: F-6) , PAGE 2
STATION: LEA AIRPORT, HOBBS
MONTH: AUGUST
YEAR: 2020
LATITUDE: 32 40 N
LONGITUDE: 103-12 E
[TEMPERATURE DATA] [PRECIPITATION DATA] SYMBOLS USED IN COLUMN 16
AVERAGE MONTHLY: 82.6 TOTAL FOR MONTH: 0.61 1 = FOG OR MIST
DPTR FM NORMAL: 0.0 DPTR FM NORMAL: M 2 = FOG REDUCING VISIBILITY
HIGHEST: 104 ON 13 GRTST 24HR 0.33 ON 5- 5 TO 1/4 MILE OR LESS
LOWEST: 63 ON 18 3 = THUNDER
SNOW, ICE PELLETS, HAIL 4 = ICE PELLETS
TOTAL MONTH: M 5 = HAIL
GRTST 24HR M ON M 6 = FREEZING RAIN OR DRIZZLE
GRTST DEPTH: M ON M 7 = DUSTSTORM OR SANDSTORM:
VSBY 1/2 MILE OR LESS
8 = SMOKE OR HAZE
[NO. OF DAYS WITH] [WEATHER - DAYS WITH] 9 = BLOWING SNOW
X = TORNADO
MAX 32 OR BELOW: 0 0.01 INCH OR MORE: 5
MAX 90 OR ABOVE: 30 0.10 INCH OR MORE: 2
MIN 32 OR BELOW: 0 0.50 INCH OR MORE: 0
MIN 0 OR BELOW: 0 1.00 INCH OR MORE: 0
[HDD (BASE 65) ]
TOTAL THIS MO. 0 CLEAR (SCALE 0-3) 28
DPTR FM NORMAL M PTCLDY (SCALE 4-7) 3
TOTAL FM JUL 1 0 CLOUDY (SCALE 8-10) 0
DPTR FM NORMAL M
[CDD (BASE 65) ]
TOTAL THIS MO. 557
DPTR FM NORMAL M [PRESSURE DATA]
TOTAL FM JAN 1 2119 HIGHEST SLP M ON M
DPTR FM NORMAL M LOWEST SLP M ON M
[REMARKS]
#FINAL-08-20#