000
CXUS54 KMAF 011110
CF6HOB
PRELIMINARY LOCAL CLIMATOLOGICAL DATA (WS FORM: F-6)
STATION: LEA AIRPORT, HOBBS
MONTH: MAY
YEAR: 2020
LATITUDE: 32 40 N
LONGITUDE: 103-12 E
TEMPERATURE IN F: :PCPN: SNOW: WIND :SUNSHINE: SKY :PK WND
================================================================================
1 2 3 4 5 6A 6B 7 8 9 10 11 12 13 14 15 16 17 18
12Z AVG MX 2MIN
DY MAX MIN AVG DEP HDD CDD WTR SNW DPTH SPD SPD DIR MIN PSBL S-S WX SPD DR
================================================================================
1 99 61 80 M 0 15 0.00 M M 12.6 23 230 M M 0 30 230
2 97 54 76 M 0 11 0.00 M M 11.8 23 240 M M 0 33 230
3 95 59 77 M 0 12 0.00 M M 9.0 16 350 M M 0 22 350
4 97 59 78 M 0 13 0.00 M M 9.0 21 280 M M 0 29 230
5 79 59 69 M 0 4 0.00 M M 15.9 28 60 M M 2 37 60
6 84 50 67 M 0 2 0.00 M M 10.8 16 130 M M 0 24 120
7 100 61 81 M 0 16 0.00 M M 13.2 23 230 M M 0 41 230
8 73 50 62 M 3 0 0.00 M M 18.8 37 20 M M 3 8 48 20
9 81 43 62 M 3 0 0.00 M M 9.8 15 110 M M 2 22 120
10 77 54 66 M 0 1 0.00 M M 12.2 20 170 M M 1 22 130
11 82 55 69 M 0 4 0.00 M M 13.7 25 160 M M 4 37 160
12 90 52 71 M 0 6 0.00 M M 9.6 15 150 M M 1 23 190
13 91 64 78 M 0 13 0.00 M M 15.8 23 160 M M 2 31 220
14 93 61 77 M 0 12 0.00 M M 11.2 23 230 M M 1 1 30 230
15 93 59 76 M 0 11 0.00 M M 8.8 20 120 M M 0 31 120
16 84 55 70 M 0 5 0.00 M M 11.3 22 100 M M 2 25 80
17 90 55 73 M 0 8 0.00 M M 11.1 17 160 M M 0 26 110
18 99 59 79 M 0 14 0.00 M M 8.4 18 250 M M 0 24 180
19 99 68 84 M 0 19 0.00 M M 10.2 16 190 M M 2 26 170
20 95 66 81 M 0 16 0.00 M M 9.5 16 100 M M 2 25 220
21 93 57 75 M 0 10 0.00 M M 13.4 21 250 M M 0 35 230
22 93 50 72 M 0 7 0.00 M M 6.0 14 220 M M 0 24 220
23 95 55 75 M 0 10 0.00 M M 11.1 24 210 M M 0 32 220
24 93 59 76 M 0 11 0.00 M M 9.9 23 150 M M 0 33 99
25 72 54 63 M 2 0 0.00 M M 14.5 26 10 M M 6 29 30
26 433 46 240 M 0 175 0.00 M M 6.5 13 250 M M 1 16 220
27 91 63 77 M 0 12 0.00 M M 8.7 12 30 M M 0 18 50
28 88 61 75 M 0 10 0.00 M M 10.1 17 30 M M 0 26 30
29 88 59 74 M 0 9 0.00 M M 9.4 18 120 M M 0 25 120
30 88 61 75 M 0 10 0.00 M M 11.1 20 140 M M 0 24 160
31 84 59 72 M 0 7 0.00 M M 9.2 15 120 M M 0 30 150
================================================================================
SM 3116 1768 8 443 0.00 M 342.8 M 29
================================================================================
AV100.5 57.0 11.1 FASTST M M 1 MAX(MPH)
MISC ----> 37 20 48 20
================================================================================
NOTES:
# LAST OF SEVERAL OCCURRENCES
COLUMN 17 PEAK WIND IN M.P.H.
PRELIMINARY LOCAL CLIMATOLOGICAL DATA (WS FORM: F-6) , PAGE 2
STATION: LEA AIRPORT, HOBBS
MONTH: MAY
YEAR: 2020
LATITUDE: 32 40 N
LONGITUDE: 103-12 E
[TEMPERATURE DATA] [PRECIPITATION DATA] SYMBOLS USED IN COLUMN 16
AVERAGE MONTHLY: 78.8 TOTAL FOR MONTH: 0.00 1 = FOG OR MIST
DPTR FM NORMAL: 0.0 DPTR FM NORMAL: M 2 = FOG REDUCING VISIBILITY
HIGHEST: 433 ON 26 GRTST 24HR 0.00 ON 1- 1 TO 1/4 MILE OR LESS
LOWEST: 43 ON 9 3 = THUNDER
SNOW, ICE PELLETS, HAIL 4 = ICE PELLETS
TOTAL MONTH: M 5 = HAIL
GRTST 24HR M ON M 6 = FREEZING RAIN OR DRIZZLE
GRTST DEPTH: M ON M 7 = DUSTSTORM OR SANDSTORM:
VSBY 1/2 MILE OR LESS
8 = SMOKE OR HAZE
[NO. OF DAYS WITH] [WEATHER - DAYS WITH] 9 = BLOWING SNOW
X = TORNADO
MAX 32 OR BELOW: 0 0.01 INCH OR MORE: 0
MAX 90 OR ABOVE: 19 0.10 INCH OR MORE: 0
MIN 32 OR BELOW: 0 0.50 INCH OR MORE: 0
MIN 0 OR BELOW: 0 1.00 INCH OR MORE: 0
[HDD (BASE 65) ]
TOTAL THIS MO. 8 CLEAR (SCALE 0-3) 29
DPTR FM NORMAL M PTCLDY (SCALE 4-7) 2
TOTAL FM JUL 1 2846 CLOUDY (SCALE 8-10) 0
DPTR FM NORMAL M
[CDD (BASE 65) ]
TOTAL THIS MO. 443
DPTR FM NORMAL M [PRESSURE DATA]
TOTAL FM JAN 1 500 HIGHEST SLP M ON M
DPTR FM NORMAL M LOWEST SLP M ON M
[REMARKS]
#FINAL-05-20#