000
CXUS54 KMAF 011210
CF6HOB
PRELIMINARY LOCAL CLIMATOLOGICAL DATA (WS FORM: F-6)
STATION: LEA AIRPORT, HOBBS
MONTH: NOVEMBER
YEAR: 2023
LATITUDE: 32 40 N
LONGITUDE: 103-12 E
TEMPERATURE IN F: :PCPN: SNOW: WIND :SUNSHINE: SKY :PK WND
================================================================================
1 2 3 4 5 6A 6B 7 8 9 10 11 12 13 14 15 16 17 18
12Z AVG MX 2MIN
DY MAX MIN AVG DEP HDD CDD WTR SNW DPTH SPD SPD DIR MIN PSBL S-S WX SPD DR
================================================================================
1 59 28 44 M 21 0 0.00 M M 8.9 17 160 M M 0 21 170
2 70 34 52 M 13 0 0.00 M M 8.2 15 180 M M 0 20 180
3 81 37 59 M 6 0 0.00 M M 9.7 17 230 M M 1 22 220
4 82 39 61 M 4 0 0.00 M M 6.6 13 260 M M 0 17 250
5 81 41 61 M 4 0 0.00 M M 8.2 13 200 M M 0 16 200
6 84 46 65 M 0 0 0.00 M M 10.3 17 250 M M 0 29 250
7 86 46 66 M 0 1 0.00 M M 12.9 28 240 M M 0 37 240
8 84 50 67 M 0 2 0.00 M M 13.5 26 240 M M 0 38 240
9 57 46 52 M 13 0 0.01 M M 13.9 20 30 M M 10 30 50
10 48 41 45 M 20 0 0.01 M M 8.8 13 60 M M 10 16 30
11 57 41 49 M 16 0 0.00 M M 5.9 9 190 M M 6 1 M M
12 63 39 51 M 14 0 0.00 M M 4.9 14 160 M M 8 12 20 160
13 57 45 51 M 14 0 0.00 M M 6.5 13 130 M M 9 18 M M
14 54 46 50 M 15 0 0.00 M M 6.9 12 160 M M 9 12 M M
15 61 41 51 M 14 0 0.00 M M 5.8 10 150 M M 7 12 14 210
16 66 41 54 M 11 0 0.00 M M 6.3 12 200 M M 5 2 16 190
17 70 52 61 M 4 0 0.00 M M 10.6 22 340 M M 1 28 340
18 66 46 56 M 9 0 0.00 M M 8.7 15 150 M M 5 12 17 140
19 81 45 63 M 2 0 0.00 M M 11.7 26 250 M M 5 12 29 240
20 64 43 54 M 11 0 0.00 M M 15.6 23 320 M M 3 29 320
21 55 34 45 M 20 0 0.00 M M 17.0 31 350 M M 1 40 360
22 61 30 46 M 19 0 0.00 M M 8.4 13 230 M M 0 14 260
23 63 30 47 M 18 0 0.00 M M 6.7 12 170 M M 0 17 170
24 45 32 39 M 26 0 0.00 M M 13.0 22 360 M M 3 26 360
25 54 34 44 M 21 0 0.00 M M 7.5 14 330 M M 7 1 16 170
26 50 28 39 M 26 0 0.00 M M 8.0 18 20 M M 3 18 17 20
27 50 28 39 M 26 0 0.00 M M 4.7 12 150 M M 6 8 14 150
28 55 27 41 M 24 0 0.00 M M 6.1 13 190 M M 2 M M
29 63 36 50 M 15 0 0.00 M M 6.9 14 160 M M 1 1 17 140
30 63 37 50 M 15 0 0.00 M M 14.2 33 230 M M 5 12 45 230
================================================================================
SM 1930 1163 401 3 0.02 M 276.4 M 107
================================================================================
AV 64.3 38.8 9.2 FASTST M M 4 MAX(MPH)
MISC ----> 33 230 45 230
================================================================================
NOTES:
# LAST OF SEVERAL OCCURRENCES
COLUMN 17 PEAK WIND IN M.P.H.
PRELIMINARY LOCAL CLIMATOLOGICAL DATA (WS FORM: F-6) , PAGE 2
STATION: LEA AIRPORT, HOBBS
MONTH: NOVEMBER
YEAR: 2023
LATITUDE: 32 40 N
LONGITUDE: 103-12 E
[TEMPERATURE DATA] [PRECIPITATION DATA] SYMBOLS USED IN COLUMN 16
AVERAGE MONTHLY: 51.6 TOTAL FOR MONTH: 0.02 1 = FOG OR MIST
DPTR FM NORMAL: 0.0 DPTR FM NORMAL: -0.57 2 = FOG REDUCING VISIBILITY
HIGHEST: 86 ON 7 GRTST 24HR 0.01 ON 9- 9 TO 1/4 MILE OR LESS
LOWEST: 27 ON 28 3 = THUNDER
SNOW, ICE PELLETS, HAIL 4 = ICE PELLETS
TOTAL MONTH: M 5 = HAIL
GRTST 24HR M ON M 6 = FREEZING RAIN OR DRIZZLE
GRTST DEPTH: M ON M 7 = DUSTSTORM OR SANDSTORM:
VSBY 1/2 MILE OR LESS
8 = SMOKE OR HAZE
[NO. OF DAYS WITH] [WEATHER - DAYS WITH] 9 = BLOWING SNOW
X = TORNADO
MAX 32 OR BELOW: 0 0.01 INCH OR MORE: 2
MAX 90 OR ABOVE: 0 0.10 INCH OR MORE: 0
MIN 32 OR BELOW: 7 0.50 INCH OR MORE: 0
MIN 0 OR BELOW: 0 1.00 INCH OR MORE: 0
[HDD (BASE 65) ]
TOTAL THIS MO. 401 CLEAR (SCALE 0-3) 16
DPTR FM NORMAL M PTCLDY (SCALE 4-7) 9
TOTAL FM JUL 1 526 CLOUDY (SCALE 8-10) 5
DPTR FM NORMAL M
[CDD (BASE 65) ]
TOTAL THIS MO. 3
DPTR FM NORMAL M [PRESSURE DATA]
TOTAL FM JAN 1 2998 HIGHEST SLP M ON M
DPTR FM NORMAL M LOWEST SLP M ON M
[REMARKS]
#FINAL-11-23#