000
CXUS54 KLZK 011230
CF6HOT
PRELIMINARY LOCAL CLIMATOLOGICAL DATA (WS FORM: F-6)
STATION: HOT SPRINGS MEMORIAL FIELD
MONTH: DECEMBER
YEAR: 2021
LATITUDE: 34 28 N
LONGITUDE: 93 6 W
TEMPERATURE IN F: :PCPN: SNOW: WIND :SUNSHINE: SKY :PK WND
================================================================================
1 2 3 4 5 6A 6B 7 8 9 10 11 12 13 14 15 16 17 18
12Z AVG MX 2MIN
DY MAX MIN AVG DEP HDD CDD WTR SNW DPTH SPD SPD DIR MIN PSBL S-S WX SPD DR
================================================================================
1 66 46 56 8 9 0 0.00 M M 5.8 15 230 M M 2 18 19 250
2 78 41 60 12 5 0 0.00 M M 1.5 5 330 M M 7 12 M M
3 69 44 57 10 8 0 0.00 M M M M M M M M M M
4 67 58 63 16 2 0 0.01 M M M M M M M M M M
5 73 55 64 17 1 0 0.14 M M 7.3 14 220 M M 9 1 23 230
6 68 36 52 6 13 0 0.15 M M 9.1 16 360 M M 3 13 26 330
7 50 31 41 -5 24 0 0.00 M M 6.1 16 80 M M 4 24 120
8 59 33 46 0 19 0 0.00 M M 3.0 8 170 M M 0 12 160
9 64 46 55 9 10 0 0.00 M M 5.0 13 150 M M 9 128 18 160
10 76 63 70 24 0 5 1.09 M M 8.1 25 240 M M 8 1238 42 250
11 67 32 50 5 15 0 0.00 M M 6.0 17 300 M M 1 3 28 290
12 53 27 40 -5 25 0 0.00 M M 3.3 12 160 M M 0 12 15 160
13 62 29 46 1 19 0 0.00 M M 3.4 10 250 M M 2 14 230
14 67 53 60 15 5 0 0.15 M M 5.8 12 140 M M 10 1 16 180
15 72 67 70 25 0 5 T M M 8.5 14 190 M M 9 1 23 190
16 75 54 65 21 0 0 0.22 M M 8.3 15 210 M M 9 13 23 200
17 73 51 62 18 3 0 0.26 M M 4.7 12 170 M M 7 12 19 190
18 67 40 54 10 11 0 1.07 M M 4.2 12 330 M M 6 13 18 200
19 47 28 38 -6 27 0 0.00 M M 4.5 13 30 M M 0 17 10
20 40 27 34 -10 31 0 0.01 M M 1.1 8 310 M M 7 12 12 300
21 58 31 45 1 20 0 0.00 M M 3.4 9 240 M M 2 12 13 230
22 56 31 44 0 21 0 0.00 M M 4.6 13 90 M M 1 12 17 90
23 66 38 52 9 13 0 0.00 M M 7.3 15 190 M M 6 22 180
24 72 60 66 23 0 1 0.00 M M 12.2 20 200 M M 7 1 28 230
25 79 56 68 25 0 3 0.00 M M 8.8 22 240 M M 3 27 230
26 70 54 62 19 3 0 0.00 M M 4.4 15 200 M M 5 18 22 200
27 75 60 68 25 0 3 0.00 M M 7.0 16 230 M M 8 1 23 230
28 76 56 66 23 0 1 0.00 M M 7.1 17 230 M M 7 1 26 230
29 59 49 54 11 11 0 0.65 M M 3.1 13 60 M M 7 123 17 80
30 65 49 57 14 8 0 0.00 M M 2.2 10 230 M M 7 12 12 230
31 72 51 62 19 3 0 T M M 3.5 15 230 M M 6 18 19 240
================================================================================
SM 2041 1396 306 18 3.75 M 159.3 M 152
================================================================================
AV 65.8 45.0 5.5 FASTST M M 5 MAX(MPH)
MISC ----> 25 240 42 250
================================================================================
NOTES:
# LAST OF SEVERAL OCCURRENCES
COLUMN 17 PEAK WIND IN M.P.H.
PRELIMINARY LOCAL CLIMATOLOGICAL DATA (WS FORM: F-6) , PAGE 2
STATION: HOT SPRINGS MEMORIAL FIELD
MONTH: DECEMBER
YEAR: 2021
LATITUDE: 34 28 N
LONGITUDE: 93 6 W
[TEMPERATURE DATA] [PRECIPITATION DATA] SYMBOLS USED IN COLUMN 16
AVERAGE MONTHLY: 55.4 TOTAL FOR MONTH: 3.75 1 = FOG OR MIST
DPTR FM NORMAL: 10.7 DPTR FM NORMAL: -0.89 2 = FOG REDUCING VISIBILITY
HIGHEST: 79 ON 25 GRTST 24HR 1.09 ON 10-10 TO 1/4 MILE OR LESS
LOWEST: 27 ON 12,20 3 = THUNDER
SNOW, ICE PELLETS, HAIL 4 = ICE PELLETS
TOTAL MONTH: M 5 = HAIL
GRTST 24HR M ON M 6 = FREEZING RAIN OR DRIZZLE
GRTST DEPTH: M ON M 7 = DUSTSTORM OR SANDSTORM:
VSBY 1/2 MILE OR LESS
8 = SMOKE OR HAZE
[NO. OF DAYS WITH] [WEATHER - DAYS WITH] 9 = BLOWING SNOW
X = TORNADO
MAX 32 OR BELOW: 0 0.01 INCH OR MORE: 10
MAX 90 OR ABOVE: 0 0.10 INCH OR MORE: 8
MIN 32 OR BELOW: 8 0.50 INCH OR MORE: 3
MIN 0 OR BELOW: 0 1.00 INCH OR MORE: 2
[HDD (BASE 65) ]
TOTAL THIS MO. 306 CLEAR (SCALE 0-3) 9
DPTR FM NORMAL -325 PTCLDY (SCALE 4-7) 14
TOTAL FM JUL 1 796 CLOUDY (SCALE 8-10) 8
DPTR FM NORMAL -350
[CDD (BASE 65) ]
TOTAL THIS MO. 18
DPTR FM NORMAL 16 [PRESSURE DATA]
TOTAL FM JAN 1 2264 HIGHEST SLP 30.41 ON 19
DPTR FM NORMAL 56 LOWEST SLP 29.55 ON 28
[REMARKS]
#FINAL-12-21#