000
CXUS54 KHGX 251637
CF6HOU
PRELIMINARY LOCAL CLIMATOLOGICAL DATA (WS FORM: F-6)
STATION: HOUSTON/HOBBY AIRPORT
MONTH: SEPTEMBER
YEAR: 2020
LATITUDE: 29 38 N
LONGITUDE: 95 17 W
TEMPERATURE IN F: :PCPN: SNOW: WIND :SUNSHINE: SKY :PK WND
================================================================================
1 2 3 4 5 6A 6B 7 8 9 10 11 12 13 14 15 16 17 18
12Z AVG MX 2MIN
DY MAX MIN AVG DEP HDD CDD WTR SNW DPTH SPD SPD DIR MIN PSBL S-S WX SPD DR
================================================================================
1 97 84 91 7 0 26 0.00 0.0 0 14.1 23 190 M M 5 31 170
2 99 82 91 7 0 26 0.00 0.0 0 10.7 21 160 M M 6 26 160
3 96 82 89 6 0 24 0.01 0.0 0 6.0 15 140 M M 7 3 19 170
4 95 80 88 5 0 23 0.12 0.0 0 7.5 18 110 M M 7 38 23 170
5 94 79 87 4 0 22 0.00 0.0 0 8.8 23 40 M M 8 29 50
6 97 77 87 4 0 22 0.04 0.0 0 5.0 15 270 M M 8 3 20 260
7 94 76 85 2 0 20 0.08 0.0 0 4.2 21 250 M M 5 3 30 240
8 90 77 84 1 0 19 0.02 0.0 0 6.9 22 210 M M 8 28 210
9 93 80 87 5 0 22 T 0.0 0 8.6 18 130 M M 7 22 120
10 94 75 85 3 0 20 0.36 0.0 0 6.9 21 40 M M 7 13 26 40
11 93 73 83 1 0 18 T 0.0 0 8.6 15 350 M M 6 3 17 10
12 96 76 86 4 0 21 T 0.0 0 8.8 17 100 M M 5 23 90
13 95 78 87 5 0 22 0.06 0.0 0 9.1 24 20 M M 7 8 29 20
14 94 79 87 5 0 22 0.00 0.0 0 12.0 18 10 M M 7 23 10
15 97 79 88 7 0 23 0.00 0.0 0 10.3 18 40 M M 5 26 50
16 96 80 88 7 0 23 T 0.0 0 8.0 21 10 M M 5 25 10
17 92 79 86 5 0 21 T 0.0 0 9.8 18 60 M M 8 22 60
18 92 77 85 4 0 20 0.00 0.0 0 13.7 21 20 M M 8 8 28 10
19 88 73 81 1 0 16 0.00 0.0 0 16.1 25 30 M M 5 31 30
20 76 69 73 -7 0 8 1.10 0.0 0 16.5 25 30 M M 7 18 33 30
21 78 71 75 -5 0 10 3.82 0.0 0 19.2 26 50 M M 10 13 32 50
22 82 74 78 -2 0 13 7.32 0.0 0 10.3 22 90 M M 9 18 26 80
23 81 72 77 -3 0 12 0.12 0.0 0 10.5 21 320 M M 10 1 25 330
24 76 69 73 -6 0 8 T 0.0 0 6.8 12 330 M M 10 20 10
25 85 71 78 -1 0 13 0.00 0.0 0 4.5 12 130 M M 6 13 120
26 89 68 79 0 0 14 0.00 0.0 0 4.3 13 140 M M 2 18 16 140
27 92 74 83 4 0 18 0.00 0.0 0 10.2 16 180 M M 3 23 180
28 80 69 75 -3 0 10 0.02 0.0 0 12.3 25 360 M M 7 34 350
29 83 58 71 -7 0 6 0.00 0.0 0 7.6 22 360 M M 1 25 350
30 86 59 73 -5 0 8 0.00 0.0 0 4.5 12 190 M M 0 15 210
================================================================================
SM 2700 2240 0 530 13.07 0.0 281.8 M 189
================================================================================
AV 90.0 74.7 9.4 FASTST M M 6 MAX(MPH)
MISC ----> 26 50 34 350
================================================================================
NOTES:
# LAST OF SEVERAL OCCURRENCES
COLUMN 17 PEAK WIND IN M.P.H.
PRELIMINARY LOCAL CLIMATOLOGICAL DATA (WS FORM: F-6) , PAGE 2
STATION: HOUSTON/HOBBY AIRPORT
MONTH: SEPTEMBER
YEAR: 2020
LATITUDE: 29 38 N
LONGITUDE: 95 17 W
[TEMPERATURE DATA] [PRECIPITATION DATA] SYMBOLS USED IN COLUMN 16
AVERAGE MONTHLY: 82.3 TOTAL FOR MONTH: 13.07 1 = FOG OR MIST
DPTR FM NORMAL: 1.2 DPTR FM NORMAL: 7.31 2 = FOG REDUCING VISIBILITY
HIGHEST: 99 ON 2 GRTST 24HR 7.32 ON 22-22 TO 1/4 MILE OR LESS
LOWEST: 58 ON 29 3 = THUNDER
SNOW, ICE PELLETS, HAIL 4 = ICE PELLETS
TOTAL MONTH: 0.0 INCH 5 = HAIL
GRTST 24HR 0.0 6 = FREEZING RAIN OR DRIZZLE
GRTST DEPTH: 0 7 = DUSTSTORM OR SANDSTORM:
VSBY 1/2 MILE OR LESS
8 = SMOKE OR HAZE
[NO. OF DAYS WITH] [WEATHER - DAYS WITH] 9 = BLOWING SNOW
X = TORNADO
MAX 32 OR BELOW: 0 0.01 INCH OR MORE: 12
MAX 90 OR ABOVE: 19 0.10 INCH OR MORE: 6
MIN 32 OR BELOW: 0 0.50 INCH OR MORE: 3
MIN 0 OR BELOW: 0 1.00 INCH OR MORE: 3
[HDD (BASE 65) ]
TOTAL THIS MO. 0 CLEAR (SCALE 0-3) 3
DPTR FM NORMAL 0 PTCLDY (SCALE 4-7) 21
TOTAL FM JUL 1 0 CLOUDY (SCALE 8-10) 6
DPTR FM NORMAL 0
[CDD (BASE 65) ]
TOTAL THIS MO. 530
DPTR FM NORMAL 47 [PRESSURE DATA]
TOTAL FM JAN 1 3436 HIGHEST SLP M ON M
DPTR FM NORMAL 458 LOWEST SLP 29.73 ON 23
[REMARKS]
#FINAL-09-20#