000
CXUS55 KSEW 011030
CF6HQM
PRELIMINARY LOCAL CLIMATOLOGICAL DATA (WS FORM: F-6)
STATION: HOQUIAM WA AIRPORT
MONTH: JANUARY
YEAR: 2022
LATITUDE: 46 58 N
LONGITUDE: 123 56 W
TEMPERATURE IN F: :PCPN: SNOW: WIND :SUNSHINE: SKY :PK WND
================================================================================
1 2 3 4 5 6A 6B 7 8 9 10 11 12 13 14 15 16 17 18
12Z AVG MX 2MIN
DY MAX MIN AVG DEP HDD CDD WTR SNW DPTH SPD SPD DIR MIN PSBL S-S WX SPD DR
================================================================================
1 40 27 34 -8 31 0 0.00 M M 10.0 16 100 M M 9 21 80
2 49 36 43 1 22 0 1.38 M M 14.3 33 190 M M 10 1 44 200
3 46 35 41 -1 24 0 0.32 M M 10.9 35 230 M M 7 1 49 230
4 44 34 39 -3 26 0 0.27 M M 6.4 37 240 M M 7 1 47 230
5 39 33 36 -6 29 0 0.78 M M 8.9 25 70 M M 10 12 34 70
6 52 37 45 3 20 0 5.78 M M 21.3 43 200 M M 10 1 56 200
7 51 39 45 3 20 0 0.53 M M 15.6 36 200 M M 9 1 49 200
8 47 35 41 -1 24 0 0.04 M M 6.5 15 160 M M 7 1 18 160
9 53 36 45 3 20 0 0.00 M M 12.0 18 100 M M 0 22 100
10 52 38 45 3 20 0 0.55 M M 10.4 20 160 M M 8 1 27 80
11 54 51 53 10 12 0 2.84 M M 19.9 31 190 M M 10 1 42 200
12 57 51 54 11 11 0 1.02 M M 13.1 24 190 M M 8 1 32 190
13 55 43 49 6 16 0 0.52 M M 8.6 16 170 M M 7 1 22 160
14 54 42 48 5 17 0 0.00 M M 6.1 14 90 M M 4 1 18 110
15 48 41 45 2 20 0 0.00 M M 5.2 13 80 M M 8 12 15 80
16 49 41 45 2 20 0 0.00 M M 9.1 14 110 M M 6 18 80
17 50 39 45 2 20 0 0.07 M M 5.4 14 220 M M 10 128 18 200
18 50 47 49 6 16 0 0.05 M M 7.4 16 260 M M 10 1 20 250
19 52 46 49 6 16 0 0.15 M M 7.1 13 100 M M 10 1 18 70
20 53 44 49 6 16 0 0.39 M M 14.3 25 290 M M 9 18 34 290
21 46 36 41 -2 24 0 0.00 M M 3.7 9 80 M M 6 12 13 120
22 51 35 43 0 22 0 0.00 M M 10.6 20 70 M M 1 12 28 80
23 49 39 44 1 21 0 0.00 M M 12.4 21 100 M M 2 24 110
24 46 38 42 -1 23 0 0.00 M M 11.6 18 110 M M 7 1 24 80
25 52 38 45 2 20 0 0.00 M M 11.0 18 110 M M 3 22 80
26 52 36 44 1 21 0 0.00 M M 10.9 17 100 M M 1 24 140
27 55 35 45 2 20 0 0.00 M M 13.7 22 100 M M 0 28 100
28 49 31 40 -3 25 0 0.00 M M 5.9 14 90 M M 1 1 18 80
29 52 32 42 -1 23 0 0.05 M M 5.7 14 100 M M 4 1 16 100
30 51 41 46 3 19 0 0.48 M M 14.5 36 200 M M 10 18 49 190
31 47 35 41 -2 24 0 0.20 M M 10.0 26 290 M M 6 8 37 300
================================================================================
SM 1545 1191 642 0 15.42 M 322.5 M 200
================================================================================
AV 49.8 38.4 10.4 FASTST M M 6 MAX(MPH)
MISC ----> 43 200 56 200
================================================================================
NOTES:
# LAST OF SEVERAL OCCURRENCES
COLUMN 17 PEAK WIND IN M.P.H.
PRELIMINARY LOCAL CLIMATOLOGICAL DATA (WS FORM: F-6) , PAGE 2
STATION: HOQUIAM WA AIRPORT
MONTH: JANUARY
YEAR: 2022
LATITUDE: 46 58 N
LONGITUDE: 123 56 W
[TEMPERATURE DATA] [PRECIPITATION DATA] SYMBOLS USED IN COLUMN 16
AVERAGE MONTHLY: 44.1 TOTAL FOR MONTH: 15.42 1 = FOG OR MIST
DPTR FM NORMAL: 1.3 DPTR FM NORMAL: 4.51 2 = FOG REDUCING VISIBILITY
HIGHEST: 57 ON 12 GRTST 24HR 5.78 ON 6- 6 TO 1/4 MILE OR LESS
LOWEST: 27 ON 1 3 = THUNDER
SNOW, ICE PELLETS, HAIL 4 = ICE PELLETS
TOTAL MONTH: M 5 = HAIL
GRTST 24HR M ON M 6 = FREEZING RAIN OR DRIZZLE
GRTST DEPTH: M ON M 7 = DUSTSTORM OR SANDSTORM:
VSBY 1/2 MILE OR LESS
8 = SMOKE OR HAZE
[NO. OF DAYS WITH] [WEATHER - DAYS WITH] 9 = BLOWING SNOW
X = TORNADO
MAX 32 OR BELOW: 0 0.01 INCH OR MORE: 18
MAX 90 OR ABOVE: 0 0.10 INCH OR MORE: 14
MIN 32 OR BELOW: 3 0.50 INCH OR MORE: 8
MIN 0 OR BELOW: 0 1.00 INCH OR MORE: 4
[HDD (BASE 65) ]
TOTAL THIS MO. 642 CLEAR (SCALE 0-3) 7
DPTR FM NORMAL -48 PTCLDY (SCALE 4-7) 13
TOTAL FM JUL 1 2515 CLOUDY (SCALE 8-10) 11
DPTR FM NORMAL -314
[CDD (BASE 65) ]
TOTAL THIS MO. 0
DPTR FM NORMAL 0 [PRESSURE DATA]
TOTAL FM JAN 1 0 HIGHEST SLP 30.69 ON 21
DPTR FM NORMAL 0 LOWEST SLP 29.30 ON 7
[REMARKS]
#FINAL-01-22#