000
CXUS55 KSEW 011030
CF6HQM
PRELIMINARY LOCAL CLIMATOLOGICAL DATA (WS FORM: F-6)
STATION: HOQUIAM WA AIRPORT
MONTH: JANUARY
YEAR: 2021
LATITUDE: 46 58 N
LONGITUDE: 123 56 W
TEMPERATURE IN F: :PCPN: SNOW: WIND :SUNSHINE: SKY :PK WND
================================================================================
1 2 3 4 5 6A 6B 7 8 9 10 11 12 13 14 15 16 17 18
12Z AVG MX 2MIN
DY MAX MIN AVG DEP HDD CDD WTR SNW DPTH SPD SPD DIR MIN PSBL S-S WX SPD DR
================================================================================
1 51 46 49 7 16 0 0.99 M M 15.2 31 210 M M 10 1 38 210
2 51 43 47 5 18 0 2.72 M M 20.9 40 210 M M 10 1 53 210
3 51 42 47 5 18 0 0.63 M M 12.9 31 230 M M 8 1 40 230
4 52 41 47 5 18 0 1.77 M M 11.4 29 180 M M 9 18 38 180
5 48 42 45 3 20 0 1.52 M M 13.3 35 180 M M 8 1 45 190
6 50 36 43 1 22 0 0.05 M M 5.9 16 180 M M 6 1 20 190
7 50 36 43 1 22 0 0.00 M M 10.9 22 80 M M 4 12 28 80
8 51 34 43 1 22 0 0.22 M M 7.5 20 130 M M 5 18 22 130
9 44 34 39 -3 26 0 0.16 M M 11.7 21 80 M M 6 1 27 70
10 50 42 46 4 19 0 0.14 M M 9.3 14 190 M M 10 1 17 180
11 52 47 50 8 15 0 2.32 M M 14.2 37 150 M M 10 18 42 140
12 54 48 51 8 14 0 1.89 M M 22.1 48 230 M M 10 1 59 230
13 51 41 46 3 19 0 0.04 M M 12.1 36 280 M M 3 43 270
14 53 41 47 4 18 0 0.23 M M 12.0 20 90 M M 7 18 28 100
15 52 40 46 3 19 0 0.06 M M 3.7 14 250 M M 9 128 16 230
16 47 41 44 1 21 0 0.07 M M 7.1 15 100 M M 7 1 17 100
17 52 37 45 2 20 0 0.15 M M 7.2 16 220 M M 6 18 20 210
18 50 36 43 0 22 0 0.00 M M 5.8 17 80 M M 6 12 22 70
19 50 34 42 -1 23 0 0.00 M M 6.2 14 110 M M 2 1 16 80
20 47 35 41 -2 24 0 0.02 M M 5.9 12 100 M M 10 1 12 100
21 46 38 42 -1 23 0 0.05 M M 8.1 17 70 M M 8 1 22 60
22 48 33 41 -2 24 0 0.00 M M 5.3 13 70 M M 7 16 60
23 44 30 37 -6 28 0 0.00 M M 5.7 12 200 M M 7 1 13 230
24 43 36 40 -3 25 0 0.51 M M 6.6 21 270 M M 10 1 29 280
25 43 33 38 -5 27 0 0.47 M M 4.8 17 190 M M 8 1 20 190
26 39 34 37 -6 28 0 0.35 M M 15.3 26 80 M M 9 1 38 80
27 43 37 40 -3 25 0 0.16 M M 8.4 17 140 M M 9 1 19 140
28 49 33 41 -2 24 0 0.05 M M 5.2 13 110 M M 8 18 14 100
29 45 35 40 -3 25 0 0.06 M M 10.6 25 160 M M 10 12 29 160
30 47 40 44 1 21 0 0.40 M M 10.6 15 110 M M 10 1 20 110
31 46 43 45 2 20 0 2.24 M M 7.2 15 120 M M 10 1 18 130
================================================================================
SM 1499 1188 666 0 17.27 M 303.1 M 242
================================================================================
AV 48.4 38.3 9.8 FASTST M M 8 MAX(MPH)
MISC ----> 48 230 59 230
================================================================================
NOTES:
# LAST OF SEVERAL OCCURRENCES
COLUMN 17 PEAK WIND IN M.P.H.
PRELIMINARY LOCAL CLIMATOLOGICAL DATA (WS FORM: F-6) , PAGE 2
STATION: HOQUIAM WA AIRPORT
MONTH: JANUARY
YEAR: 2021
LATITUDE: 46 58 N
LONGITUDE: 123 56 W
[TEMPERATURE DATA] [PRECIPITATION DATA] SYMBOLS USED IN COLUMN 16
AVERAGE MONTHLY: 43.3 TOTAL FOR MONTH: 17.27 1 = FOG OR MIST
DPTR FM NORMAL: 0.7 DPTR FM NORMAL: 6.94 2 = FOG REDUCING VISIBILITY
HIGHEST: 54 ON 12 GRTST 24HR 2.72 ON 2- 2 TO 1/4 MILE OR LESS
LOWEST: 30 ON 23 3 = THUNDER
SNOW, ICE PELLETS, HAIL 4 = ICE PELLETS
TOTAL MONTH: M 5 = HAIL
GRTST 24HR M ON M 6 = FREEZING RAIN OR DRIZZLE
GRTST DEPTH: M ON M 7 = DUSTSTORM OR SANDSTORM:
VSBY 1/2 MILE OR LESS
8 = SMOKE OR HAZE
[NO. OF DAYS WITH] [WEATHER - DAYS WITH] 9 = BLOWING SNOW
X = TORNADO
MAX 32 OR BELOW: 0 0.01 INCH OR MORE: 26
MAX 90 OR ABOVE: 0 0.10 INCH OR MORE: 18
MIN 32 OR BELOW: 1 0.50 INCH OR MORE: 9
MIN 0 OR BELOW: 0 1.00 INCH OR MORE: 6
[HDD (BASE 65) ]
TOTAL THIS MO. 666 CLEAR (SCALE 0-3) 1
DPTR FM NORMAL -28 PTCLDY (SCALE 4-7) 15
TOTAL FM JUL 1 2599 CLOUDY (SCALE 8-10) 15
DPTR FM NORMAL -297
[CDD (BASE 65) ]
TOTAL THIS MO. 0
DPTR FM NORMAL 0 [PRESSURE DATA]
TOTAL FM JAN 1 0 HIGHEST SLP 30.60 ON 18
DPTR FM NORMAL 0 LOWEST SLP 29.36 ON 26
[REMARKS]
#FINAL-01-21#