000
CXUS55 KSEW 030153
CF6HQM
PRELIMINARY LOCAL CLIMATOLOGICAL DATA (WS FORM: F-6)
STATION: HOQUIAM WA AIRPORT
MONTH: OCTOBER
YEAR: 2020
LATITUDE: 46 58 N
LONGITUDE: 123 56 W
TEMPERATURE IN F: :PCPN: SNOW: WIND :SUNSHINE: SKY :PK WND
================================================================================
1 2 3 4 5 6A 6B 7 8 9 10 11 12 13 14 15 16 17 18
12Z AVG MX 2MIN
DY MAX MIN AVG DEP HDD CDD WTR SNW DPTH SPD SPD DIR MIN PSBL S-S WX SPD DR
================================================================================
1 64 54 59 3 6 0 0.00 0.0 0 3.4 14 260 M M 8 12 16 250
2 58 50 54 -2 11 0 0.00 0.0 0 4.5 13 250 M M 10 12 15 260
3 60 54 57 2 8 0 0.00 0.0 0 3.3 9 300 M M 10 1 12 310
4 64 52 58 3 7 0 0.00 0.0 0 4.6 15 260 M M 10 12 20 280
5 68 50 59 4 6 0 0.00 0.0 0 3.7 12 280 M M 3 12 14 280
6 70 49 60 5 5 0 0.00 0.0 0 3.8 13 260 M M 1 12 14 260
7 70 50 60 6 5 0 0.00 0.0 0 6.2 15 260 M M 4 12 16 260
8 63 55 59 5 6 0 0.03 0.0 0 6.2 14 220 M M 10 18 16 250
9 61 57 59 5 6 0 0.72 0.0 0 11.5 28 190 M M 10 1 36 200
10 61 51 56 2 9 0 0.86 0.0 0 10.4 36 230 M M 7 1 42 220
11 61 49 55 2 10 0 0.84 0.0 0 16.6 44 220 M M 8 1 53 220
12 60 51 56 3 9 0 0.05 0.0 0 8.7 24 290 M M 4 30 290
13 62 51 57 4 8 0 0.46 0.0 0 19.7 38 220 M M 9 138 46 210
14 60 47 54 1 11 0 0.05 0.0 0 7.0 15 290 M M 2 19 330
15 60 39 50 -2 15 0 0.00 0.0 0 4.8 10 120 M M 5 8 11 120
16 61 52 57 5 8 0 0.24 0.0 0 12.8 23 290 M M 10 8 28 290
17 58 49 54 2 11 0 0.01 0.0 0 7.5 14 260 M M 7 16 290
18 59 50 55 3 10 0 0.38 0.0 0 12.1 24 240 M M 10 8 30 240
19 59 50 55 3 10 0 0.02 0.0 0 6.7 15 280 M M 10 8 18 270
20 57 47 52 1 13 0 0.03 0.0 0 4.0 13 330 M M 4 17 300
21 55 38 47 -4 18 0 0.07 0.0 0 7.2 22 290 M M 2 8 27 290
22 54 35 45 -6 20 0 0.00 0.0 0 6.0 10 100 M M 1 18 12 100
23 57 37 47 -4 18 0 0.82 0.0 0 10.0 25 190 M M 9 18 30 180
24 53 41 47 -3 18 0 0.00 0.0 0 9.3 18 70 M M 6 24 70
25 50 31 41 -9 24 0 0.00 0.0 0 9.9 22 70 M M 0 28 60
26 52 32 42 -8 23 0 0.00 0.0 0 5.0 13 250 M M 4 1 15 250
27 52 43 48 -2 17 0 0.00 0.0 0 4.3 9 110 M M 10 1 11 290
28 56 49 53 3 12 0 0.01 0.0 0 4.1 13 360 M M 10 12 15 10
29 60 46 53 4 12 0 0.00 0.0 0 2.1 10 250 M M 6 1 12 260
30 57 42 50 1 15 0 0.24 0.0 0 10.6 32 250 M M 6 1 47 230
31 58 34 46 -3 19 0 0.00 0.0 0 6.1 15 70 M M 0 1 20 70
================================================================================
SM 1840 1435 370 0 4.83 0.0 232.1 M 196
================================================================================
AV 59.4 46.3 7.5 FASTST M M 6 MAX(MPH)
MISC ----> # 44 220 # 53 220
================================================================================
NOTES:
# LAST OF SEVERAL OCCURRENCES
COLUMN 17 PEAK WIND IN M.P.H.
PRELIMINARY LOCAL CLIMATOLOGICAL DATA (WS FORM: F-6) , PAGE 2
STATION: HOQUIAM WA AIRPORT
MONTH: OCTOBER
YEAR: 2020
LATITUDE: 46 58 N
LONGITUDE: 123 56 W
[TEMPERATURE DATA] [PRECIPITATION DATA] SYMBOLS USED IN COLUMN 16
AVERAGE MONTHLY: 52.8 TOTAL FOR MONTH: 4.83 1 = FOG OR MIST
DPTR FM NORMAL: 0.6 DPTR FM NORMAL: -1.70 2 = FOG REDUCING VISIBILITY
HIGHEST: 70 ON 7, 6 GRTST 24HR 0.86 ON 10-10 TO 1/4 MILE OR LESS
LOWEST: 31 ON 25 3 = THUNDER
SNOW, ICE PELLETS, HAIL 4 = ICE PELLETS
TOTAL MONTH: 0.0 INCH 5 = HAIL
GRTST 24HR 0.0 6 = FREEZING RAIN OR DRIZZLE
GRTST DEPTH: 0 7 = DUSTSTORM OR SANDSTORM:
VSBY 1/2 MILE OR LESS
8 = SMOKE OR HAZE
[NO. OF DAYS WITH] [WEATHER - DAYS WITH] 9 = BLOWING SNOW
X = TORNADO
MAX 32 OR BELOW: 0 0.01 INCH OR MORE: 16
MAX 90 OR ABOVE: 0 0.10 INCH OR MORE: 8
MIN 32 OR BELOW: 2 0.50 INCH OR MORE: 4
MIN 0 OR BELOW: 0 1.00 INCH OR MORE: 0
[HDD (BASE 65) ]
TOTAL THIS MO. 370 CLEAR (SCALE 0-3) 7
DPTR FM NORMAL -26 PTCLDY (SCALE 4-7) 12
TOTAL FM JUL 1 738 CLOUDY (SCALE 8-10) 12
DPTR FM NORMAL -161
[CDD (BASE 65) ]
TOTAL THIS MO. 0
DPTR FM NORMAL 0 [PRESSURE DATA]
TOTAL FM JAN 1 56 HIGHEST SLP 30.62 ON 15
DPTR FM NORMAL 33 LOWEST SLP 29.57 ON 10
[REMARKS]
CORRECTEDK0K
#FINAL-10-20#