000
CXUS56 KPDT 011810
CF6HRI
PRELIMINARY LOCAL CLIMATOLOGICAL DATA (WS FORM: F-6)
STATION: HERMISTON OR
MONTH: JUNE
YEAR: 2022
LATITUDE: 45 49 N
LONGITUDE: 119 16 W
TEMPERATURE IN F: :PCPN: SNOW: WIND :SUNSHINE: SKY :PK WND
================================================================================
1 2 3 4 5 6A 6B 7 8 9 10 11 12 13 14 15 16 17 18
12Z AVG MX 2MIN
DY MAX MIN AVG DEP HDD CDD WTR SNW DPTH SPD SPD DIR MIN PSBL S-S WX SPD DR
================================================================================
1 83 52 68 3 0 3 0.01 M M 5.6 13 50 M M 4 20 10
2 85 55 70 5 0 5 0.01 M M 3.3 7 290 M M 1 M M
3 75 53 64 -1 1 0 0.12 M M 6.9 20 250 M M M 27 250
4 76 54 65 0 0 0 0.06 M M 4.2 9 50 M M M 14 80
5 78 57 68 3 0 3 0.16 M M M 32 210 M M M 3 46 210
6 78 54 66 0 0 1 T M M 11.5 23 250 M M M 32 250
7 83 44 64 -2 1 0 T M M 4.9 13 20 M M M 19 20
8 82 55 69 3 0 4 0.00 M M 8.9 22 220 M M M 16 230
9 86 58 72 6 0 7 0.00 M M 6.0 18 250 M M 3 26 260
10 76 60 68 2 0 3 0.46 M M 5.2 15 250 M M 8 1 21 250
11 77 60 69 3 0 4 0.24 M M 7.7 20 230 M M 8 1 31 220
12 64 51 58 -9 7 0 0.51 M M 10.6 26 250 M M 9 1 37 260
13 67 51 59 -8 6 0 T M M 22.8 35 250 M M 6 49 270
14 71 50 61 -6 4 0 0.00 M M 17.1 29 260 M M 1 43 260
15 81 46 64 -3 1 0 0.00 M M 5.7 18 50 M M 0 24 60
16 78 52 65 -2 0 0 0.00 M M 6.8 20 240 M M 1 27 230
17 75 54 65 -3 0 0 0.06 M M 10.0 22 240 M M 5 31 250
18 66 52 59 -9 6 0 0.02 M M 11.0 20 220 M M 7 28 220
19 76 52 64 -4 1 0 T M M 12.1 22 250 M M 7 31 250
20 78 54 66 -2 0 1 0.00 M M 8.6 18 230 M M 1 26 230
21 86 50 68 -1 0 3 0.00 M M 4.8 9 160 M M 0 12 280
22 92 53 73 4 0 8 0.00 M M 9.3 20 240 M M 0 28 230
23 83 54 69 0 0 4 0.00 M M 6.0 13 230 M M 0 20 240
24 83 53 68 -2 0 3 0.00 M M 5.5 15 70 M M 0 19 60
25 91 46 69 -1 0 4 0.00 M M 6.1 15 30 M M 0 23 10
26 96 48 72 2 0 7 0.00 M M 4.5 13 60 M M 0 20 40
27 101 56 79 9 0 14 0.00 M M 4.8 14 210 M M 0 19 240
28 89 60 75 4 0 10 0.00 M M 16.0 29 270 M M 0 40 270
29 87 56 72 1 0 7 0.00 M M 9.2 17 240 M M 0 24 270
30 90 51 71 0 0 6 0.00 M M 4.6 10 40 M M 0 15 50
================================================================================
SM 2433 1591 27 97 1.65 M 239.7 M 61
================================================================================
AV 81.1 53.0 8.3 FASTST M M 3 MAX(MPH)
MISC ----> 35 250 49 270
================================================================================
NOTES:
# LAST OF SEVERAL OCCURRENCES
COLUMN 17 PEAK WIND IN M.P.H.
PRELIMINARY LOCAL CLIMATOLOGICAL DATA (WS FORM: F-6) , PAGE 2
STATION: HERMISTON OR
MONTH: JUNE
YEAR: 2022
LATITUDE: 45 49 N
LONGITUDE: 119 16 W
[TEMPERATURE DATA] [PRECIPITATION DATA] SYMBOLS USED IN COLUMN 16
AVERAGE MONTHLY: 67.1 TOTAL FOR MONTH: 1.65 1 = FOG OR MIST
DPTR FM NORMAL: -0.5 DPTR FM NORMAL: 1.01 2 = FOG REDUCING VISIBILITY
HIGHEST: 101 ON 27 GRTST 24HR 0.60 ON 10-11 TO 1/4 MILE OR LESS
LOWEST: 44 ON 7 3 = THUNDER
SNOW, ICE PELLETS, HAIL 4 = ICE PELLETS
TOTAL MONTH: M 5 = HAIL
GRTST 24HR M ON M 6 = FREEZING RAIN OR DRIZZLE
GRTST DEPTH: M ON M 7 = DUSTSTORM OR SANDSTORM:
VSBY 1/2 MILE OR LESS
8 = SMOKE OR HAZE
[NO. OF DAYS WITH] [WEATHER - DAYS WITH] 9 = BLOWING SNOW
X = TORNADO
MAX 32 OR BELOW: 0 0.01 INCH OR MORE: 10
MAX 90 OR ABOVE: 5 0.10 INCH OR MORE: 5
MIN 32 OR BELOW: 0 0.50 INCH OR MORE: 1
MIN 0 OR BELOW: 0 1.00 INCH OR MORE: 0
[HDD (BASE 65) ]
TOTAL THIS MO. 27 CLEAR (SCALE 0-3) 16
DPTR FM NORMAL -11 PTCLDY (SCALE 4-7) 6
TOTAL FM JUL 1 4869 CLOUDY (SCALE 8-10) 8
DPTR FM NORMAL 9
[CDD (BASE 65) ]
TOTAL THIS MO. 97
DPTR FM NORMAL -19 [PRESSURE DATA]
TOTAL FM JAN 1 100 HIGHEST SLP 30.29 ON 21
DPTR FM NORMAL -57 LOWEST SLP 29.62 ON 17
[REMARKS]
#FINAL-06-22#