000
CXUS56 KPDT 030622
CF6HRI
PRELIMINARY LOCAL CLIMATOLOGICAL DATA (WS FORM: F-6)
STATION: HERMISTON OR
MONTH: MARCH
YEAR: 2021
LATITUDE: 45 49 N
LONGITUDE: 119 16 W
TEMPERATURE IN F: :PCPN: SNOW: WIND :SUNSHINE: SKY :PK WND
================================================================================
1 2 3 4 5 6A 6B 7 8 9 10 11 12 13 14 15 16 17 18
12Z AVG MX 2MIN
DY MAX MIN AVG DEP HDD CDD WTR SNW DPTH SPD SPD DIR MIN PSBL S-S WX SPD DR
================================================================================
1 65 28 47 6 18 0 0.00 M M 3.4 8 160 M M 1 11 10
2 65 35 50 9 15 0 0.00 M M 5.6 14 260 M M 3 20 280
3 65 28 47 5 18 0 0.00 M M 2.8 12 30 M M 0 14 40
4 65 28 47 5 18 0 0.00 M M 3.8 10 170 M M 0 15 110
5 76 37 57 15 8 0 0.00 M M 12.3 29 210 M M 2 40 200
6 57 34 46 3 19 0 0.04 M M 10.4 24 260 M M 5 33 250
7 56 30 43 0 22 0 0.00 M M 8.1 22 280 M M 4 30 260
8 49 32 41 -2 24 0 0.00 M M 3.3 12 10 M M 2 16 10
9 56 26 41 -3 24 0 0.00 M M 5.0 10 20 M M 1 15 330
10 56 24 40 -4 25 0 0.00 M M 3.3 9 60 M M 1 13 10
11 58 26 42 -2 23 0 0.00 M M 4.2 9 170 M M 0 8 12 170
12 60 26 43 -2 22 0 0.00 M M 3.7 9 150 M M 0 13 300
13 63 25 44 -1 21 0 0.00 M M 3.1 8 160 M M 0 10 50
14 57 28 43 -2 22 0 T M M 3.5 18 240 M M 3 25 250
15 48 37 43 -3 22 0 0.03 M M 13.6 23 230 M M 10 30 240
16 57 30 44 -2 21 0 0.00 M M 6.3 15 240 M M 5 21 250
17 63 26 45 -1 20 0 0.00 M M 5.2 13 60 M M 0 8 16 60
18 67 32 50 4 15 0 T M M 6.3 24 240 M M 2 34 240
19 63 42 53 6 12 0 0.01 M M 6.0 20 260 M M 4 24 260
20 59 35 47 0 18 0 0.00 M M 16.7 29 250 M M 2 40 270
21 55 40 48 1 17 0 T M M 18.0 29 250 M M 5 41 260
22 61 42 52 5 13 0 0.01 M M 13.8 30 260 M M 7 43 260
23 58 26 42 -6 23 0 0.00 M M 6.7 13 230 M M 1 17 220
24 56 42 49 1 16 0 T M M 15.6 30 250 M M 7 42 250
25 61 43 52 4 13 0 0.02 M M 11.6 22 240 M M 8 29 240
26 62 39 51 3 14 0 0.00 M M 12.7 20 240 M M 0 30 230
27 68 34 51 3 14 0 0.00 M M 9.0 17 250 M M 0 25 240
28 76 38 57 8 8 0 0.01 M M 19.4 47 270 M M 2 8 68 270
29 55 30 43 -6 22 0 T M M 15.5 30 250 M M 4 48 250
30 56 20 38 -11 27 0 0.00 M M 4.1 14 250 M M 0 16 250
31 67 25 46 -3 19 0 0.00 M M 4.4 13 40 M M 0 16 30
================================================================================
SM 1880 988 573 0 0.12 M 257.4 M 79
================================================================================
AV 60.6 31.9 8.3 FASTST M M 3 MAX(MPH)
MISC ----> 47 270 68 270
================================================================================
NOTES:
# LAST OF SEVERAL OCCURRENCES
COLUMN 17 PEAK WIND IN M.P.H.
PRELIMINARY LOCAL CLIMATOLOGICAL DATA (WS FORM: F-6) , PAGE 2
STATION: HERMISTON OR
MONTH: MARCH
YEAR: 2021
LATITUDE: 45 49 N
LONGITUDE: 119 16 W
[TEMPERATURE DATA] [PRECIPITATION DATA] SYMBOLS USED IN COLUMN 16
AVERAGE MONTHLY: 46.3 TOTAL FOR MONTH: 0.12 1 = FOG OR MIST
DPTR FM NORMAL: 0.4 DPTR FM NORMAL: -0.75 2 = FOG REDUCING VISIBILITY
HIGHEST: 76 ON 28, 5 GRTST 24HR 0.04 ON 6- 6 TO 1/4 MILE OR LESS
LOWEST: 20 ON 30 3 = THUNDER
SNOW, ICE PELLETS, HAIL 4 = ICE PELLETS
TOTAL MONTH: M 5 = HAIL
GRTST 24HR M ON M 6 = FREEZING RAIN OR DRIZZLE
GRTST DEPTH: M ON M 7 = DUSTSTORM OR SANDSTORM:
VSBY 1/2 MILE OR LESS
8 = SMOKE OR HAZE
[NO. OF DAYS WITH] [WEATHER - DAYS WITH] 9 = BLOWING SNOW
X = TORNADO
MAX 32 OR BELOW: 0 0.01 INCH OR MORE: 6
MAX 90 OR ABOVE: 0 0.10 INCH OR MORE: 0
MIN 32 OR BELOW: 18 0.50 INCH OR MORE: 0
MIN 0 OR BELOW: 0 1.00 INCH OR MORE: 0
[HDD (BASE 65) ]
TOTAL THIS MO. 573 CLEAR (SCALE 0-3) 20
DPTR FM NORMAL -20 PTCLDY (SCALE 4-7) 10
TOTAL FM JUL 1 3995 CLOUDY (SCALE 8-10) 1
DPTR FM NORMAL -465
[CDD (BASE 65) ]
TOTAL THIS MO. 0
DPTR FM NORMAL 0 [PRESSURE DATA]
TOTAL FM JAN 1 0 HIGHEST SLP 30.46 ON 31
DPTR FM NORMAL 0 LOWEST SLP 29.70 ON 25
[REMARKS]
#FINAL-03-21#