000
CXUS56 KPDT 011540
CLMHRI
CLIMATE REPORT
NATIONAL WEATHER SERVICE PENDLETON, OR
840 AM PDT MON APR 01 2024
...................................
...THE HERMISTON OR CLIMATE SUMMARY FOR THE MONTH OF MARCH 2024...
CLIMATE NORMAL PERIOD 1991 TO 2020
CLIMATE RECORD PERIOD 1906 TO 2024
WEATHER OBSERVED NORMAL DEPART LAST YEAR`S
VALUE DATE(S) VALUE FROM VALUE DATE(S)
NORMAL
................................................................
TEMPERATURE (F)
RECORD
HIGH 84 03/31/1911
LOW 0 03/05/2019
HIGHEST 80 03/19 71 03/13
LOWEST 19 03/06 21 03/09
03/17
AVG. MAXIMUM 61.1 59.1 2.0 56.2
AVG. MINIMUM 32.3 33.7 -1.4 30.4
MEAN 46.7 46.4 0.3 43.3
DAYS MAX >= 90 0 0.0 0.0 0
DAYS MAX <= 32 0 0.3 -0.3 0
DAYS MIN <= 32 16 15.8 0.2 20
DAYS MIN <= 0 0 0.0 0.0 0
PRECIPITATION (INCHES)
RECORD
MAXIMUM 2.72 1957
MINIMUM 0.02 1914
TOTALS 0.73 0.77 -0.04 0.63
DAILY AVG. 0.02 0.02 -0.00 0.02
DAYS >= .01 7 8.3 -1.3 8
DAYS >= .10 2 2.5 -0.5 3
DAYS >= .50 0 0.1 -0.1 0
DAYS >= 1.00 0 0.0 0.0 0
GREATEST
24 HR. TOTAL 0.36 03/27 TO 03/27 0.25 03/09 TO 03/10
DEGREE DAYS
HEATING TOTAL 561 577 -16 662
SINCE 7/1 3758 4299 -541
COOLING TOTAL 0 0 0 0
SINCE 1/1 0 0 0
................................................................
WIND (MPH)
AVERAGE WIND SPEED 7.2
RESULTANT WIND SPEED/DIRECTION 4/220
HIGHEST WIND SPEED/DIRECTION 31/210 DATE 03/01
31/270 03/12
HIGHEST GUST SPEED/DIRECTION 48/210 DATE 03/01
AVERAGE RH (PERCENT) 61
WEATHER CONDITIONS. NUMBER OF DAYS WITH
THUNDERSTORM 1 MIXED PRECIP 0
HEAVY RAIN 1 RAIN 2
LIGHT RAIN 11 FREEZING RAIN 0
LT FREEZING RAIN 0 HAIL 0
HEAVY SNOW 0 SNOW 0
LIGHT SNOW 0 SLEET 0
FOG 2 FOG W/VIS <= 1/4 MILE 0
HAZE 0
- INDICATES NEGATIVE NUMBERS.
R INDICATES RECORD WAS SET OR TIED.
MM INDICATES DATA IS MISSING.
T INDICATES TRACE AMOUNT.
$$