000
CXUS54 KHUN 051924
CLMHSV
CLIMATE REPORT
NATIONAL WEATHER SERVICE HUNTSVILLE AL
224 PM CDT TUE SEP 05 2023
...................................
...THE HUNTSVILLE CLIMATE SUMMARY FOR THE MONTH OF AUGUST 2023...
CLIMATE NORMAL PERIOD 1991 TO 2020
CLIMATE RECORD PERIOD 1894 TO 2023
WEATHER OBSERVED NORMAL DEPART LAST YEAR`S
VALUE DATE(S) VALUE FROM VALUE
NORMAL
..............................................................
TEMPERATURE (F)
RECORD
HIGH 108 08/08/1930
08/07/1930
LOW 50 08/10/1954
08/26/1917
HIGHEST 99 08/26 MM MM 95
LOWEST 62 08/17 MM MM 64
08/31
AVG. MAXIMUM 90.0 91.3 -1.3 89.2
AVG. MINIMUM 70.0 69.7 0.3 70.5
MEAN 80.0 80.5 -0.5 79.8
DAYS MAX >= 90 16 17.1 -1.1 17
DAYS MAX <= 32 0 0.0 0.0 0
DAYS MIN <= 32 0 0.0 0.0 0
DAYS MIN <= 0 0 0.0 0.0 0
PRECIPITATION (INCHES)
RECORD
MAXIMUM 12.61 1901
MINIMUM 0.08 1918
TOTALS 5.16 3.55 1.61 2.76
DAILY AVG. 0.17 0.11 0.06 0.09
DAYS >= .01 13 9.2 3.8 7
DAYS >= .10 12 5.8 6.2 5
DAYS >= .50 5 2.3 2.7 2
DAYS >= 1.00 1 1.0 0.0 1
GREATEST
24 HR. TOTAL 2.08 08/09 TO 08/10 1.17
SNOWFALL (INCHES)
RECORDS
TOTAL T 1990
24 HR TOTAL 0.0 MM
TOTALS 0.0 0.0 0.0 MM
SINCE 7/1 0.0 0.0 MM MM
DAYS >= TRACE 0 0.0 0.0 MM
DAYS >= 1.0 0 0.0 0.0 MM
GREATEST
SNOW DEPTH 0 MM
24 HR TOTAL 0.0
DEGREE DAYS
HEATING TOTAL 0 0 0 0
SINCE 7/1 0 0 0 MM
COOLING TOTAL 474 480 -6 464
SINCE 1/1 1615 1700 -85 MM
FREEZE DATES
RECORD
EARLIEST 10/09/2000
LATEST 05/07/1944
EARLIEST 10/19 11/08
LATEST 03/21 03/24
..............................................................
WIND (MPH)
AVERAGE WIND SPEED 4.6
HIGHEST WIND SPEED/DIRECTION 43/290 DATE 08/06
HIGHEST GUST SPEED/DIRECTION 60/290 DATE 08/06
60/280 08/10
SKY COVER
POSSIBLE SUNSHINE (PERCENT) MM
WEATHER CONDITIONS. NUMBER OF DAYS WITH
THUNDERSTORM 14 MIXED PRECIP 0
HEAVY RAIN 7 RAIN 10
LIGHT RAIN 15 FREEZING RAIN 0
LT FREEZING RAIN 0 HAIL 0
HEAVY SNOW 0 SNOW 0
LIGHT SNOW 0 SLEET 0
FOG 16 FOG W/VIS <= 1/4 MILE 4
- INDICATES NEGATIVE NUMBERS.
R INDICATES RECORD WAS SET OR TIED.
MM INDICATES DATA IS MISSING.
T INDICATES TRACE AMOUNT.
$$