937
CXUS52 KMFL 011030
CF6HWO
PRELIMINARY LOCAL CLIMATOLOGICAL DATA (WS FORM: F-6)
STATION: NORTH PERRY ARPT
MONTH: MARCH
YEAR: 2021
LATITUDE: 26 0 N
LONGITUDE: 80 14 W
TEMPERATURE IN F: :PCPN: SNOW: WIND :SUNSHINE: SKY :PK WND
================================================================================
1 2 3 4 5 6A 6B 7 8 9 10 11 12 13 14 15 16 17 18
12Z AVG MX 2MIN
DY MAX MIN AVG DEP HDD CDD WTR SNW DPTH SPD SPD DIR MIN PSBL S-S WX SPD DR
================================================================================
1 84 71 78 7 0 13 0.00 M M 8.0 15 150 M M 3 21 150
2 85 69 77 6 0 12 0.00 M M 5.0 15 120 M M 3 20 160
3 86 65 76 5 0 11 0.00 M M 12.2 24 260 M M 2 31 230
4 74 57 66 -5 0 1 0.00 M M 9.0 17 300 M M 3 21 310
5 79 58 69 -2 0 4 0.00 M M 7.7 16 60 M M 2 20 70
6 79 62 71 0 0 6 0.84 M M 8.7 23 300 M M 5 13 27 290
7 78 60 69 -3 0 4 T M M 14.0 23 360 M M 5 29 10
8 74 53 64 -8 1 0 T M M 12.8 24 60 M M 8 31 60
9 75 67 71 -1 0 6 0.00 M M 15.4 25 60 M M 8 32 30
10 76 67 72 0 0 7 0.01 M M 16.3 25 70 M M 8 33 50
11 79 66 73 1 0 8 0.20 0.0 0 14.1 24 80 M M 8 1 30 80
12 79 68 74 2 0 9 0.00 0.0 0 10.8 20 50 M M 4 25 50
13 80 64 72 0 0 7 0.00 0.0 0 7.8 16 60 M M 3 22 50
14 81 63 72 0 0 7 0.00 0.0 0 5.3 15 140 M M 3 18 130
15 82 65 74 2 0 9 0.00 0.0 0 6.4 15 70 M M 1 20 110
16 82 69 76 4 0 11 0.00 M M 9.4 18 140 M M 3 25 130
17 83 71 77 5 0 12 0.00 0.0 M 9.5 20 140 M M 2 26 130
18 85 73 79 7 0 14 0.00 M M 10.2 22 150 M M 5 30 180
19 85 62 74 1 0 9 0.01 M M 11.8 21 290 M M 5 27 300
20 81 57 69 -4 0 4 0.00 M M 9.9 18 330 M M 6 22 30
21 77 58 68 -5 0 3 0.00 M M 10.3 18 300 M M 6 22 320
22 79 56 68 -5 0 3 0.00 M M 7.0 15 270 M M 4 21 250
23 79 59 69 -4 0 4 0.00 0.0 0 4.9 14 130 M M 3 17 90
24 85 60 73 0 0 8 0.00 M M 6.5 16 120 M M 1 21 120
25 86 74 80 7 0 15 0.00 0.0 0 10.6 21 140 M M 3 26 160
26 86 74 80 7 0 15 0.00 0.0 0 11.1 18 120 M M 2 23 120
27 86 71 79 6 0 14 T 0.0 0 10.9 18 130 M M 3 24 110
28 86 75 81 8 0 16 0.00 0.0 0 10.5 17 130 M M 3 23 130
29 86 72 79 6 0 14 0.00 M M 6.1 14 90 M M 3 17 100
30 86 73 80 7 0 15 T M M 10.8 21 120 M M 4 26 140
31 87 74 81 7 0 16 T M M 10.1 18 130 M M 3 23 130
================================================================================
SM 2530 2033 1 277 1.06 0.0 303.1 M 122
================================================================================
AV 81.6 65.6 9.8 FASTST M M 4 MAX(MPH)
MISC ----> # 25 60 33 50
================================================================================
NOTES:
# LAST OF SEVERAL OCCURRENCES
COLUMN 17 PEAK WIND IN M.P.H.
PRELIMINARY LOCAL CLIMATOLOGICAL DATA (WS FORM: F-6) , PAGE 2
STATION: NORTH PERRY ARPT
MONTH: MARCH
YEAR: 2021
LATITUDE: 26 0 N
LONGITUDE: 80 14 W
[TEMPERATURE DATA] [PRECIPITATION DATA] SYMBOLS USED IN COLUMN 16
AVERAGE MONTHLY: 73.6 TOTAL FOR MONTH: 1.06 1 = FOG OR MIST
DPTR FM NORMAL: 1.3 DPTR FM NORMAL: -2.40 2 = FOG REDUCING VISIBILITY
HIGHEST: 87 ON 31 GRTST 24HR 0.84 ON 6- 6 TO 1/4 MILE OR LESS
LOWEST: 53 ON 8 3 = THUNDER
SNOW, ICE PELLETS, HAIL 4 = ICE PELLETS
TOTAL MONTH: 0.0 INCH 5 = HAIL
GRTST 24HR 0.0 6 = FREEZING RAIN OR DRIZZLE
GRTST DEPTH: 0 7 = DUSTSTORM OR SANDSTORM:
VSBY 1/2 MILE OR LESS
8 = SMOKE OR HAZE
[NO. OF DAYS WITH] [WEATHER - DAYS WITH] 9 = BLOWING SNOW
X = TORNADO
MAX 32 OR BELOW: 0 0.01 INCH OR MORE: 4
MAX 90 OR ABOVE: 0 0.10 INCH OR MORE: 2
MIN 32 OR BELOW: 0 0.50 INCH OR MORE: 1
MIN 0 OR BELOW: 0 1.00 INCH OR MORE: 0
[HDD (BASE 65) ]
TOTAL THIS MO. 1 CLEAR (SCALE 0-3) 14
DPTR FM NORMAL -9 PTCLDY (SCALE 4-7) 16
TOTAL FM JUL 1 92 CLOUDY (SCALE 8-10) 1
DPTR FM NORMAL -50
[CDD (BASE 65) ]
TOTAL THIS MO. 277
DPTR FM NORMAL 41 [PRESSURE DATA]
TOTAL FM JAN 1 655 HIGHEST SLP 30.44 ON 9
DPTR FM NORMAL 142 LOWEST SLP 29.85 ON 6
[REMARKS]
#FINAL-03-21#