000
CXUS54 KEWX 011010
CF6HYI
PRELIMINARY LOCAL CLIMATOLOGICAL DATA (WS FORM: F-6)
STATION: SAN MARCOS
MONTH: MARCH
YEAR: 2022
LATITUDE: 29 53 N
LONGITUDE: 97 52 W
TEMPERATURE IN F: :PCPN: SNOW: WIND :SUNSHINE: SKY :PK WND
================================================================================
1 2 3 4 5 6A 6B 7 8 9 10 11 12 13 14 15 16 17 18
12Z AVG MX 2MIN
DY MAX MIN AVG DEP HDD CDD WTR SNW DPTH SPD SPD DIR MIN PSBL S-S WX SPD DR
================================================================================
1 72 30 51 M 14 0 0.00 M M 5.0 10 190 M M 0 M M
2 75 37 56 M 9 0 0.00 M M 5.3 10 140 M M 0 M M
3 79 48 64 M 1 0 0.00 M M 4.9 9 140 M M 0 16 150
4 80 53 67 M 0 2 0.00 M M 11.4 20 170 M M 7 12 27 160
5 81 63 72 M 0 7 0.00 M M 15.6 23 180 M M 10 33 190
6 81 65 73 M 0 8 0.00 M M 14.1 28 190 M M 8 1 36 190
7 71 44 58 M 7 0 0.01 M M 19.0 28 360 M M 10 1 38 10
8 56 40 48 M 17 0 0.01 M M 12.9 21 40 M M 7 1 25 40
9 62 37 50 M 15 0 0.00 M M 7.9 14 10 M M 0 16 50
10 74 30 52 M 13 0 0.00 M M 5.9 13 160 M M 2 20 160
11 62 37 50 M 15 0 T M M 17.6 29 340 M M 8 38 360
12 57 22 40 M 25 0 0.00 M M 7.1 18 360 M M 0 28 360
13 68 24 46 M 19 0 0.00 M M 10.2 18 160 M M 2 32 160
14 82 42 62 M 3 0 0.00 M M 10.2 29 200 M M 4 38 210
15 77 47 62 M 3 0 0.00 M M 12.3 26 340 M M 0 33 320
16 82 40 61 M 4 0 0.00 M M 9.2 16 170 M M 0 16 130
17 74 44 59 M 6 0 0.00 M M 8.4 18 180 M M 8 12 27 170
18 74 46 60 M 5 0 0.00 M M 15.0 23 330 M M 0 1 33 340
19 79 38 59 M 6 0 0.00 M M 5.7 10 130 M M 0 8 16 210
20 79 38 59 M 6 0 0.00 M M 11.2 23 140 M M 3 32 160
21 80 60 70 M 0 5 0.28 M M 13.7 28 170 M M 10 138 40 190
22 66 42 54 M 11 0 0.06 M M 14.3 32 190 M M 2 138 40 300
23 72 38 55 M 10 0 0.00 M M 9.4 17 280 M M 0 28 280
24 78 40 59 M 6 0 0.00 M M 11.0 24 320 M M 0 32 320
25 85 37 61 M 4 0 0.00 M M 5.0 10 130 M M 0 M M
26 90 42 66 M 0 1 0.00 M M 8.9 21 220 M M 0 31 200
27 87 52 70 M 0 5 0.00 M M 12.2 21 210 M M 0 31 190
28 86 53 70 M 0 5 0.00 M M 13.0 22 190 M M 3 31 200
29 83 67 75 M 0 10 0.00 M M 19.8 27 150 M M 8 37 150
30 84 53 69 M 0 4 0.17 M M 15.6 28 310 M M 4 18 38 160
31 77 43 60 M 5 0 T M M 5.7 10 40 M M 0 M M
================================================================================
SM 2353 1352 204 47 0.53 M 337.5 M 96
================================================================================
AV 75.9 43.6 10.9 FASTST M M 3 MAX(MPH)
MISC ----> 32 190 # 40 190
================================================================================
NOTES:
# LAST OF SEVERAL OCCURRENCES
COLUMN 17 PEAK WIND IN M.P.H.
PRELIMINARY LOCAL CLIMATOLOGICAL DATA (WS FORM: F-6) , PAGE 2
STATION: SAN MARCOS
MONTH: MARCH
YEAR: 2022
LATITUDE: 29 53 N
LONGITUDE: 97 52 W
[TEMPERATURE DATA] [PRECIPITATION DATA] SYMBOLS USED IN COLUMN 16
AVERAGE MONTHLY: 59.8 TOTAL FOR MONTH: 0.53 1 = FOG OR MIST
DPTR FM NORMAL: 0.0 DPTR FM NORMAL: M 2 = FOG REDUCING VISIBILITY
HIGHEST: 90 ON 26 GRTST 24HR 0.34 ON 21-22 TO 1/4 MILE OR LESS
LOWEST: 22 ON 12 3 = THUNDER
SNOW, ICE PELLETS, HAIL 4 = ICE PELLETS
TOTAL MONTH: M 5 = HAIL
GRTST 24HR M ON M 6 = FREEZING RAIN OR DRIZZLE
GRTST DEPTH: M ON M 7 = DUSTSTORM OR SANDSTORM:
VSBY 1/2 MILE OR LESS
8 = SMOKE OR HAZE
[NO. OF DAYS WITH] [WEATHER - DAYS WITH] 9 = BLOWING SNOW
X = TORNADO
MAX 32 OR BELOW: 0 0.01 INCH OR MORE: 5
MAX 90 OR ABOVE: 1 0.10 INCH OR MORE: 2
MIN 32 OR BELOW: 4 0.50 INCH OR MORE: 0
MIN 0 OR BELOW: 0 1.00 INCH OR MORE: 0
[HDD (BASE 65) ]
TOTAL THIS MO. 204 CLEAR (SCALE 0-3) 19
DPTR FM NORMAL M PTCLDY (SCALE 4-7) 7
TOTAL FM JUL 1 1515 CLOUDY (SCALE 8-10) 5
DPTR FM NORMAL M
[CDD (BASE 65) ]
TOTAL THIS MO. 47
DPTR FM NORMAL M [PRESSURE DATA]
TOTAL FM JAN 1 60 HIGHEST SLP 30.58 ON 12
DPTR FM NORMAL M LOWEST SLP 29.49 ON 21
[REMARKS]
#FINAL-03-22#