000
CXUS54 KEWX 011010
CF6HYI
PRELIMINARY LOCAL CLIMATOLOGICAL DATA (WS FORM: F-6)
STATION: SAN MARCOS
MONTH: AUGUST
YEAR: 2021
LATITUDE: 29 53 N
LONGITUDE: 97 52 W
TEMPERATURE IN F: :PCPN: SNOW: WIND :SUNSHINE: SKY :PK WND
================================================================================
1 2 3 4 5 6A 6B 7 8 9 10 11 12 13 14 15 16 17 18
12Z AVG MX 2MIN
DY MAX MIN AVG DEP HDD CDD WTR SNW DPTH SPD SPD DIR MIN PSBL S-S WX SPD DR
================================================================================
1 98 73 86 M 0 21 0.00 M M 6.9 14 210 M M 1 13 22 220
2 90 73 82 M 0 17 0.00 M M 4.6 17 340 M M 7 13 31 330
3 92 73 83 M 0 18 0.00 M M 6.1 12 50 M M 7 M M
4 92 73 83 M 0 18 0.00 M M 6.2 12 100 M M 2 1 16 99
5 84 73 79 M 0 14 0.00 0.0 0 4.4 12 150 M M 5 13 M M
6 93 76 85 M 0 20 0.00 M M 6.3 14 170 M M 6 18 27 170
7 93 73 83 M 0 18 0.00 M M 9.2 16 170 M M 4 1 25 170
8 94 78 86 M 0 21 0.00 M M 13.2 20 160 M M 6 27 160
9 95 75 85 M 0 20 0.00 M M 12.9 23 190 M M 5 31 170
10 95 72 84 M 0 19 0.00 M M 9.7 21 150 M M 4 1 25 180
11 95 71 83 M 0 18 0.00 M M 8.1 15 170 M M 4 12 22 160
12 95 74 85 M 0 20 0.00 M M 8.0 15 140 M M 5 1 20 160
13 96 72 84 M 0 19 0.00 M M 6.6 18 180 M M 3 22 180
14 96 71 84 M 0 19 0.00 M M 3.6 16 90 M M 3 8 M M
15 93 72 83 M 0 18 0.00 M M 3.6 30 330 M M 1 1238 36 340
16 92 70 81 M 0 16 0.00 M M 3.8 8 170 M M 1 M M
17 95 71 83 M 0 18 0.00 M M 6.7 13 190 M M 3 1 M M
18 96 77 87 M 0 22 0.00 M M 10.0 17 140 M M 6 22 140
19 96 78 87 M 0 22 0.00 M M 11.3 17 180 M M 5 24 180
20 95 75 85 M 0 20 0.00 M M 10.0 18 140 M M 4 22 140
21 96 74 85 M 0 20 0.00 M M 7.8 17 150 M M 3 1 22 150
22 96 71 84 M 0 19 0.00 M M 6.6 13 230 M M 3 1 M M
23 96 72 84 M 0 19 0.00 M M 7.0 14 180 M M 3 17 170
24 97 72 85 M 0 20 0.00 M M 6.6 13 220 M M 3 16 150
25 96 71 84 M 0 19 0.00 M M 4.9 12 150 M M 2 8 M M
26 97 74 86 M 0 21 0.00 M M 4.7 20 100 M M 2 30 80
27 88 72 80 M 0 15 0.00 M M 3.4 24 160 M M 3 138 37 170
28 91 73 82 M 0 17 0.00 M M 6.1 20 70 M M 2 18 28 100
29 94 72 83 M 0 18 0.00 M M 4.9 10 70 M M 4 M M
30 93 73 83 M 0 18 0.00 M M 4.3 10 280 M M 1 22 280
31 98 71 85 M 0 20 0.00 M M 5.7 13 160 M M 0 M M
================================================================================
SM 2917 2265 0 584 0.00 0.0 213.0 M 108
================================================================================
AV 94.1 73.1 6.9 FASTST M M 3 MAX(MPH)
MISC ----> 30 330 37 170
================================================================================
NOTES:
# LAST OF SEVERAL OCCURRENCES
COLUMN 17 PEAK WIND IN M.P.H.
PRELIMINARY LOCAL CLIMATOLOGICAL DATA (WS FORM: F-6) , PAGE 2
STATION: SAN MARCOS
MONTH: AUGUST
YEAR: 2021
LATITUDE: 29 53 N
LONGITUDE: 97 52 W
[TEMPERATURE DATA] [PRECIPITATION DATA] SYMBOLS USED IN COLUMN 16
AVERAGE MONTHLY: 83.6 TOTAL FOR MONTH: 0.00 1 = FOG OR MIST
DPTR FM NORMAL: 0.0 DPTR FM NORMAL: M 2 = FOG REDUCING VISIBILITY
HIGHEST: 98 ON 31, 1 GRTST 24HR T ON 27-27 TO 1/4 MILE OR LESS
LOWEST: 70 ON 16 3 = THUNDER
SNOW, ICE PELLETS, HAIL 4 = ICE PELLETS
TOTAL MONTH: 0.0 INCH 5 = HAIL
GRTST 24HR 0.0 6 = FREEZING RAIN OR DRIZZLE
GRTST DEPTH: 0 7 = DUSTSTORM OR SANDSTORM:
VSBY 1/2 MILE OR LESS
8 = SMOKE OR HAZE
[NO. OF DAYS WITH] [WEATHER - DAYS WITH] 9 = BLOWING SNOW
X = TORNADO
MAX 32 OR BELOW: 0 0.01 INCH OR MORE: 0
MAX 90 OR ABOVE: 29 0.10 INCH OR MORE: 0
MIN 32 OR BELOW: 0 0.50 INCH OR MORE: 0
MIN 0 OR BELOW: 0 1.00 INCH OR MORE: 0
[HDD (BASE 65) ]
TOTAL THIS MO. 0 CLEAR (SCALE 0-3) 13
DPTR FM NORMAL M PTCLDY (SCALE 4-7) 18
TOTAL FM JUL 1 0 CLOUDY (SCALE 8-10) 0
DPTR FM NORMAL M
[CDD (BASE 65) ]
TOTAL THIS MO. 584
DPTR FM NORMAL M [PRESSURE DATA]
TOTAL FM JAN 1 2183 HIGHEST SLP 30.14 ON 14
DPTR FM NORMAL M LOWEST SLP 29.74 ON 30
[REMARKS]
#FINAL-08-21#