000
CXUS54 KHGX 011415
CF6IAH
PRELIMINARY LOCAL CLIMATOLOGICAL DATA (WS FORM: F-6)

                                          STATION:   HOUSTON INTERCONTINENTAL
                                          MONTH:     MARCH
                                          YEAR:      2018
                                          LATITUDE:   29 58 N
                                          LONGITUDE:  95 21 W

  TEMPERATURE IN F:       :PCPN:    SNOW:  WIND      :SUNSHINE: SKY     :PK WND
================================================================================
1   2   3   4   5  6A  6B    7    8   9   10  11  12  13   14  15   16   17  18
                                     12Z  AVG MX 2MIN
DY MAX MIN AVG DEP HDD CDD  WTR  SNW DPTH SPD SPD DIR MIN PSBL S-S WX    SPD DR
================================================================================

 1  80  61  71  12   0   6 0.01  0.0    0 11.8 29 350   M    M   8        36 340
 2  73  55  64   4   1   0 0.00  0.0    0  7.1 17  60   M    M   5        21  70
 3  76  50  63   3   2   0 0.00  0.0    0  9.8 20 150   M    M   6        24 160
 4  77  65  71  11   0   6 0.02  0.0    0 12.8 23 130   M    M   9 3      27 130
 5  81  67  74  14   0   9    T  0.0    0  8.1 18 330   M    M   8        23 340
 6  74  54  64   4   1   0    T  0.0    0  9.4 23 360   M    M   7        27  10
 7  67  49  58  -3   7   0 0.00  0.0    0  8.8 22 360   M    M   4 8      27 360
 8  67  48  58  -3   7   0 0.00  0.0    0  7.5 15 140   M    M   8 8      18 150
 9  74  44  59  -2   6   0 0.00  0.0    0  8.5 23 160   M    M   8        27 160
10  84  66  75  14   0  10    T  0.0    0  8.0 17 110   M    M   8 18     22 180
11  80  58  69   7   0   4 0.01  0.0    0 12.4 30  40   M    M  10 18     33  30
12  67  47  57  -5   8   0 0.00  0.0    0  8.8 23  10   M    M   4        28  20
13  71  44  58  -4   7   0 0.00  0.0    0  3.7 14 310   M    M   5 1      20  30
14  72  44  58  -4   7   0 0.00  0.0    0  4.3 14 150   M    M   4        16 140
15  76  47  62  -1   3   0    T    M    0  9.2 21 140   M    M   7 1      27 150
16  85  67  76  13   0  11    T  0.0    0  8.2 15 230   M    M   7 3      20 220
17  83  70  77  14   0  12 0.00  0.0    0  8.0 18 160   M    M   8 1      23 150
18  84  68  76  13   0  11    T  0.0    0  4.6 20 140   M    M   8 1      23 150
19  85  64  75  12   0  10    T  0.0    0  9.8 24 340   M    M   6 18     32 330
20  72  52  62  -2   3   0 0.00  0.0    0 10.2 22 340   M    M   2        28 340
21  77  46  62  -2   3   0 0.00  0.0    0  4.3 13 100   M    M   5        16 100
22  75  49  62  -2   3   0 0.00  0.0    0  9.8 23 130   M    M   3        30 120
23  81  54  68   4   0   3 0.00  0.0    0 10.9 26 150   M    M   4        34 150
24  82  69  76  12   0  11 0.00  0.0    0  9.5 16 210   M    M   8        24 220
25  85  64  75  10   0  10 0.00  0.0    0 10.0 23 150   M    M   7 1      28 150
26  83  69  76  11   0  11 0.00  0.0    0 16.1 28 150   M    M   8 1      36 150
27  83  73  78  13   0  13 0.04  0.0    0 13.6 24 130   M    M   9 1      29 140
28  77  64  71   6   0   6 1.42  0.0    0  9.6 30 360   M    M  10 13     41 330
29  81  60  71   5   0   6 1.47  0.0    0  7.3 24 330   M    M   6 13     34 310
30  78  57  68   2   0   3 0.00  0.0    0  8.8 17  30   M    M   2        22  20
31  80  54  67   1   0   2 0.00  0.0    0  7.5 20 150   M    M   3 1      25 150
================================================================================
SM 2410 1779        58 144  2.97     0.0 278.4          M      197
================================================================================
AV 77.7 57.4                               9.0 FASTST   M    M   6    MAX(MPH)
                                 MISC ---->  # 30  40               # 41  330
================================================================================
NOTES:
# LAST OF SEVERAL OCCURRENCES

COLUMN 17 PEAK WIND IN M.P.H.

PRELIMINARY LOCAL CLIMATOLOGICAL DATA (WS FORM: F-6) , PAGE 2

                                          STATION:  HOUSTON INTERCONTINENTAL
                                          MONTH:    MARCH
                                          YEAR:     2018
                                          LATITUDE:   29 58 N
                                          LONGITUDE:  95 21 W

[TEMPERATURE DATA]      [PRECIPITATION DATA]       SYMBOLS USED IN COLUMN 16

AVERAGE MONTHLY: 67.6   TOTAL FOR MONTH:   2.97    1 = FOG OR MIST
DPTR FM NORMAL:   4.9   DPTR FM NORMAL:   -0.44    2 = FOG REDUCING VISIBILITY
HIGHEST:    85 ON 25,19 GRTST 24HR  1.47 ON 29-29      TO 1/4 MILE OR LESS
LOWEST:     44 ON 14,13                            3 = THUNDER
                        SNOW, ICE PELLETS, HAIL    4 = ICE PELLETS
                        TOTAL MONTH:   0.0 INCH    5 = HAIL
                        GRTST 24HR     0.0         6 = FREEZING RAIN OR DRIZZLE
                        GRTST DEPTH:   0           7 = DUSTSTORM OR SANDSTORM:
                                                       VSBY 1/2 MILE OR LESS
                                                   8 = SMOKE OR HAZE
[NO. OF DAYS WITH]      [WEATHER - DAYS WITH]      9 = BLOWING SNOW
                                                   X = TORNADO
MAX 32 OR BELOW:   0    0.01 INCH OR MORE:   6
MAX 90 OR ABOVE:   0    0.10 INCH OR MORE:   2
MIN 32 OR BELOW:   0    0.50 INCH OR MORE:   2
MIN  0 OR BELOW:   0    1.00 INCH OR MORE:   2

[HDD (BASE 65) ]
TOTAL THIS MO.    58    CLEAR  (SCALE 0-3)   3
DPTR FM NORMAL   -83    PTCLDY (SCALE 4-7)  20
TOTAL FM JUL 1  1184    CLOUDY (SCALE 8-10)  8
DPTR FM NORMAL  -145

[CDD (BASE 65) ]
TOTAL THIS MO.   144
DPTR FM NORMAL    73    [PRESSURE DATA]
TOTAL FM JAN 1   232    HIGHEST SLP 30.34 ON 22
DPTR FM NORMAL   123    LOWEST  SLP 29.65 ON 19

[REMARKS]
#FINAL-03-18#
