000
CXUS55 KVEF 010910
CF6IGM
PRELIMINARY LOCAL CLIMATOLOGICAL DATA (WS FORM: F-6)
STATION: KINGMAN AZ
MONTH: MAY
YEAR: 2021
LATITUDE: 35 16 N
LONGITUDE: 113 57 W
TEMPERATURE IN F: :PCPN: SNOW: WIND :SUNSHINE: SKY :PK WND
================================================================================
1 2 3 4 5 6A 6B 7 8 9 10 11 12 13 14 15 16 17 18
12Z AVG MX 2MIN
DY MAX MIN AVG DEP HDD CDD WTR SNW DPTH SPD SPD DIR MIN PSBL S-S WX SPD DR
================================================================================
1 90 63 77 13 0 12 0.00 M M 13.8 29 240 M M 0 39 210
2 85 53 69 5 0 4 0.00 M M 12.4 31 350 M M 0 42 350
3 78 54 66 2 0 1 0.00 M M 13.2 24 340 M M 0 33 340
4 86 47 67 3 0 2 0.00 M M 7.3 21 250 M M 0 27 250
5 92 55 74 9 0 9 0.00 M M 8.1 18 230 M M 0 30 260
6 94 57 76 11 0 11 0.00 M M 11.4 30 250 M M 0 38 260
7 87 59 73 7 0 8 0.00 M M 14.5 29 230 M M 0 38 220
8 86 56 71 5 0 6 0.00 M M 8.9 23 270 M M 0 35 290
9 87 51 69 3 0 4 0.00 M M 10.8 29 220 M M 0 39 230
10 86 55 71 4 0 6 0.00 M M 10.5 22 250 M M 0 31 260
11 87 52 70 3 0 5 0.00 M M 8.4 21 10 M M 0 27 350
12 91 51 71 4 0 6 0.00 M M 6.1 17 230 M M 0 25 240
13 93 58 76 8 0 11 0.00 M M 12.9 28 230 M M 0 38 240
14 92 56 74 6 0 9 0.00 M M 13.1 29 220 M M 0 37 230
15 89 61 75 7 0 10 0.00 M M 16.7 35 220 M M 0 45 220
16 79 54 67 -2 0 2 0.00 M M 13.9 29 240 M M 0 39 220
17 82 49 66 -3 0 1 0.00 M M 10.2 23 260 M M 1 28 260
18 90 56 73 3 0 8 0.00 M M 9.1 20 360 M M 1 8 27 360
19 91 63 77 7 0 12 0.00 M M 17.6 32 210 M M 0 43 200
20 89 64 77 7 0 12 0.00 M M 24.2 43 220 M M 0 8 54 220
21 68 49 59 -12 6 0 0.00 M M 18.1 38 250 M M 1 52 240
22 69 38 54 -17 11 0 0.00 M M 8.1 30 250 M M 1 39 240
23 76 41 59 -12 6 0 0.00 M M 9.2 26 230 M M 0 46 230
24 83 43 63 -9 2 0 0.00 M M 8.2 20 20 M M 0 26 350
25 91 49 70 -2 0 5 0.00 M M 8.1 25 240 M M 0 36 240
26 88 63 76 4 0 11 0.00 M M 13.4 28 220 M M 0 39 200
27 91 57 74 1 0 9 0.00 M M 10.5 20 220 M M 0 25 240
28 93 63 78 5 0 13 0.00 M M 12.5 28 250 M M 0 38 240
29 91 58 75 2 0 10 0.00 M M 12.9 25 250 M M 0 39 240
30 93 55 74 0 0 9 0.00 M M 9.1 18 260 M M 0 26 250
31 96 64 80 6 0 15 0.00 M M 8.8 22 250 M M 0 37 170
================================================================================
SM 2693 1694 25 211 0.00 M 362.0 M 4
================================================================================
AV 86.9 54.6 11.7 FASTST M M 0 MAX(MPH)
MISC ----> 43 220 54 220
================================================================================
NOTES:
# LAST OF SEVERAL OCCURRENCES
COLUMN 17 PEAK WIND IN M.P.H.
PRELIMINARY LOCAL CLIMATOLOGICAL DATA (WS FORM: F-6) , PAGE 2
STATION: KINGMAN AZ
MONTH: MAY
YEAR: 2021
LATITUDE: 35 16 N
LONGITUDE: 113 57 W
[TEMPERATURE DATA] [PRECIPITATION DATA] SYMBOLS USED IN COLUMN 16
AVERAGE MONTHLY: 70.8 TOTAL FOR MONTH: 0.00 1 = FOG OR MIST
DPTR FM NORMAL: 2.0 DPTR FM NORMAL: -0.08 2 = FOG REDUCING VISIBILITY
HIGHEST: 96 ON 31 GRTST 24HR 0.00 ON 1- 1 TO 1/4 MILE OR LESS
LOWEST: 38 ON 22 3 = THUNDER
SNOW, ICE PELLETS, HAIL 4 = ICE PELLETS
TOTAL MONTH: M 5 = HAIL
GRTST 24HR M ON M 6 = FREEZING RAIN OR DRIZZLE
GRTST DEPTH: M ON M 7 = DUSTSTORM OR SANDSTORM:
VSBY 1/2 MILE OR LESS
8 = SMOKE OR HAZE
[NO. OF DAYS WITH] [WEATHER - DAYS WITH] 9 = BLOWING SNOW
X = TORNADO
MAX 32 OR BELOW: 0 0.01 INCH OR MORE: 0
MAX 90 OR ABOVE: 14 0.10 INCH OR MORE: 0
MIN 32 OR BELOW: 0 0.50 INCH OR MORE: 0
MIN 0 OR BELOW: 0 1.00 INCH OR MORE: 0
[HDD (BASE 65) ]
TOTAL THIS MO. 25 CLEAR (SCALE 0-3) 31
DPTR FM NORMAL -29 PTCLDY (SCALE 4-7) 0
TOTAL FM JUL 1 2846 CLOUDY (SCALE 8-10) 0
DPTR FM NORMAL -162
[CDD (BASE 65) ]
TOTAL THIS MO. 211
DPTR FM NORMAL 39 [PRESSURE DATA]
TOTAL FM JAN 1 247 HIGHEST SLP 29.99 ON 24
DPTR FM NORMAL 48 LOWEST SLP 29.41 ON 2
[REMARKS]
#FINAL-05-21#