000
CXUS55 KVEF 032320
CLAIGM
CLIMATE REPORT
NATIONAL WEATHER SERVICE LAS VEGAS, NV
318 PM PST FRI JAN 3 2020
...................................
...THE KINGMAN AZ CLIMATE SUMMARY FOR THE YEAR OF 2019...
CLIMATE NORMAL PERIOD 1981 TO 2010
CLIMATE RECORD PERIOD 1901 TO 2020
WEATHER OBSERVED NORMAL DEPART LAST YEAR`S
VALUE DATE(S) VALUE FROM VALUE DATE(S)
NORMAL
................................................................
TEMPERATURE (F)
RECORD
HIGH 113 06/20/2017
07/17/2005
06/20/2016
LOW 4 01/29/1979
HIGHEST 107 08/05 76 31 108 07/25
07/24
LOWEST 9 02/23 47 -38 19 02/21
02/20
AVG. MAXIMUM 75.7 76.0 -0.3 78.8
AVG. MINIMUM 47.8 48.4 -0.6 49.6
MEAN 61.8 62.2 -0.4 64.2
DAYS MAX >= 90 105 104.6 0.4 130
DAYS MAX <= 32 0 0.1 -0.1 0
DAYS MIN <= 32 53 59.0 -6.0 52
DAYS MIN <= 0 0 0.0 0.0 0
PRECIPITATION (INCHES)
RECORD
MAXIMUM 18.93 1931
MINIMUM 3.58 1947
TOTALS 11.80 8.39 3.41 6.42
DAILY AVG. 0.03 0.02 0.01 T
DAYS >= .01 47 MM MM 35
DAYS >= .10 28 MM MM 15
DAYS >= .50 6 MM MM 3
DAYS >= 1.00 2 MM MM 1
GREATEST
24 HR. TOTAL 1.25 11/28 TO 11/28 1.30
10/03 TO 10/04
STORM TOTAL MM 1.30
(MM/DD(HH)) MM 10/03(22) TO 10/04(01)
SNOWFALL (INCHES)
RECORDS
TOTAL MM MM
24 HR TOTAL MM MM
SNOW DEPTH MM MM
TOTALS MM MM MM 0.0
LIQUID EQUIV MM MM MM 0.00
SINCE 7/1 MM MM MM 0.0
LIQUID 7/1 MM MM MM 0.00
SNOWDEPTH AVG. MM MM MM 0
DAYS >= TRACE MM MM MM 0
DAYS >= 1.0 MM MM MM 0
GREATEST
SNOW DEPTH MM MM
24 HR TOTAL MM MM MM
STORM TOTAL MM MM
(MM/DD(HH)) MM MM
DEGREE_DAYS
HEATING TOTAL 3119 3103 16 2576
SINCE 7/1 1180 1249 -69 1172
COOLING TOTAL 2098 2095 3 2476
SINCE 1/1 2098 2093 5 2476
FREEZE DATES
RECORD
EARLIEST 09/24/1920
LATEST 05/21/1975
EARLIEST 11/10
LATEST 04/06
.................................................................
WIND (MPH)
AVERAGE WIND SPEED 9.7
RESULTANT WIND SPEED/DIRECTION 4/198
HIGHEST WIND SPEED/DIRECTION 45/130 DATE 03/20
HIGHEST GUST SPEED/DIRECTION 55/190 DATE 11/28
SKY COVER
POSSIBLE SUNSHINE (PERCENT) MM
AVERAGE SKY COVER 0.10
NUMBER OF DAYS FAIR 312
NUMBER OF DAYS PC 46
NUMBER OF DAYS CLOUDY 7
AVERAGE RH (PERCENT) 39
WEATHER CONDITIONS. NUMBER OF DAYS WITH
THUNDERSTORM 23 MIXED PRECIP 0
HEAVY RAIN 9 RAIN 22
LIGHT RAIN 63 FREEZING RAIN 0
LT FREEZING RAIN 0 HAIL 0
HEAVY SNOW 0 SNOW 0
LIGHT SNOW 0 SLEET 0
FOG 31 FOG W/VIS <= 1/4 MILE 3
HAZE 22
- INDICATES NEGATIVE NUMBERS.
R INDICATES RECORD WAS SET OR TIED.
MM INDICATES DATA IS MISSING.
T INDICATES TRACE AMOUNT.
$$