000
CXUS54 KFWD 010730
CF6ILE
PRELIMINARY LOCAL CLIMATOLOGICAL DATA (WS FORM: F-6)
STATION: KILLEEN SKYLARK
MONTH: MARCH
YEAR: 2023
LATITUDE: 31 4 N
LONGITUDE: 97 41 W
TEMPERATURE IN F: :PCPN: SNOW: WIND :SUNSHINE: SKY :PK WND
================================================================================
1 2 3 4 5 6A 6B 7 8 9 10 11 12 13 14 15 16 17 18
12Z AVG MX 2MIN
DY MAX MIN AVG DEP HDD CDD WTR SNW DPTH SPD SPD DIR MIN PSBL S-S WX SPD DR
================================================================================
1 83 69 76 23 0 11 0.00 M M 9.6 18 170 M M 5 1 22 170
2 80 54 67 13 0 2 0.74 M M 15.1 24 170 M M 6 13 45 270
3 69 45 57 3 8 0 0.01 M M 9.5 17 310 M M 1 25 280
4 81 46 64 10 1 0 0.00 M M 7.9 16 190 M M 0 20 230
5 79 51 65 11 0 0 0.00 M M 10.6 16 170 M M 0 23 150
6 83 54 69 14 0 4 0.00 M M 9.0 15 200 M M 0 20 200
7 84 61 73 18 0 8 0.00 M M 8.7 15 140 M M 0 1 M M
8 72 55 64 9 1 0 0.00 M M 8.2 13 170 M M 0 1 M M
9 82 54 68 12 0 3 T M M 6.1 15 60 M M 3 18 30 350
10 71 52 62 6 3 0 0.00 M M 7.7 13 10 M M 1 1 18 10
11 90 57 74 18 0 9 0.00 M M 12.7 18 200 M M 2 1 30 200
12 74 54 64 8 1 0 M M M 12.2 17 210 M M 0 23 320
13 65 45 55 -2 10 0 0.00 M M 9.8 14 40 M M 0 17 60
14 59 45 52 -5 13 0 T M M 8.8 15 30 M M 0 M M
15 73 50 62 5 3 0 0.00 M M 14.0 23 170 M M 0 32 170
16 81 46 64 7 1 0 0.42 M M 13.8 29 10 M M 1 13 45 340
17 56 40 48 -10 17 0 0.01 M M 14.7 23 20 M M 3 35 340
18 57 40 49 -9 16 0 0.00 M M 6.5 13 20 M M 1 M M
19 59 31 45 -13 20 0 0.00 M M 4.7 9 150 M M 0 M M
20 55 38 47 -12 18 0 0.00 M M 12.4 22 170 M M 7 25 160
21 70 49 60 1 5 0 0.04 M M 12.2 18 170 M M 10 1 24 170
22 82 66 74 15 0 9 0.00 M M 15.3 22 180 M M 7 31 180
23 83 69 76 17 0 11 0.00 M M 16.1 25 160 M M 6 36 170
24 83 59 71 11 0 6 T M M 11.5 18 170 M M 4 1 30 180
25 79 51 65 5 0 0 0.00 M M 5.6 13 300 M M 0 20 310
26 85 46 66 6 0 1 0.00 M M 5.7 10 140 M M 1 M M
27 77 53 65 5 0 0 0.00 M M 8.9 14 10 M M 3 M M
28 68 52 60 -1 5 0 T M M 13.4 21 20 M M 3 31 10
29 72 49 61 0 4 0 0.01 M M 7.7 14 150 M M 7 16 130
30 72 59 66 5 0 1 0.02 M M 12.5 24 160 M M 9 1 33 160
31 90 59 75 13 0 10 T M M 14.7 23 200 M M 2 3 36 190
================================================================================
SM 2314 1599 126 75 1.25 M 325.3 M 82
================================================================================
AV 74.6 51.6 10.5 FASTST M M 3 MAX(MPH)
MISC ----> 29 10 45 270
================================================================================
NOTES:
# LAST OF SEVERAL OCCURRENCES
COLUMN 17 PEAK WIND IN M.P.H.
PRELIMINARY LOCAL CLIMATOLOGICAL DATA (WS FORM: F-6) , PAGE 2
STATION: KILLEEN SKYLARK
MONTH: MARCH
YEAR: 2023
LATITUDE: 31 4 N
LONGITUDE: 97 41 W
[TEMPERATURE DATA] [PRECIPITATION DATA] SYMBOLS USED IN COLUMN 16
AVERAGE MONTHLY: 63.1 TOTAL FOR MONTH: 1.25 1 = FOG OR MIST
DPTR FM NORMAL: 5.6 DPTR FM NORMAL: -1.97 2 = FOG REDUCING VISIBILITY
HIGHEST: 90 ON 31,11 GRTST 24HR 0.74 ON 2- 2 TO 1/4 MILE OR LESS
LOWEST: 31 ON 19 3 = THUNDER
SNOW, ICE PELLETS, HAIL 4 = ICE PELLETS
TOTAL MONTH: M 5 = HAIL
GRTST 24HR M ON M 6 = FREEZING RAIN OR DRIZZLE
GRTST DEPTH: M ON M 7 = DUSTSTORM OR SANDSTORM:
VSBY 1/2 MILE OR LESS
8 = SMOKE OR HAZE
[NO. OF DAYS WITH] [WEATHER - DAYS WITH] 9 = BLOWING SNOW
X = TORNADO
MAX 32 OR BELOW: 0 0.01 INCH OR MORE: 7
MAX 90 OR ABOVE: 2 0.10 INCH OR MORE: 2
MIN 32 OR BELOW: 1 0.50 INCH OR MORE: 1
MIN 0 OR BELOW: 0 1.00 INCH OR MORE: 0
[HDD (BASE 65) ]
TOTAL THIS MO. 126 CLEAR (SCALE 0-3) 20
DPTR FM NORMAL -136 PTCLDY (SCALE 4-7) 9
TOTAL FM JUL 1 1608 CLOUDY (SCALE 8-10) 2
DPTR FM NORMAL -466
[CDD (BASE 65) ]
TOTAL THIS MO. 75
DPTR FM NORMAL 47 [PRESSURE DATA]
TOTAL FM JAN 1 118 HIGHEST SLP 30.58 ON 19
DPTR FM NORMAL 82 LOWEST SLP 29.59 ON 11
[REMARKS]
#FINAL-03-23#