759
CDUS42 KILM 190841
CLIILM


CLIMATE REPORT
NATIONAL WEATHER SERVICE WILMINGTON NC
441 AM EDT THU APR 19 2018


...................................

...THE WILMINGTON NORTH CAROLINA CLIMATE SUMMARY FOR APRIL 18 2018...

CLIMATE NORMAL PERIOD 1981 TO 2010
CLIMATE RECORD PERIOD 1871 TO 2018


WEATHER ITEM   OBSERVED TIME   RECORD YEAR NORMAL DEPARTURE LAST
                VALUE   (LST)  VALUE       VALUE  FROM      YEAR
                                                  NORMAL
..................................................................
TEMPERATURE (F)
 YESTERDAY
  MAXIMUM         82    143 PM  93    1976  75      7       71
  MINIMUM         57    528 AM  32    1875  52      5       61
  AVERAGE         70                        64      6       66

PRECIPITATION (IN)
  YESTERDAY        0.00          1.50 1885   0.09  -0.09      T
  MONTH TO DATE    2.64                      1.69   0.95     2.83
  SINCE MAR 1      5.89                      5.90  -0.01     5.54
  SINCE JAN 1     14.54                     13.28   1.26    11.09

SNOWFALL (IN)
  YESTERDAY        0.0          MM      MM   0.0    0.0      0.0
  MONTH TO DATE    0.0                       0.0    0.0      0.0
  SINCE MAR 1      0.0                       0.2   -0.2      1.1
  SINCE JUL 1      3.8                       1.7    2.1      1.1
  SNOW DEPTH       0

DEGREE DAYS
 HEATING
  YESTERDAY        0                         4     -4        0
  MONTH TO DATE  123                        97     26       44
  SINCE MAR 1    550                       420    130      417
  SINCE JUL 1   2352                      2349      3     1932

 COOLING
  YESTERDAY        5                         2      3        1
  MONTH TO DATE   23                        30     -7       47
  SINCE MAR 1     31                        46    -15       71
  SINCE JAN 1     69                        51     18       77
..................................................................


WIND (MPH)
  RESULTANT WIND SPEED  11   RESULTANT WIND DIRECTION  SW (220)
  HIGHEST WIND SPEED    21   HIGHEST WIND DIRECTION    SW (220)
  HIGHEST GUST SPEED    31   HIGHEST GUST DIRECTION    SW (210)
  AVERAGE WIND SPEED    11.8


SKY COVER
  POSSIBLE SUNSHINE  MM
  AVERAGE SKY COVER 0.0


WEATHER CONDITIONS
 THE FOLLOWING WEATHER WAS RECORDED YESTERDAY.
  NO SIGNIFICANT WEATHER WAS OBSERVED.


RELATIVE HUMIDITY (PERCENT)
 HIGHEST    67           200 AM
 LOWEST     36           300 PM
 AVERAGE    52

..........................................................


THE WILMINGTON NORTH CAROLINA CLIMATE NORMALS FOR TODAY
                         NORMAL    RECORD    YEAR
 MAXIMUM TEMPERATURE (F)   75        89      2016
                                             1968
                                             1958
 MINIMUM TEMPERATURE (F)   53        28      1875


SUNRISE AND SUNSET
APRIL 19 2018.........SUNRISE   636 AM EDT   SUNSET   746 PM EDT
APRIL 20 2018.........SUNRISE   634 AM EDT   SUNSET   747 PM EDT


-  INDICATES NEGATIVE NUMBERS.
R  INDICATES RECORD WAS SET OR TIED.
MM INDICATES DATA IS MISSING.
T  INDICATES TRACE AMOUNT.




$$
