000
CDUS42 KILM 210840
CLIILM


CLIMATE REPORT
NATIONAL WEATHER SERVICE WILMINGTON NC
440 AM EDT SAT APR 21 2018


...................................

...THE WILMINGTON NORTH CAROLINA CLIMATE SUMMARY FOR APRIL 20 2018...

CLIMATE NORMAL PERIOD 1981 TO 2010
CLIMATE RECORD PERIOD 1871 TO 2018


WEATHER ITEM   OBSERVED TIME   RECORD YEAR NORMAL DEPARTURE LAST
                VALUE   (LST)  VALUE       VALUE  FROM      YEAR
                                                  NORMAL
..................................................................
TEMPERATURE (F)
 YESTERDAY
  MAXIMUM         67    307 PM  91    1995  75     -8       84
  MINIMUM         42    550 AM  30    1983  53    -11       60
  AVERAGE         55                        64     -9       72

PRECIPITATION (IN)
  YESTERDAY        0.00          1.30 1918   0.09  -0.09     0.00
  MONTH TO DATE    2.64                      1.87   0.77     2.83
  SINCE MAR 1      5.89                      6.08  -0.19     5.54
  SINCE JAN 1     14.54                     13.46   1.08    11.09

SNOWFALL (IN)
  YESTERDAY        0.0          MM      MM   0.0    0.0      0.0
  MONTH TO DATE    0.0                       0.0    0.0      0.0
  SINCE MAR 1      0.0                       0.2   -0.2      1.1
  SINCE JUL 1      3.8                       1.7    2.1      1.1
  SNOW DEPTH       0

DEGREE DAYS
 HEATING
  YESTERDAY       10                         3      7        0
  MONTH TO DATE  133                       104     29       44
  SINCE MAR 1    560                       427    133      417
  SINCE JUL 1   2362                      2356      6     1932

 COOLING
  YESTERDAY        0                         3     -3        7
  MONTH TO DATE   26                        35     -9       57
  SINCE MAR 1     34                        51    -17       81
  SINCE JAN 1     72                        56     16       87
..................................................................


WIND (MPH)
  RESULTANT WIND SPEED   5   RESULTANT WIND DIRECTION   N (20)
  HIGHEST WIND SPEED    17   HIGHEST WIND DIRECTION    NE (40)
  HIGHEST GUST SPEED    24   HIGHEST GUST DIRECTION    NE (50)
  AVERAGE WIND SPEED     6.7


SKY COVER
  POSSIBLE SUNSHINE  MM
  AVERAGE SKY COVER 0.0


WEATHER CONDITIONS
 THE FOLLOWING WEATHER WAS RECORDED YESTERDAY.
  NO SIGNIFICANT WEATHER WAS OBSERVED.


RELATIVE HUMIDITY (PERCENT)
 HIGHEST    89          1100 PM
 LOWEST     26           300 PM
 AVERAGE    58

..........................................................


THE WILMINGTON NORTH CAROLINA CLIMATE NORMALS FOR TODAY
                         NORMAL    RECORD    YEAR
 MAXIMUM TEMPERATURE (F)   76        93      2002
 MINIMUM TEMPERATURE (F)   53        32      1983


SUNRISE AND SUNSET
APRIL 21 2018.........SUNRISE   633 AM EDT   SUNSET   748 PM EDT
APRIL 22 2018.........SUNRISE   632 AM EDT   SUNSET   749 PM EDT


-  INDICATES NEGATIVE NUMBERS.
R  INDICATES RECORD WAS SET OR TIED.
MM INDICATES DATA IS MISSING.
T  INDICATES TRACE AMOUNT.




$$
