000
CXUS51 KILN 011149
CF6ILN
PRELIMINARY LOCAL CLIMATOLOGICAL DATA (WS FORM: F-6)
STATION: WILMINGTON
MONTH: OCTOBER
YEAR: 2022
LATITUDE: 39 25 N
LONGITUDE: 83 47 W
TEMPERATURE IN F: :PCPN: SNOW: WIND :SUNSHINE: SKY :PK WND
================================================================================
1 2 3 4 5 6A 6B 7 8 9 10 11 12 13 14 15 16 17 18
12Z AVG MX 2MIN
DY MAX MIN AVG DEP HDD CDD WTR SNW DPTH SPD SPD DIR MIN PSBL S-S WX SPD DR
================================================================================
1 68 49 59 -1 6 0 0.00 0.0 0 12.9 22 360 M M 0 29 360
2 69 43 56 -4 9 0 0.00 0.0 0 12.6 23 20 M M 1 31 20
3 68 40 54 -6 11 0 0.00 0.0 0 7.6 16 40 M M 0 21 40
4 72 35 54 -5 11 0 0.00 0.0 0 5.6 15 360 M M 0 1 20 50
5 77 38 58 -1 7 0 0.00 0.0 0 2.0 10 300 M M 0 12 300
6 76 44 60 2 5 0 0.00 0.0 0 3.9 16 230 M M 4 19 230
7 60 34 47 -11 18 0 0.00 0.0 0 8.8 20 320 M M 2 23 340
8 57 31 44 -14 21 0 0.00 0.0 0 4.8 14 280 M M 1 18 280
9 63 32 48 -9 17 0 0.00 0.0 0 6.6 17 240 M M 0 24 240
10 72 39 56 -1 9 0 0.00 0.0 0 6.3 15 250 M M 1 20 230
11 74 46 60 4 5 0 0.00 0.0 0 5.6 15 190 M M 0 21 180
12 76 55 66 10 0 1 0.17 0.0 0 11.9 24 210 M M 4 13 31 200
13 63 42 53 -3 12 0 0.04 0.0 0 11.0 25 270 M M 5 18 31 280
14 64 38 51 -4 14 0 0.00 0.0 0 10.5 30 260 M M 2 40 260
15 61 38 50 -5 15 0 0.00 0.0 0 9.5 23 200 M M 0 33 200
16 72 37 55 1 10 0 0.00 0.0 0 8.9 21 210 M M 4 25 250
17 52 35 44 -10 21 0 T T 0 14.9 26 270 M M 6 1 35 260
18 45 36 41 -13 24 0 0.04 T 0 15.5 24 280 M M 10 1 29 280
19 52 35 44 -9 21 0 T 0.0 0 13.6 24 250 M M 6 1 34 260
20 53 28 41 -12 24 0 0.00 0.0 0 10.4 25 240 M M 2 30 240
21 71 39 55 3 10 0 0.00 0.0 0 11.1 26 220 M M 0 32 230
22 78 49 64 12 1 0 0.00 0.0 0 9.6 21 200 M M 0 26 200
23 77 53 65 13 0 0 0.00 0.0 0 6.4 17 200 M M 0 8 23 210
24 76 50 63 12 2 0 0.00 0.0 0 6.1 15 200 M M 0 8 19 200
25 77 56 67 16 0 2 0.10 0.0 0 9.6 24 230 M M 4 18 29 220
26 61 45 53 3 12 0 0.05 0.0 0 12.1 25 220 M M 10 1 33 230
27 56 33 45 -5 20 0 0.00 0.0 0 7.2 17 50 M M 1 21 50
28 64 39 52 2 13 0 0.00 0.0 0 7.2 13 60 M M 0 16 70
29 69 32 51 2 14 0 0.00 0.0 0 4.2 12 100 M M 0 8 15 100
30 70 41 56 7 9 0 0.46 0.0 0 5.7 14 230 M M 4 18 18 180
31 65 57 61 13 4 0 0.07 0.0 0 9.6 18 220 M M 10 1 22 220
================================================================================
SM 2058 1269 345 3 0.93 T 271.7 M 77
================================================================================
AV 66.4 40.9 8.8 FASTST M M 2 MAX(MPH)
MISC ----> 30 260 40 260
================================================================================
NOTES:
# LAST OF SEVERAL OCCURRENCES
COLUMN 17 PEAK WIND IN M.P.H.
PRELIMINARY LOCAL CLIMATOLOGICAL DATA (WS FORM: F-6) , PAGE 2
STATION: WILMINGTON
MONTH: OCTOBER
YEAR: 2022
LATITUDE: 39 25 N
LONGITUDE: 83 47 W
[TEMPERATURE DATA] [PRECIPITATION DATA] SYMBOLS USED IN COLUMN 16
AVERAGE MONTHLY: 53.7 TOTAL FOR MONTH: 0.93 1 = FOG OR MIST
DPTR FM NORMAL: -0.8 DPTR FM NORMAL: -2.27 2 = FOG REDUCING VISIBILITY
HIGHEST: 78 ON 22 GRTST 24HR 0.48 ON 30-31 TO 1/4 MILE OR LESS
LOWEST: 28 ON 20 3 = THUNDER
SNOW, ICE PELLETS, HAIL 4 = ICE PELLETS
TOTAL MONTH: T 5 = HAIL
GRTST 24HR T ON 17-17 6 = FREEZING RAIN OR DRIZZLE
GRTST DEPTH: 0 7 = DUSTSTORM OR SANDSTORM:
VSBY 1/2 MILE OR LESS
8 = SMOKE OR HAZE
[NO. OF DAYS WITH] [WEATHER - DAYS WITH] 9 = BLOWING SNOW
X = TORNADO
MAX 32 OR BELOW: 0 0.01 INCH OR MORE: 7
MAX 90 OR ABOVE: 0 0.10 INCH OR MORE: 3
MIN 32 OR BELOW: 4 0.50 INCH OR MORE: 0
MIN 0 OR BELOW: 0 1.00 INCH OR MORE: 0
[HDD (BASE 65) ]
TOTAL THIS MO. 345 CLEAR (SCALE 0-3) 20
DPTR FM NORMAL 2 PTCLDY (SCALE 4-7) 8
TOTAL FM JUL 1 414 CLOUDY (SCALE 8-10) 3
DPTR FM NORMAL -16
[CDD (BASE 65) ]
TOTAL THIS MO. 3
DPTR FM NORMAL -13 [PRESSURE DATA]
TOTAL FM JAN 1 1072 HIGHEST SLP 30.46 ON 8
DPTR FM NORMAL 193 LOWEST SLP 29.64 ON 26
[REMARKS]
#FINAL-10-22#