000
CXUS51 KILN 311347
CF6ILN
PRELIMINARY LOCAL CLIMATOLOGICAL DATA (WS FORM: F-6)
STATION: WILMINGTON
MONTH: MARCH
YEAR: 2022
LATITUDE: 39 25 N
LONGITUDE: 83 47 W
TEMPERATURE IN F: :PCPN: SNOW: WIND :SUNSHINE: SKY :PK WND
================================================================================
1 2 3 4 5 6A 6B 7 8 9 10 11 12 13 14 15 16 17 18
12Z AVG MX 2MIN
DY MAX MIN AVG DEP HDD CDD WTR SNW DPTH SPD SPD DIR MIN PSBL S-S WX SPD DR
================================================================================
1 63 35 49 13 16 0 0.00 0.0 0 9.2 22 250 M M 3 25 250
2 63 32 48 12 17 0 T 0.0 0 6.3 17 240 M M 4 20 230
3 56 30 43 6 22 0 T 0.0 0 11.2 18 40 M M 8 25 10
4 48 24 36 -1 29 0 0.00 0.0 0 7.8 13 90 M M 1 18 80
5 75 37 56 19 9 0 0.00 0.0 0 14.0 33 220 M M 2 45 210
6 68 57 63 25 2 0 0.25 0.0 0 15.4 29 220 M M 7 13 35 220
7 62 36 49 11 16 0 0.78 T 0 18.1 35 290 M M 10 13 46 300
8 39 34 37 -1 28 0 T T 0 4.3 14 290 M M 8 18 290
9 48 32 40 1 25 0 T T 0 5.2 13 300 M M 7 1 16 270
10 51 28 40 1 25 0 0.00 0.0 0 4.2 10 20 M M 1 16 350
11 55 26 41 2 24 0 0.08 1.5 0 10.7 25 340 M M 5 1 33 340
12 27 18 23 -17 42 0 T T 1 16.4 28 280 M M 7 18 38 320
13 48 14 31 -9 34 0 0.00 0.0 T 15.0 31 230 M M 3 39 220
14 62 34 48 8 17 0 0.00 0.0 0 11.0 21 190 M M 0 27 220
15 67 42 55 14 10 0 T 0.0 0 6.1 17 270 M M 4 8 22 230
16 69 37 53 12 12 0 0.00 0.0 0 4.6 15 180 M M 0 21 150
17 73 39 56 15 9 0 0.00 0.0 0 2.8 15 220 M M 1 8 18 210
18 69 47 58 16 7 0 0.06 0.0 0 7.7 22 170 M M 6 1 28 170
19 59 40 50 8 15 0 0.08 0.0 0 18.3 30 240 M M 10 1 35 240
20 58 39 49 6 16 0 0.05 0.0 0 8.9 21 280 M M 4 1 27 280
21 71 40 56 13 9 0 0.00 0.0 0 6.7 16 210 M M 0 21 240
22 64 49 57 14 8 0 T 0.0 0 7.5 26 220 M M 6 33 240
23 70 47 59 15 6 0 0.23 0.0 0 14.7 31 240 M M 7 1 39 260
24 56 38 47 3 18 0 T 0.0 0 14.3 28 240 M M 7 35 220
25 46 35 41 -3 24 0 0.20 T 0 15.0 31 290 M M 8 1 40 320
26 38 30 34 -11 31 0 0.03 0.6 T 15.8 23 270 M M 9 1 32 280
27 37 26 32 -13 33 0 T T 0 13.1 23 320 M M 8 30 290
28 39 18 29 -17 36 0 0.00 0.0 0 8.5 20 320 M M 1 25 320
29 43 25 34 -12 31 0 T 0.0 0 8.8 15 110 M M 6 19 110
30 79 40 60 14 5 0 0.00 0.0 0 17.3 33 190 M M 2 46 190
================================================================================
SM 1703 1029 576 0 1.76 2.1 318.9 M 145
================================================================================
AV 56.8 34.3 10.6 FASTST M M 5 MAX(MPH)
MISC ----> 35 290 # 46 300
================================================================================
NOTES:
# LAST OF SEVERAL OCCURRENCES
COLUMN 17 PEAK WIND IN M.P.H.
PRELIMINARY LOCAL CLIMATOLOGICAL DATA (WS FORM: F-6) , PAGE 2
STATION: WILMINGTON
MONTH: MARCH
YEAR: 2022
LATITUDE: 39 25 N
LONGITUDE: 83 47 W
[TEMPERATURE DATA] [PRECIPITATION DATA] SYMBOLS USED IN COLUMN 16
AVERAGE MONTHLY: 45.5 TOTAL FOR MONTH: 1.76 1 = FOG OR MIST
DPTR FM NORMAL: 4.5 DPTR FM NORMAL: -1.74 2 = FOG REDUCING VISIBILITY
HIGHEST: 79 ON 30 GRTST 24HR 0.82 ON 6- 7 TO 1/4 MILE OR LESS
LOWEST: 14 ON 13 3 = THUNDER
SNOW, ICE PELLETS, HAIL 4 = ICE PELLETS
TOTAL MONTH: 2.1 INCHES 5 = HAIL
GRTST 24HR 1.5 ON 11-11 6 = FREEZING RAIN OR DRIZZLE
GRTST DEPTH: 1 ON 12 7 = DUSTSTORM OR SANDSTORM:
VSBY 1/2 MILE OR LESS
8 = SMOKE OR HAZE
[NO. OF DAYS WITH] [WEATHER - DAYS WITH] 9 = BLOWING SNOW
X = TORNADO
MAX 32 OR BELOW: 1 0.01 INCH OR MORE: 9
MAX 90 OR ABOVE: 0 0.10 INCH OR MORE: 4
MIN 32 OR BELOW: 12 0.50 INCH OR MORE: 1
MIN 0 OR BELOW: 0 1.00 INCH OR MORE: 0
[HDD (BASE 65) ]
TOTAL THIS MO. 576 CLEAR (SCALE 0-3) 9
DPTR FM NORMAL -144 PTCLDY (SCALE 4-7) 18
TOTAL FM JUL 1 4258 CLOUDY (SCALE 8-10) 3
DPTR FM NORMAL -545
[CDD (BASE 65) ]
TOTAL THIS MO. 0
DPTR FM NORMAL 0 [PRESSURE DATA]
TOTAL FM JAN 1 0 HIGHEST SLP M ON M
DPTR FM NORMAL 0 LOWEST SLP 29.33 ON 30
[REMARKS]