000
CXUS53 KILX 011519
CLSILX
CLIMATE REPORT
NATIONAL WEATHER SERVICE LINCOLN IL
919 AM CST FRI MAR 01 2024
...................................
...THE LINCOLN IL CLIMATE SUMMARY FOR THE SEASON, FROM
12/1/2023 TO 2/29/2024...
CLIMATE NORMAL PERIOD 1991 TO 2020
CLIMATE RECORD PERIOD 1905 TO 2024
WEATHER OBSERVED NORMAL DEPART LAST YEAR`S
VALUE DATE(S) VALUE FROM VALUE
NORMAL
..............................................................
TEMPERATURE (F)
RECORD
HIGH 78 02/27/2024
LOW -34 01/15/1927
HIGHEST 78R 02/27 MM MM 66
LOWEST -12 01/14 MM MM -9
AVG. MAXIMUM 42.6 37.7 4.9 42.6
AVG. MINIMUM 26.5 20.8 5.7 25.2
MEAN 34.5 29.3 5.2 33.9
DAYS MAX >= 90 0 0.0 0.0 MM
DAYS MAX <= 32 9 29.3 -20.3 MM
DAYS MIN <= 32 66 77.9 -11.9 MM
DAYS MIN <= 0 7 6.6 0.4 MM
PRECIPITATION (INCHES)
RECORD
MAXIMUM 15.57 1949
MINIMUM 1.46 1919
TOTALS 7.65 6.38 1.27 9.34
DAILY AVG. 0.08 0.11
DAYS >= .01 35 27.9 7.1 24
DAYS >= .10 14 14.9 -0.9 14
DAYS >= .50 6 3.9 2.1 4
DAYS >= 1.00 0 1.1 -1.1 2
GREATEST
24 HR. TOTAL 0.99 3.40
SNOWFALL (INCHES)
RECORDS
TOTAL 41.1 2014
24 HR TOTAL 13.0 02/23/1914 TO 02/23/1914
TOTALS 10.6 16.8 -6.2 5.7
DAYS >= TRACE 22 13.6 8.4 26
DAYS >= 1.0 4 5.4 -1.4 2
GREATEST
SNOW DEPTH 3 01/20 1
02/17
02/18
24 HR TOTAL MM 1.8
DEGREE DAYS
HEATING TOTAL 2764 3218 -454 2786
SINCE 7/1 3784 4420 -636 MM
COOLING TOTAL 0 0 0 0
SINCE 1/1 0 0 0 MM
FREEZE DATES
RECORD
EARLIEST 09/11/1917
LATEST 05/29/1925
EARLIEST 10/30
LATEST 04/26
..............................................................
SKY COVER
POSSIBLE SUNSHINE (PERCENT) MM
WEATHER CONDITIONS. NUMBER OF DAYS WITH
THUNDERSTORM 2 MIXED PRECIP 2
HEAVY RAIN 5 RAIN 11
LIGHT RAIN 33 FREEZING RAIN 1
LT FREEZING RAIN 1 HAIL 0
HEAVY SNOW 0 SNOW 2
LIGHT SNOW 20 SLEET 1
FOG 31 FOG W/VIS <= 1/4 MILE 8
HAZE 1
- INDICATES NEGATIVE NUMBERS.
R INDICATES RECORD WAS SET OR TIED.
MM INDICATES DATA IS MISSING.
T INDICATES TRACE AMOUNT.
&&
RECORDS SET IN LINCOLN IL DURING WINTER SEASON (DEC 2023-FEB 2024):
* 4TH WARMEST METEOROLOGICAL WINTER SEASON WITH MEAN TEMPERATURE 34.5F
* 5TH WARMEST DECEMBER WITH MEAN TEMPERATURE OF 38.8F
* 10TH WETTEST JANUARY WITH 4.38 INCH PRECIPITATION
* 5TH WARMEST FEBRUARY WITH MEAN TEMPERATURE 39F
* 5TH DRIEST FEBRUARY WITH 0.31 INCH PRECIPITATION
$$