906
CXUS55 KLBF 011510
CF6IML
PRELIMINARY LOCAL CLIMATOLOGICAL DATA (WS FORM: F-6)
STATION: IMPERIAL
MONTH: DECEMBER
YEAR: 2020
LATITUDE: 40 31 N
LONGITUDE: 101 37 W
TEMPERATURE IN F: :PCPN: SNOW: WIND :SUNSHINE: SKY :PK WND
================================================================================
1 2 3 4 5 6A 6B 7 8 9 10 11 12 13 14 15 16 17 18
12Z AVG MX 2MIN
DY MAX MIN AVG DEP HDD CDD WTR SNW DPTH SPD SPD DIR MIN PSBL S-S WX SPD DR
================================================================================
1 51 11 31 0 34 0 0.00 M M 16.8 35 350 M M 4 43 350
2 33 20 27 -4 38 0 T M M 17.0 28 350 M M 10 6 38 360
3 47 17 32 1 33 0 0.00 M M 10.7 17 330 M M 0 23 330
4 62 24 43 13 22 0 0.00 M M 11.1 20 330 M M 0 26 340
5 58 23 41 11 24 0 0.00 M M 9.1 18 360 M M 0 25 340
6 58 22 40 10 25 0 0.00 M M 6.2 14 300 M M 0 19 310
7 64 29 47 17 18 0 0.00 M M 12.2 21 330 M M 0 27 330
8 65 25 45 16 20 0 0.00 M M 9.7 15 310 M M 0 22 290
9 67 20 44 15 21 0 0.00 M M 6.6 14 280 M M 0 18 280
10 40 18 29 0 36 0 T M M 15.0 29 10 M M 5 1 36 360
11 36 23 30 1 35 0 T M M 12.7 20 340 M M 10 1 25 340
12 35 14 25 -3 40 0 0.00 M M 4.7 12 90 M M 6 14 90
13 39 8 24 -4 41 0 0.00 M M 8.6 18 330 M M 2 28 310
14 31 7 19 -9 46 0 0.00 M M 12.9 28 130 M M 5 1 40 130
15 27 8 18 -10 47 0 0.07 M M 5.9 13 250 M M 8 1 17 330
16 42 8 25 -3 40 0 0.00 M M 11.4 24 310 M M 6 35 320
17 48 19 34 6 31 0 0.00 M M 10.2 20 200 M M 0 28 200
18 46 24 35 7 30 0 0.00 M M 12.3 31 340 M M 3 38 320
19 48 16 32 4 33 0 0.00 M M 11.0 20 310 M M 2 33 270
20 52 26 39 11 26 0 0.00 M M 12.8 32 230 M M 1 45 230
21 58 29 44 16 21 0 0.00 M M 6.9 12 190 M M 0 32 40
22 60 25 43 16 22 0 0.00 M M 11.1 41 310 M M 1 8 63 300
23 38 9 24 -3 41 0 T M M 24.6 43 330 M M 5 1 61 310
24 43 14 29 2 36 0 0.00 M M 12.9 26 320 M M 5 37 320
25 60 20 40 13 25 0 0.00 M M 9.0 16 300 M M 0 24 310
26 64 18 41 14 24 0 0.00 M M 6.7 18 320 M M 0 25 310
27 49 26 38 11 27 0 T M M 12.3 24 330 M M 3 1 33 330
28 37 13 25 -2 40 0 T M M 9.2 21 140 M M 8 1 34 140
29 33 20 27 0 38 0 T M M 15.1 28 150 M M 7 1 43 140
30 32 11 22 -6 43 0 0.00 M M 7.3 16 310 M M 0 23 310
31 36 7 22 -6 43 0 0.00 M M 4.6 12 130 M M 0 14 140
================================================================================
SM 1459 554 1000 0 0.07 M 336.6 M 91
================================================================================
AV 47.1 17.9 10.9 FASTST M M 3 MAX(MPH)
MISC ----> 43 330 63 300
================================================================================
NOTES:
# LAST OF SEVERAL OCCURRENCES
COLUMN 17 PEAK WIND IN M.P.H.
PRELIMINARY LOCAL CLIMATOLOGICAL DATA (WS FORM: F-6) , PAGE 2
STATION: IMPERIAL
MONTH: DECEMBER
YEAR: 2020
LATITUDE: 40 31 N
LONGITUDE: 101 37 W
[TEMPERATURE DATA] [PRECIPITATION DATA] SYMBOLS USED IN COLUMN 16
AVERAGE MONTHLY: 32.5 TOTAL FOR MONTH: 0.07 1 = FOG OR MIST
DPTR FM NORMAL: 4.1 DPTR FM NORMAL: -0.33 2 = FOG REDUCING VISIBILITY
HIGHEST: 67 ON 9 GRTST 24HR 0.07 ON 15-15 TO 1/4 MILE OR LESS
LOWEST: 7 ON 31,14 3 = THUNDER
SNOW, ICE PELLETS, HAIL 4 = ICE PELLETS
TOTAL MONTH: M 5 = HAIL
GRTST 24HR M ON M 6 = FREEZING RAIN OR DRIZZLE
GRTST DEPTH: M ON M 7 = DUSTSTORM OR SANDSTORM:
VSBY 1/2 MILE OR LESS
8 = SMOKE OR HAZE
[NO. OF DAYS WITH] [WEATHER - DAYS WITH] 9 = BLOWING SNOW
X = TORNADO
MAX 32 OR BELOW: 3 0.01 INCH OR MORE: 1
MAX 90 OR ABOVE: 0 0.10 INCH OR MORE: 0
MIN 32 OR BELOW: 31 0.50 INCH OR MORE: 0
MIN 0 OR BELOW: 0 1.00 INCH OR MORE: 0
[HDD (BASE 65) ]
TOTAL THIS MO. 1000 CLEAR (SCALE 0-3) 19
DPTR FM NORMAL -134 PTCLDY (SCALE 4-7) 9
TOTAL FM JUL 1 2280 CLOUDY (SCALE 8-10) 3
DPTR FM NORMAL -238
[CDD (BASE 65) ]
TOTAL THIS MO. 0
DPTR FM NORMAL 0 [PRESSURE DATA]
TOTAL FM JAN 1 1214 HIGHEST SLP 30.52 ON 2
DPTR FM NORMAL 251 LOWEST SLP 29.36 ON 22
[REMARKS]
#FINAL-12-20#