000
CXUS53 KIND 010700
CF6IND
PRELIMINARY LOCAL CLIMATOLOGICAL DATA (WS FORM: F-6)
STATION: INDIANAPOLIS IN
MONTH: DECEMBER
YEAR: 2023
LATITUDE: 39 43 N
LONGITUDE: 86 17 W
TEMPERATURE IN F: :PCPN: SNOW: WIND :SUNSHINE: SKY :PK WND
================================================================================
1 2 3 4 5 6A 6B 7 8 9 10 11 12 13 14 15 16 17 18
12Z AVG MX 2MIN
DY MAX MIN AVG DEP HDD CDD WTR SNW DPTH SPD SPD DIR MIN PSBL S-S WX SPD DR
================================================================================
1 50 42 46 8 19 0 0.30 0.0 0 9.7 28 190 M M 10 1 34 190
2 50 43 47 10 18 0 0.00 0.0 0 6.0 17 280 M M 10 22 230
3 43 33 38 1 27 0 0.05 0.0 0 9.6 26 250 M M 9 1 34 260
4 44 32 38 1 27 0 0.00 0.0 0 4.7 13 280 M M 8 20 310
5 43 35 39 3 26 0 0.03 0.0 0 8.5 21 340 M M 10 1 25 340
6 38 30 34 -2 31 0 0.00 0.0 0 9.0 15 260 M M 8 18 260
7 55 32 44 8 21 0 0.00 0.0 0 12.0 20 240 M M 5 25 240
8 57 49 53 18 12 0 0.00 0.0 0 15.8 23 220 M M 8 32 210
9 65 39 52 17 13 0 0.06 0.0 0 12.3 25 250 M M 8 13 32 230
10 40 29 35 0 30 0 0.01 T 0 11.9 25 290 M M 10 16 33 280
11 39 29 34 0 31 0 0.00 0.0 0 7.5 14 330 M M 5 19 240
12 51 29 40 6 25 0 0.00 0.0 0 10.2 18 280 M M 1 24 290
13 46 28 37 3 28 0 0.00 0.0 0 2.7 8 190 M M 4 10 330
14 52 26 39 5 26 0 0.00 0.0 0 2.3 8 160 M M 0 11 230
15 55 30 43 10 22 0 0.00 0.0 0 5.2 13 150 M M 5 17 160
16 53 40 47 14 18 0 0.19 0.0 0 10.4 17 140 M M 10 1 22 140
17 45 38 42 9 23 0 0.21 0.0 0 8.9 17 270 M M 10 12 22 280
18 38 23 31 -2 34 0 T T 0 18.4 32 300 M M 8 1 43 310
19 38 16 27 -5 38 0 0.00 0.0 0 8.0 15 210 M M 4 22 200
20 50 25 38 6 27 0 0.00 0.0 0 8.4 15 190 M M 6 20 190
21 51 34 43 11 22 0 0.00 0.0 0 5.1 9 170 M M 8 13 150
22 51 41 46 14 19 0 0.02 0.0 0 7.0 14 190 M M 10 16 180
23 50 44 47 16 18 0 0.09 0.0 0 7.1 16 210 M M 10 12 22 200
24 61 45 53 22 12 0 0.01 0.0 0 6.7 12 120 M M 9 12 15 120
25 59 48 54 23 11 0 0.20 0.0 0 14.0 28 120 M M 9 1 36 120
26 53 36 45 14 20 0 0.00 0.0 0 7.4 18 250 M M 8 23 230
27 48 29 39 8 26 0 0.00 0.0 0 5.7 13 50 M M 6 1 16 50
28 41 34 38 8 27 0 0.05 T 0 8.4 15 230 M M 10 1 19 230
29 36 33 35 5 30 0 0.02 T 0 7.4 14 250 M M 10 1 16 240
30 37 32 35 5 30 0 0.02 0.0 0 10.0 16 220 M M 8 1 21 300
31 36 30 33 3 32 0 T 0.1 0 11.5 22 280 M M 9 16 30 270
================================================================================
SM 1475 1054 743 0 1.26 0.1 271.8 M 236
================================================================================
AV 47.6 34.0 8.8 FASTST M M 8 MAX(MPH)
MISC ----> 32 300 43 310
================================================================================
NOTES:
# LAST OF SEVERAL OCCURRENCES
COLUMN 17 PEAK WIND IN M.P.H.
PRELIMINARY LOCAL CLIMATOLOGICAL DATA (WS FORM: F-6) , PAGE 2
STATION: INDIANAPOLIS IN
MONTH: DECEMBER
YEAR: 2023
LATITUDE: 39 43 N
LONGITUDE: 86 17 W
[TEMPERATURE DATA] [PRECIPITATION DATA] SYMBOLS USED IN COLUMN 16
AVERAGE MONTHLY: 40.8 TOTAL FOR MONTH: 1.26 1 = FOG OR MIST
DPTR FM NORMAL: 7.5 DPTR FM NORMAL: -1.66 2 = FOG REDUCING VISIBILITY
HIGHEST: 65 ON 9 GRTST 24HR 0.40 ON 16-17 TO 1/4 MILE OR LESS
LOWEST: 16 ON 19 3 = THUNDER
SNOW, ICE PELLETS, HAIL 4 = ICE PELLETS
TOTAL MONTH: 0.1 INCH 5 = HAIL
GRTST 24HR 0.1 ON 31-31 6 = FREEZING RAIN OR DRIZZLE
GRTST DEPTH: 0 7 = DUSTSTORM OR SANDSTORM:
VSBY 1/2 MILE OR LESS
8 = SMOKE OR HAZE
[NO. OF DAYS WITH] [WEATHER - DAYS WITH] 9 = BLOWING SNOW
X = TORNADO
MAX 32 OR BELOW: 0 0.01 INCH OR MORE: 14
MAX 90 OR ABOVE: 0 0.10 INCH OR MORE: 4
MIN 32 OR BELOW: 15 0.50 INCH OR MORE: 0
MIN 0 OR BELOW: 0 1.00 INCH OR MORE: 0
[HDD (BASE 65) ]
TOTAL THIS MO. 743 CLEAR (SCALE 0-3) 2
DPTR FM NORMAL -240 PTCLDY (SCALE 4-7) 12
TOTAL FM JUL 1 1603 CLOUDY (SCALE 8-10) 17
DPTR FM NORMAL -403
[CDD (BASE 65) ]
TOTAL THIS MO. 0
DPTR FM NORMAL 0 [PRESSURE DATA]
TOTAL FM JAN 1 1178 HIGHEST SLP M ON M
DPTR FM NORMAL 39 LOWEST SLP 29.04 ON 30
[REMARKS]
#FINAL-12-23#