546
CXUS53 KIND 010600
CF6IND
PRELIMINARY LOCAL CLIMATOLOGICAL DATA (WS FORM: F-6)
STATION: INDIANAPOLIS IN
MONTH: JUNE
YEAR: 2020
LATITUDE: 39 43 N
LONGITUDE: 86 17 W
TEMPERATURE IN F: :PCPN: SNOW: WIND :SUNSHINE: SKY :PK WND
================================================================================
1 2 3 4 5 6A 6B 7 8 9 10 11 12 13 14 15 16 17 18
12Z AVG MX 2MIN
DY MAX MIN AVG DEP HDD CDD WTR SNW DPTH SPD SPD DIR MIN PSBL S-S WX SPD DR
================================================================================
1 75 51 63 -5 2 0 0.01 0.0 0 6.6 14 160 M M 5 17 160
2 87 59 73 5 0 8 T 0.0 0 13.1 22 230 M M 5 31 230
3 88 68 78 10 0 13 0.03 0.0 0 10.0 17 280 M M 8 3 23 250
4 84 66 75 6 0 10 1.04 0.0 0 6.0 36 280 M M 8 13 49 270
5 86 66 76 7 0 11 0.00 0.0 0 6.1 14 250 M M 6 12 18 240
6 89 68 79 10 0 14 0.00 0.0 0 8.6 16 10 M M 4 24 360
7 84 61 73 3 0 8 0.00 0.0 0 8.8 16 100 M M 2 21 110
8 88 65 77 7 0 12 0.00 0.0 0 11.1 17 110 M M 5 22 110
9 85 71 78 8 0 13 T 0.0 0 16.8 29 190 M M 9 41 180
10 86 64 75 4 0 10 T 0.0 0 21.4 36 220 M M 8 49 230
11 81 58 70 -1 0 5 0.00 0.0 0 10.5 22 290 M M 3 29 270
12 84 58 71 0 0 6 0.00 0.0 0 5.9 14 340 M M 1 19 20
13 76 59 68 -4 0 3 T 0.0 0 10.4 23 40 M M 4 30 40
14 76 56 66 -6 0 1 0.00 0.0 0 11.3 20 30 M M 3 27 40
15 80 50 65 -7 0 0 0.00 0.0 0 8.6 18 60 M M 2 26 40
16 83 61 72 0 0 7 0.00 0.0 0 7.4 18 110 M M 3 24 110
17 85 63 74 1 0 9 0.00 0.0 0 5.4 15 60 M M 5 21 60
18 87 64 76 3 0 11 0.00 0.0 M 5.2 13 30 M M 5 17 20
19 90 65 78 5 0 13 0.00 0.0 M 4.9 12 300 M M 4 15 260
20 91 68 80 7 0 15 0.00 0.0 M 8.6 21 320 M M 4 25 320
21 78 66 72 -2 0 7 0.03 0.0 0 5.0 14 110 M M 8 17 110
22 88 63 76 2 0 11 0.57 0.0 0 8.6 22 190 M M 7 123 29 190
23 79 64 72 -2 0 7 0.18 0.0 0 11.6 26 290 M M 8 1 32 290
24 81 60 71 -3 0 6 0.00 0.0 0 8.5 17 290 M M 5 23 280
25 85 62 74 0 0 9 0.00 0.0 0 7.0 15 270 M M 4 21 270
26 90 67 79 4 0 14 0.01 0.0 0 12.4 24 220 M M 4 32 220
27 77 69 73 -2 0 8 1.31 0.0 0 9.6 23 290 M M 9 13 29 280
28 84 69 77 2 0 12 0.09 0.0 0 5.1 13 190 M M 9 1 16 140
29 89 70 80 5 0 15 T 0.0 0 4.5 15 250 M M 7 13 18 100
30 86 70 78 3 0 13 1.17 0.0 0 6.7 38 270 M M 8 13 53 280
================================================================================
SM 2522 1901 2 271 4.44 0.0 265.7 M 163
================================================================================
AV 84.1 63.4 8.9 FASTST M M 5 MAX(MPH)
MISC ----> 38 270 53 280
================================================================================
NOTES:
# LAST OF SEVERAL OCCURRENCES
COLUMN 17 PEAK WIND IN M.P.H.
PRELIMINARY LOCAL CLIMATOLOGICAL DATA (WS FORM: F-6) , PAGE 2
STATION: INDIANAPOLIS IN
MONTH: JUNE
YEAR: 2020
LATITUDE: 39 43 N
LONGITUDE: 86 17 W
[TEMPERATURE DATA] [PRECIPITATION DATA] SYMBOLS USED IN COLUMN 16
AVERAGE MONTHLY: 73.7 TOTAL FOR MONTH: 4.44 1 = FOG OR MIST
DPTR FM NORMAL: 1.7 DPTR FM NORMAL: 0.19 2 = FOG REDUCING VISIBILITY
HIGHEST: 91 ON 20 GRTST 24HR 1.40 ON 27-28 TO 1/4 MILE OR LESS
LOWEST: 50 ON 15 3 = THUNDER
SNOW, ICE PELLETS, HAIL 4 = ICE PELLETS
TOTAL MONTH: 0.0 INCH 5 = HAIL
GRTST 24HR 0.0 6 = FREEZING RAIN OR DRIZZLE
GRTST DEPTH: 0 7 = DUSTSTORM OR SANDSTORM:
VSBY 1/2 MILE OR LESS
8 = SMOKE OR HAZE
[NO. OF DAYS WITH] [WEATHER - DAYS WITH] 9 = BLOWING SNOW
X = TORNADO
MAX 32 OR BELOW: 0 0.01 INCH OR MORE: 10
MAX 90 OR ABOVE: 3 0.10 INCH OR MORE: 5
MIN 32 OR BELOW: 0 0.50 INCH OR MORE: 4
MIN 0 OR BELOW: 0 1.00 INCH OR MORE: 3
[HDD (BASE 65) ]
TOTAL THIS MO. 2 CLEAR (SCALE 0-3) 5
DPTR FM NORMAL -14 PTCLDY (SCALE 4-7) 21
TOTAL FM JUL 1 5006 CLOUDY (SCALE 8-10) 4
DPTR FM NORMAL -369
[CDD (BASE 65) ]
TOTAL THIS MO. 271
DPTR FM NORMAL 45 [PRESSURE DATA]
TOTAL FM JAN 1 352 HIGHEST SLP M ON M
DPTR FM NORMAL 42 LOWEST SLP 29.56 ON 10
[REMARKS]
#FINAL-06-20#