000
CXUS54 KMAF 011722
CF6INK
PRELIMINARY LOCAL CLIMATOLOGICAL DATA (WS FORM: F-6)
STATION: WINK
MONTH: JANUARY
YEAR: 2022
LATITUDE: 31 46 N
LONGITUDE: 103 12 W
TEMPERATURE IN F: :PCPN: SNOW: WIND :SUNSHINE: SKY :PK WND
================================================================================
1 2 3 4 5 6A 6B 7 8 9 10 11 12 13 14 15 16 17 18
12Z AVG MX 2MIN
DY MAX MIN AVG DEP HDD CDD WTR SNW DPTH SPD SPD DIR MIN PSBL S-S WX SPD DR
================================================================================
1 68 23 46 2 19 0 0.00 M M 18.1 37 280 M M 1 46 290
2 44 15 30 -14 35 0 0.00 M M 6.2 22 360 M M 0 25 350
3 55 15 35 -9 30 0 0.00 M M 5.4 12 120 M M 0 13 160
4 70 18 44 0 21 0 0.00 M M 8.7 22 280 M M 0 30 280
5 62 29 46 2 19 0 0.00 M M 5.7 14 70 M M 0 20 70
6 43 27 35 -9 30 0 0.00 M M 9.3 24 40 M M 0 29 50
7 58 19 39 -5 26 0 0.00 M M 6.2 13 150 M M 0 14 150
8 76 25 51 7 14 0 0.00 M M 11.2 29 260 M M 0 37 250
9 56 35 46 2 19 0 0.00 M M 11.7 25 20 M M 0 31 30
10 49 34 42 -2 23 0 0.00 M M 4.0 9 20 M M 4 12 350
11 56 32 44 0 21 0 0.00 M M 7.3 16 140 M M 3 21 150
12 67 26 47 3 18 0 0.00 M M 6.1 16 260 M M 0 20 250
13 69 25 47 3 18 0 0.00 M M 6.1 13 350 M M 0 15 350
14 77 27 52 8 13 0 0.00 M M 12.2 37 30 M M 1 8 48 30
15 53 27 40 -4 25 0 0.00 M M 14.3 30 10 M M 3 40 20
16 69 16 43 -2 22 0 0.00 M M 5.8 16 270 M M 0 20 270
17 68 25 47 2 18 0 0.00 M M 6.9 14 350 M M 0 15 220
18 74 44 59 14 6 0 0.00 M M 12.1 31 250 M M 0 40 240
19 64 35 50 5 15 0 0.00 M M 15.5 26 20 M M 1 33 10
20 36 28 32 -13 33 0 0.00 M M 9.0 16 30 M M 8 20 360
21 52 17 35 -10 30 0 0.00 M M 11.0 21 130 M M 0 25 130
22 43 22 33 -12 32 0 0.00 M M 10.2 17 120 M M 5 22 120
23 52 28 40 -5 25 0 0.00 M M 3.2 9 150 M M 4 13 260
24 64 25 45 -1 20 0 0.00 M M 5.9 17 280 M M 2 23 280
25 65 28 47 1 18 0 0.00 M M 10.0 26 90 M M 0 33 90
26 46 25 36 -10 29 0 0.00 M M 9.9 28 90 M M 9 18 35 100
27 57 27 42 -4 23 0 0.00 M M 5.1 20 70 M M 5 128 24 60
28 51 23 37 -9 28 0 0.00 M M 7.1 20 50 M M 1 25 50
29 59 15 37 -9 28 0 0.00 M M 5.7 12 230 M M 0 14 220
30 67 25 46 -1 19 0 T M M 5.8 17 110 M M 2 21 130
31 65 33 49 2 16 0 0.00 M M 6.3 16 270 M M 1 21 280
================================================================================
SM 1835 793 693 0 T M 262.0 M 50
================================================================================
AV 59.2 25.6 8.5 FASTST M M 2 MAX(MPH)
MISC ----> # 37 280 48 30
================================================================================
NOTES:
# LAST OF SEVERAL OCCURRENCES
COLUMN 17 PEAK WIND IN M.P.H.
PRELIMINARY LOCAL CLIMATOLOGICAL DATA (WS FORM: F-6) , PAGE 2
STATION: WINK
MONTH: JANUARY
YEAR: 2022
LATITUDE: 31 46 N
LONGITUDE: 103 12 W
[TEMPERATURE DATA] [PRECIPITATION DATA] SYMBOLS USED IN COLUMN 16
AVERAGE MONTHLY: 42.4 TOTAL FOR MONTH: T 1 = FOG OR MIST
DPTR FM NORMAL: -2.4 DPTR FM NORMAL: -0.49 2 = FOG REDUCING VISIBILITY
HIGHEST: 77 ON 14 GRTST 24HR 0.03 ON 1- 1 TO 1/4 MILE OR LESS
LOWEST: 15 ON 29, 3 3 = THUNDER
SNOW, ICE PELLETS, HAIL 4 = ICE PELLETS
TOTAL MONTH: M 5 = HAIL
GRTST 24HR M ON M 6 = FREEZING RAIN OR DRIZZLE
GRTST DEPTH: M ON M 7 = DUSTSTORM OR SANDSTORM:
VSBY 1/2 MILE OR LESS
8 = SMOKE OR HAZE
[NO. OF DAYS WITH] [WEATHER - DAYS WITH] 9 = BLOWING SNOW
X = TORNADO
MAX 32 OR BELOW: 0 0.01 INCH OR MORE: 0
MAX 90 OR ABOVE: 0 0.10 INCH OR MORE: 0
MIN 32 OR BELOW: 26 0.50 INCH OR MORE: 0
MIN 0 OR BELOW: 0 1.00 INCH OR MORE: 0
[HDD (BASE 65) ]
TOTAL THIS MO. 693 CLEAR (SCALE 0-3) 24
DPTR FM NORMAL 67 PTCLDY (SCALE 4-7) 6
TOTAL FM JUL 1 1307 CLOUDY (SCALE 8-10) 1
DPTR FM NORMAL -375
[CDD (BASE 65) ]
TOTAL THIS MO. 0
DPTR FM NORMAL 0 [PRESSURE DATA]
TOTAL FM JAN 1 0 HIGHEST SLP 30.72 ON 10
DPTR FM NORMAL 0 LOWEST SLP 29.57 ON 1
[REMARKS]
#FINAL-01-22#