000
CXUS54 KMAF 012127
CF6INK
PRELIMINARY LOCAL CLIMATOLOGICAL DATA (WS FORM: F-6)
STATION: WINK
MONTH: JANUARY
YEAR: 2024
LATITUDE: 31 46 N
LONGITUDE: 103 12 W
TEMPERATURE IN F: :PCPN: SNOW: WIND :SUNSHINE: SKY :PK WND
================================================================================
1 2 3 4 5 6A 6B 7 8 9 10 11 12 13 14 15 16 17 18
12Z AVG MX 2MIN
DY MAX MIN AVG DEP HDD CDD WTR SNW DPTH SPD SPD DIR MIN PSBL S-S WX SPD DR
================================================================================
1 53 29 41 -3 24 0 0.00 M M 5.7 10 20 M M 0 13 40
2 52 38 45 1 20 0 0.00 M M 6.3 16 110 M M 5 22 110
3 58 28 43 -1 22 0 0.00 M M 6.7 15 130 M M 0 20 120
4 49 38 44 0 21 0 0.04 M M 15.8 29 150 M M 6 1 36 140
5 58 33 46 2 19 0 0.00 M M 8.6 22 310 M M 0 27 300
6 55 30 43 -1 22 0 0.00 M M 8.5 26 330 M M 1 34 320
7 67 23 45 1 20 0 0.00 M M 15.9 37 160 M M 0 8 45 180
8 52 32 42 -2 23 0 0.00 M M 21.9 41 250 M M 6 8 53 290
9 55 25 40 -4 25 0 0.00 M M 10.0 18 280 M M 0 24 290
10 68 32 50 6 15 0 0.00 M M 11.8 29 270 M M 0 38 260
11 70 34 52 8 13 0 T M M 17.5 48 280 M M 2 8 69 270
12 60 31 46 2 19 0 0.00 M M 12.0 30 280 M M 0 42 290
13 69 28 49 5 16 0 0.00 M M 12.2 26 250 M M 0 8 41 60
14 36 17 27 -17 38 0 0.00 M M 10.7 18 50 M M 0 23 60
15 43 12 28 -16 37 0 0.00 M M 10.3 28 60 M M 0 36 60
16 32 12 22 -23 43 0 0.00 M M 5.6 21 60 M M 0 25 70
17 63 15 39 -6 26 0 0.00 M M 6.5 15 180 M M 0 20 150
18 78 36 57 12 8 0 0.00 M M 9.3 21 270 M M 0 26 280
19 48 26 37 -8 28 0 0.00 M M 11.4 33 30 M M 0 8 41 30
20 41 21 31 -14 34 0 0.00 M M 9.4 18 130 M M 0 23 130
21 47 33 40 -5 25 0 0.00 M M 10.8 22 120 M M 4 26 120
22 66 34 50 5 15 0 0.04 M M 4.4 17 100 M M 6 128 22 110
23 65 45 55 10 10 0 0.26 M M 5.8 30 260 M M 7 37 270
24 62 42 52 6 13 0 T M M 7.2 20 270 M M 4 12 28 280
25 65 36 51 5 14 0 0.00 M M 7.9 23 230 M M 0 29 260
26 64 45 55 9 10 0 T M M 9.7 25 320 M M 4 33 330
27 62 38 50 4 15 0 0.00 M M 7.4 18 350 M M 2 23 350
28 64 32 48 2 17 0 0.00 M M 5.9 13 130 M M 0 17 130
29 68 33 51 5 14 0 0.00 M M 5.2 12 120 M M 0 15 120
30 70 37 54 7 11 0 0.00 M M 5.9 10 110 M M 0 13 120
31 69 44 57 10 8 0 T M M 9.2 21 150 M M 1 28 160
================================================================================
SM 1809 959 625 0 0.34 M 295.5 M 48
================================================================================
AV 58.4 30.9 9.5 FASTST M M 2 MAX(MPH)
MISC ----> 48 280 69 270
================================================================================
NOTES:
# LAST OF SEVERAL OCCURRENCES
COLUMN 17 PEAK WIND IN M.P.H.
PRELIMINARY LOCAL CLIMATOLOGICAL DATA (WS FORM: F-6) , PAGE 2
STATION: WINK
MONTH: JANUARY
YEAR: 2024
LATITUDE: 31 46 N
LONGITUDE: 103 12 W
[TEMPERATURE DATA] [PRECIPITATION DATA] SYMBOLS USED IN COLUMN 16
AVERAGE MONTHLY: 44.6 TOTAL FOR MONTH: 0.34 1 = FOG OR MIST
DPTR FM NORMAL: -0.2 DPTR FM NORMAL: -0.15 2 = FOG REDUCING VISIBILITY
HIGHEST: 78 ON 18 GRTST 24HR 0.26 ON 23-23 TO 1/4 MILE OR LESS
LOWEST: 12 ON 16,15 3 = THUNDER
SNOW, ICE PELLETS, HAIL 4 = ICE PELLETS
TOTAL MONTH: M 5 = HAIL
GRTST 24HR M ON M 6 = FREEZING RAIN OR DRIZZLE
GRTST DEPTH: M ON M 7 = DUSTSTORM OR SANDSTORM:
VSBY 1/2 MILE OR LESS
8 = SMOKE OR HAZE
[NO. OF DAYS WITH] [WEATHER - DAYS WITH] 9 = BLOWING SNOW
X = TORNADO
MAX 32 OR BELOW: 1 0.01 INCH OR MORE: 3
MAX 90 OR ABOVE: 0 0.10 INCH OR MORE: 1
MIN 32 OR BELOW: 16 0.50 INCH OR MORE: 0
MIN 0 OR BELOW: 0 1.00 INCH OR MORE: 0
[HDD (BASE 65) ]
TOTAL THIS MO. 625 CLEAR (SCALE 0-3) 23
DPTR FM NORMAL -1 PTCLDY (SCALE 4-7) 8
TOTAL FM JUL 1 1427 CLOUDY (SCALE 8-10) 0
DPTR FM NORMAL -255
[CDD (BASE 65) ]
TOTAL THIS MO. 0
DPTR FM NORMAL 0 [PRESSURE DATA]
TOTAL FM JAN 1 0 HIGHEST SLP 30.55 ON 19
DPTR FM NORMAL 0 LOWEST SLP 29.41 ON 11
[REMARKS]
#FINAL-01-24#