000
CXUS53 KDLH 022031
CLMINL
CLIMATE REPORT
NATIONAL WEATHER SERVICE DULUTH MN
331 PM CDT WED AUG 02 2023
...................................
...THE INTERNATIONAL FALLS CLIMATE SUMMARY FOR THE MONTH OF JULY 2023...
CLIMATE NORMAL PERIOD: 1991 TO 2020
CLIMATE RECORD PERIOD: 1895 TO 2023
WEATHER OBSERVED NORMAL DEPART LAST YEAR`S
VALUE DATE(S) VALUE FROM VALUE DATE(S)
NORMAL
................................................................
TEMPERATURE (F)
RECORD
HIGH 103 07/22/1923
LOW 32 07/11/1911
HIGHEST 89 07/26 MM MM 88 07/17
LOWEST 37 07/06 MM MM 41 07/02
07/03
AVG. MAXIMUM 75.7 77.7 -2.0 76.7
AVG. MINIMUM 51.2 52.0 -0.8 54.2
MEAN 63.4 64.9 -1.5 65.5
DAYS MAX >= 90 0 1.0 -1.0 0
DAYS MAX <= 32 0 0.0 0.0 0
DAYS MIN <= 32 0 0.0 0.0 0
DAYS MIN <= 0 0 0.0 0.0 0
PRECIPITATION (INCHES)
RECORD
MAXIMUM 9.52 1966
MINIMUM 1.00 1941
TOTALS 2.75 3.97 -1.22 4.73
DAILY AVG. 0.09 0.13 -0.04 0.15
DAYS >= .01 9 12.5 -3.5 16
DAYS >= .10 7 6.8 0.2 9
DAYS >= .50 2 2.3 -0.3 4
DAYS >= 1.00 1 0.9 0.1 1
GREATEST
24 HR. TOTAL 1.10 07/19 TO 07/19
SNOWFALL (INCHES)
RECORDS
TOTAL T 2019
TOTALS 0.0 0.0 0.0 0.0
SINCE 7/1 0.0 0.0 0.0 MM
SNOWDEPTH AVG. 0 0
DAYS >= 1.0 0 0.0 0.0 0
GREATEST
SNOW DEPTH 0 0 MM
24 HR TOTAL MM
DEGREE DAYS
HEATING TOTAL 73 75 -2 48
SINCE 7/1 73 70 3 MM
COOLING TOTAL 35 70 -35 70
SINCE 1/1 149 113 36 MM
................................................................
WIND (MPH)
AVERAGE WIND SPEED 4.6
HIGHEST WIND SPEED/DIRECTION 25/320 DATE 07/16
HIGHEST GUST SPEED/DIRECTION 33/310 DATE 07/16
SKY COVER
POSSIBLE SUNSHINE (PERCENT) MM
AVERAGE SKY COVER 0.34
NUMBER OF DAYS FAIR 20
NUMBER OF DAYS PC 7
NUMBER OF DAYS CLOUDY 4
AVERAGE RH (PERCENT) 71
WEATHER CONDITIONS. NUMBER OF DAYS WITH
THUNDERSTORM 8 MIXED PRECIP 0
HEAVY RAIN 5 RAIN 6
LIGHT RAIN 12 FREEZING RAIN 0
LT FREEZING RAIN 0 HAIL 0
HEAVY SNOW 0 SNOW 0
LIGHT SNOW 0 SLEET 0
FOG 17 FOG W/VIS <= 1/4 MILE 2
HAZE 6
- INDICATES NEGATIVE NUMBERS.
R INDICATES RECORD WAS SET OR TIED.
MM INDICATES DATA IS MISSING.
T INDICATES TRACE AMOUNT.
$$
NOTE: A DATA OUTAGE AT THE INTERNATIONAL FALLS, MN ASOS RESULTED IN MISSING DATA FROM 7/9 THROUGH 7/11, SO TEMPERATURE AVERAGES AND PRECIPITATION TOTALS DO NOT INCLUDE THE MISSING DAYS.