000
CXUS56 KFGZ 010910
CF6INW
PRELIMINARY LOCAL CLIMATOLOGICAL DATA (WS FORM: F-6)
STATION: WINSLOW AZ AIRPORT
MONTH: OCTOBER
YEAR: 2021
LATITUDE: 35 1 N
LONGITUDE: 110 44 W
TEMPERATURE IN F: :PCPN: SNOW: WIND :SUNSHINE: SKY :PK WND
================================================================================
1 2 3 4 5 6A 6B 7 8 9 10 11 12 13 14 15 16 17 18
12Z AVG MX 2MIN
DY MAX MIN AVG DEP HDD CDD WTR SNW DPTH SPD SPD DIR MIN PSBL S-S WX SPD DR
================================================================================
1 70 41 56 -8 9 0 0.00 M M 3.2 13 40 M M 0 16 40
2 75 42 59 -4 6 0 0.00 M M 2.7 10 80 M M 0 13 120
3 79 45 62 -1 3 0 0.00 M M 2.9 13 20 M M 0 15 20
4 83 45 64 2 1 0 0.00 M M 5.3 21 140 M M 0 25 130
5 64 51 58 -4 7 0 1.14 M M 5.7 21 280 M M 8 13 27 280
6 74 46 60 -1 5 0 0.00 M M 2.3 10 240 M M 4 12 12 240
7 80 52 66 5 0 1 0.00 M M 6.7 21 260 M M 0 24 250
8 78 53 66 6 0 1 0.00 M M 9.3 24 240 M M 1 29 230
9 75 51 63 3 2 0 0.00 M M 8.5 20 340 M M 1 26 250
10 67 45 56 -4 9 0 0.00 M M 8.3 18 340 M M 1 24 350
11 72 40 56 -3 9 0 0.00 M M 15.0 43 210 M M 1 8 58 210
12 58 36 47 -12 18 0 0.06 M M 17.5 40 220 M M 4 1 50 220
13 59 29 44 -14 21 0 0.00 M M 2.8 10 30 M M 0 14 30
14 65 32 49 -9 16 0 0.00 M M 5.4 14 320 M M 0 17 320
15 61 32 47 -10 18 0 0.00 M M 5.6 12 20 M M 0 16 30
16 67 29 48 -9 17 0 0.00 M M 3.5 10 290 M M 0 8 13 330
17 78 34 56 -1 9 0 0.00 M M 6.8 22 240 M M 0 28 200
18 70 40 55 -1 10 0 0.00 M M 13.7 35 210 M M 1 40 220
19 67 39 53 -3 12 0 0.00 M M 5.7 23 250 M M 1 27 240
20 72 33 53 -2 12 0 0.00 M M 3.6 10 360 M M 0 12 360
21 73 33 53 -2 12 0 0.00 M M 3.0 9 250 M M 0 13 20
22 79 37 58 3 7 0 0.00 M M 6.8 18 240 M M 0 24 240
23 72 41 57 3 8 0 0.00 M M 10.5 26 250 M M 0 36 250
24 76 44 60 6 5 0 0.00 M M 7.4 22 260 M M 0 28 270
25 79 42 61 8 4 0 0.00 M M 11.7 29 230 M M 0 37 220
26 61 39 50 -3 15 0 0.01 M M 16.7 31 320 M M 1 40 220
27 61 29 45 -8 20 0 0.00 M M 6.5 13 350 M M 0 18 350
28 67 30 49 -3 16 0 0.00 M M 4.8 14 320 M M 0 16 350
29 70 34 52 0 13 0 0.00 M M 3.4 9 270 M M 0 10 340
30 78 33 56 5 9 0 0.00 M M 4.9 12 140 M M 0 15 130
31 75 41 58 7 7 0 0.00 M M 9.0 22 280 M M 0 29 270
================================================================================
SM 2205 1218 300 2 1.21 M 219.2 M 23
================================================================================
AV 71.1 39.3 7.1 FASTST M M 1 MAX(MPH)
MISC ----> 43 210 58 210
================================================================================
NOTES:
# LAST OF SEVERAL OCCURRENCES
COLUMN 17 PEAK WIND IN M.P.H.
PRELIMINARY LOCAL CLIMATOLOGICAL DATA (WS FORM: F-6) , PAGE 2
STATION: WINSLOW AZ AIRPORT
MONTH: OCTOBER
YEAR: 2021
LATITUDE: 35 1 N
LONGITUDE: 110 44 W
[TEMPERATURE DATA] [PRECIPITATION DATA] SYMBOLS USED IN COLUMN 16
AVERAGE MONTHLY: 55.2 TOTAL FOR MONTH: 1.21 1 = FOG OR MIST
DPTR FM NORMAL: -1.9 DPTR FM NORMAL: 0.70 2 = FOG REDUCING VISIBILITY
HIGHEST: 83 ON 4 GRTST 24HR 1.14 ON 5- 5 TO 1/4 MILE OR LESS
LOWEST: 29 ON 27,16 3 = THUNDER
SNOW, ICE PELLETS, HAIL 4 = ICE PELLETS
TOTAL MONTH: M 5 = HAIL
GRTST 24HR M ON M 6 = FREEZING RAIN OR DRIZZLE
GRTST DEPTH: M ON M 7 = DUSTSTORM OR SANDSTORM:
VSBY 1/2 MILE OR LESS
8 = SMOKE OR HAZE
[NO. OF DAYS WITH] [WEATHER - DAYS WITH] 9 = BLOWING SNOW
X = TORNADO
MAX 32 OR BELOW: 0 0.01 INCH OR MORE: 3
MAX 90 OR ABOVE: 0 0.10 INCH OR MORE: 1
MIN 32 OR BELOW: 6 0.50 INCH OR MORE: 1
MIN 0 OR BELOW: 0 1.00 INCH OR MORE: 1
[HDD (BASE 65) ]
TOTAL THIS MO. 300 CLEAR (SCALE 0-3) 28
DPTR FM NORMAL 46 PTCLDY (SCALE 4-7) 3
TOTAL FM JUL 1 319 CLOUDY (SCALE 8-10) 0
DPTR FM NORMAL 40
[CDD (BASE 65) ]
TOTAL THIS MO. 2
DPTR FM NORMAL -8 [PRESSURE DATA]
TOTAL FM JAN 1 1637 HIGHEST SLP M ON M
DPTR FM NORMAL 308 LOWEST SLP 29.32 ON 12
[REMARKS]
#FINAL-10-21#